{"id":100055,"date":"2025-09-17T12:03:58","date_gmt":"2025-09-17T10:03:58","guid":{"rendered":"https:\/\/galicianparts.com\/shop\/producto\/9948662-kit-pinon-motor-arranque-fiat-panda-punto-seicento-lancia-ypsilon-original\/"},"modified":"2025-09-17T13:04:10","modified_gmt":"2025-09-17T11:04:10","slug":"9948662-kit-pinon-motor-arranque-fiat-panda-punto-seicento-lancia-ypsilon-original","status":"publish","type":"product","link":"https:\/\/galicianparts.com\/shop\/producto\/9948662-kit-pinon-motor-arranque-fiat-panda-punto-seicento-lancia-ypsilon-original\/","title":{"rendered":"9948662  Kit pi\u00f1\u00f3n motor arranque Fiat Panda \/Punto \/Seicento \/Lancia Ypsilon ORIGINAL"},"content":{"rendered":"<p>Juego, set del engranaje del motor de arranque MAGNETI MARELLI de:<br \/>\nN\u00famero de dientes: 8<br \/>\nDi\u00e1metro interior: 11.5mm<br \/>\nDi\u00e1metro pi\u00f1\u00f3n: 23.5mm<br \/>\nDi\u00e1metro total: 45mm<br \/>\nLargo: 64mm<\/p>\n<p>FIAT &#8211; 1M BRAVA G.98 (1998-2001) 1.2 16V CF2 \/ 1.2 16V CF3<br \/>\nFIAT &#8211; 1L BRAVO G.98 (1998-2001) 1.2 16V CF2 \/ 1.2 16V CF3<br \/>\nFIAT &#8211; 2S IDEA (2003-2008)  1200\u00a016V\u00a0MPI\u00a0CF4\u00a080CV\/59KW<br \/>\nFIAT &#8211; 4D IDEA (2008-2012) 1100-1199 CC Y SIN ADAPTACI\u00d3N PARA PA\u00cdSES FR\u00cdOS<br \/>\nFIAT &#8211; 1Q MAREA BZ GAMMA&#8217;99 (1999-2002) 1200 16V<br \/>\nFIAT &#8211; 2Q NUOVA PANDA (2003-2009) 1.1 8V<br \/>\nFIAT &#8211; 2Q NUOVA PANDA (2003-2009) 1.2 8V \/ 1.1 8V \/ (AIRE ACONDICIONADO \/ CLIMATIZADOR\u00a0AUTOM\u00c1TICO)<br \/>\nFIAT &#8211; 1X PALIO 2V EXTRA EUROPA (1997-2002) 1242 MPI 8V CF2 \/ 1242 MPI CF3<br \/>\nFIAT &#8211; 1X PALIO 2V EXTRA EUROPA (1997-2002) 1242 MPI 8V EM.04 \/ (ED 3P MY 2002 (ZA) \/ EL 3P MY 2002 (ZA) \/ ED 5P MY 2002 (ZA) \/ EL 5P MY 2002 (ZA))<br \/>\nFIAT &#8211; 1X PALIO 2V EXTRA EUROPA (1997-2002) 1242 MPI EM.04<br \/>\nFIAT &#8211; 2H PALIO 2V EXTRA EUROPA REST. 2002 (2002-2011) 1000\u00a08V<br \/>\nFIAT &#8211; 2H PALIO 2V EXTRA EUROPA REST. 2002 (2002-2011) 1242 MPI 8V CF2 87RON<br \/>\nFIAT &#8211; 2H PALIO 2V EXTRA EUROPA REST. 2002 (2002-2011) 1242\u00a08V\u00a0MPI\u00a0EM.\u00a004<br \/>\nFIAT &#8211; 2G PALIO WE EUROPA REST. (2002-2004) 1242 MPI 8V CF3 \/ 1242\u00a016V\u00a0CF3<br \/>\nFIAT &#8211; 1Y PALIO WE EXTRA EUROPA (1997-2002) 1242 MPI 8V CF2 87RON \/ 1242 MPI 8V CF2 \/ \u00abS\u00bb(TR)<br \/>\nFIAT &#8211; PY PALIO\/WEEKEND EUROPA (1997-2002) 1242 SW CF2<br \/>\nFIAT &#8211; PY PALIO\/WEEKEND EUROPA (1997-2002) 1.2 SW CF3 \/ 1242 BN CF3<br \/>\nFIAT &#8211; 1S PANDA 4X2 MAQ 91 (1991-2003) 1100 MPI CF3<br \/>\nFIAT &#8211; 1T PANDA 4X4 MAQ 91 (1991-2003)<br \/>\nFIAT &#8211; 1N PUNTO BZ (1999-2003) 1.2\u00a08V\u00a0CF3 \/ 1242 8V CF3 BZ\/MET<br \/>\nFIAT &#8211; 1N PUNTO BZ (1999-2003) 1.2 8V CF2 \/ GUARDIA CIVIL \/ 1.2 8V CF2 \/ POLICIA FISCAL<br \/>\nFIAT &#8211; 1N PUNTO BZ (1999-2003) 1.2\u00a08V\u00a0CF3 \/ GUARDIA CIVIL \/ 1.2\u00a08V\u00a0CF3 \/ POLICIA FISCAL<br \/>\nFIAT &#8211; 1N PUNTO BZ (1999-2003) 1.2 8V CF2 \/ 1.2 8V CF3 (OPT.229)<br \/>\nFIAT &#8211; 1N PUNTO BZ (1999-2003) 1.2 16V CF2<br \/>\nFIAT &#8211; 1N PUNTO BZ (1999-2003) 1.2 16V CF3<br \/>\nFIAT &#8211; 2U PUNTO FL.&#8217;03 (2003-2010) 1242 8V \/ 1.2\u00a08V\u00a0(OPC.229) \/ 1242 8V CF3 GASOLINA\/METANO<br \/>\nFIAT &#8211; 2U PUNTO FL.&#8217;03 (2003-2010) 1242\u00a016V\u00a0CF3<br \/>\nFIAT &#8211; 1E SEICENTO (1998-2010) 1108 MPI \/ AIRE ACONDICIONADO \/ CAMBIO ESPECIF. (OPT. 157)<br \/>\nFIAT &#8211; 1E SEICENTO (1998-2010) 1108 MPI \/ AIRE ACONDICIONADO<br \/>\nFIAT &#8211; 1E SEICENTO (1998-2010) 1108 MPI<br \/>\nFIAT &#8211; 1E SEICENTO (1998-2010) 1108 MPI \/ CAMBIO ESPECIF. (OPT. 157)<br \/>\nFIAT &#8211; 2A SIENA EXTRA EUROPA (1997-2002) 1242 MPI CF2 87RON<br \/>\nFIAT &#8211; 2A SIENA EXTRA EUROPA (1997-2002) 1242 MPI CF2 \/ S (TR) \/ 1242 MPI CF3 \/ 1242 MPI EM.04 \/ EL-IBRIDA (ZA)<br \/>\nFIAT &#8211; 2A SIENA EXTRA EUROPA (1997-2002) 1242 MPI EM.04 \/ (EL (VN) \/ ED GAMMA 2002 (VN) \/ HL GAMMA 2002 (VN))<br \/>\nFIAT &#8211; 2L SIENA EXTRA EUROPA REST.(2002-2012) 1242 MPI 8V CF3 \/ 1242\u00a08V\u00a0MPI\u00a0EM.\u00a004 \/ 1242\u00a016V\u00a0CF3 \/ 1242\u00a016V\u00a0USA83 \/ 1400\u00a08V\u00a080CV\/59KW \/ 1461 MPI CF2 \/ 1596 16V CF3 \/ 1580\u00a016V\u00a0MPI\u00a0EM\u00a004<br \/>\nFIAT &#8211; 2L SIENA EXTRA EUROPA REST.(2002-2012) 1242 MPI 8V CF2 87 RON<br \/>\nFIAT &#8211; 1D UNO MONDO (1995-2010) 1000 CARB. \/ CHINA \/ 1000 USA 83 \/ 1000 CF2 \/ 1242 SPI CF2<br \/>\nFIAT &#8211; 1D UNO MONDO (1995-2010) 1100 CARB.<br \/>\nFIAT &#8211; 1D UNO MONDO (1995-2010) 1242\u00a08V\u00a0MPI\u00a0CF3<br \/>\nLANCIA &#8211; SU Y (1995-2000) 1242 MPI 16V CF2<br \/>\nLANCIA &#8211; TA Y FL.2000 (2000-2003) 1.2 8V<br \/>\nLANCIA &#8211; TA Y FL.2000 (2000-2003) 1.2 16V<br \/>\nLANCIA &#8211; TE YPSILON (2003-2009) 1200 8V MPI CF4 60CV\/44KW \/ 1200\u00a016V\u00a0MPI\u00a0CF4\u00a080CV\/59KW<br \/>\nLANCIA &#8211; TI YPSILON (2009-2011) (1242\u00a0-1248\u00a0CC) \/ LIM.CEE FASE 4 \/ 16 V\u00c1LVULAS \/ 8 V\u00c1LVULAS<br \/>\nFIAT PROFESSIONAL &#8211; 1W DOBLO (2000-2004) 1242 MPI 8V CF3<br \/>\nFIAT PROFESSIONAL &#8211; 2W DOBLO MY. 2004 (2004-2005) 1.2\u00a08V\u00a0CF3<\/p>\n<p>LA PIEZA ES NUEVA Y ORIGINAL.<\/p>\n","protected":false},"excerpt":{"rendered":"<p>Juego, set del engranaje del motor de arranque MAGNETI MARELLI de: N\u00famero de dientes: 8 Di\u00e1metro interior: 11.5mm Di\u00e1metro pi\u00f1\u00f3n: 23.5mm Di\u00e1metro total: 45mm Largo: 64mm FIAT &#8211; 1M BRAVA G.98 (1998-2001) 1.2 16V CF2 \/ 1.2 16V CF3 FIAT &#8211; 1L BRAVO G.98 (1998-2001) 1.2 16V CF2 \/ 1.2 16V CF3 FIAT &#8211; 2S [&hellip;]<\/p>\n","protected":false},"featured_media":100059,"template":"","meta":{"_seopress_robots_primary_cat":"","_seopress_titles_title":"","_seopress_titles_desc":"","_seopress_robots_index":""},"product_cat":[81,82,87,20,93,21,95,98,99,101,106,107,114,127],"product_tag":[],"class_list":{"0":"post-100055","1":"product","2":"type-product","3":"status-publish","4":"has-post-thumbnail","6":"product_cat-recambios-fiat-brava","7":"product_cat-recambios-fiat-bravo","8":"product_cat-recambios-fiat-doblo","9":"product_cat-recambios-fiat","10":"product_cat-recambios-fiat-idea","11":"product_cat-recambios-lancia","12":"product_cat-recambios-fiat-marea","13":"product_cat-recambios-fiat-palio","14":"product_cat-recambios-fiat-panda","15":"product_cat-recambios-fiat-punto","16":"product_cat-recambios-fiat-seicento","17":"product_cat-recambios-fiat-siena","18":"product_cat-recambios-fiat-uno","19":"product_cat-recambios-lancia-ypsilon","21":"first","22":"instock","23":"taxable","24":"shipping-taxable","25":"purchasable","26":"product-type-simple"},"_links":{"self":[{"href":"https:\/\/galicianparts.com\/shop\/wp-json\/wp\/v2\/product\/100055"}],"collection":[{"href":"https:\/\/galicianparts.com\/shop\/wp-json\/wp\/v2\/product"}],"about":[{"href":"https:\/\/galicianparts.com\/shop\/wp-json\/wp\/v2\/types\/product"}],"wp:featuredmedia":[{"embeddable":true,"href":"https:\/\/galicianparts.com\/shop\/wp-json\/wp\/v2\/media\/100059"}],"wp:attachment":[{"href":"https:\/\/galicianparts.com\/shop\/wp-json\/wp\/v2\/media?parent=100055"}],"wp:term":[{"taxonomy":"product_cat","embeddable":true,"href":"https:\/\/galicianparts.com\/shop\/wp-json\/wp\/v2\/product_cat?post=100055"},{"taxonomy":"product_tag","embeddable":true,"href":"https:\/\/galicianparts.com\/shop\/wp-json\/wp\/v2\/product_tag?post=100055"}],"curies":[{"name":"wp","href":"https:\/\/api.w.org\/{rel}","templated":true}]}}