{"id":10385,"date":"2020-12-16T21:49:28","date_gmt":"2020-12-16T19:49:28","guid":{"rendered":"https:\/\/galicianparts.com\/shop\/producto\/4333088-capuchon-palier-lado-cambio-fiat-seat-lancia-autobianchi\/"},"modified":"2025-11-11T12:07:33","modified_gmt":"2025-11-11T10:07:33","slug":"4333088-capuchon-palier-lado-cambio-fiat-seat-lancia-autobianchi","status":"publish","type":"product","link":"https:\/\/galicianparts.com\/shop\/producto\/4333088-capuchon-palier-lado-cambio-fiat-seat-lancia-autobianchi\/","title":{"rendered":"4333088 Capuch\u00f3n palier lado cambio Fiat \/Seat \/Lancia \/Autobianchi NUEVO ORIGINAL"},"content":{"rendered":"<p>5951665 Capuch\u00f3n de palier lado caja de cambios, de di\u00e1metro interior 25mm di\u00e1metro exterior 64mm y longitud 85mm V\u00e1lido para:<br \/>\nABARTH Ritmo (138A_) (A\u00f1o 11.1981 &#8211; 12.1987, 125 &#8211; 130 , Gasolina)<br \/>\nAUTOBIANCHI A 112 Hatchback (A\u00f1o 10.1969 &#8211; 12.1985, 42 &#8211; 58 , Gasolina)<br \/>\nFIAT X1\/9<br \/>\nFIAT 127 Hatchback (127) (A\u00f1o 06.1971 &#8211; 12.1986, 40 &#8211; 75 , Gas\u00f3leo,Gasolina)<br \/>\nFIAT 127 Panorama (127) (A\u00f1o 01.1977 &#8211; 12.1986, 45 &#8211; 50 , Gas\u00f3leo,Gasolina)<br \/>\nFIAT 128 Berlina (128) (A\u00f1o 03.1969 &#8211; 12.1984, 45 &#8211; 67 , Gasolina)<br \/>\nFIAT 128 Coup\u00e9 (128) (A\u00f1o 03.1972 &#8211; 02.1981, 64 &#8211; 75 , Gasolina)<br \/>\nFIAT 128 Familiare (128) (A\u00f1o 10.1969 &#8211; 10.1982, 45 &#8211; 55 , Gasolina)<br \/>\nFIAT Fiorino I Furg\u00f3n (147) (A\u00f1o 01.1980 &#8211; 12.1987, 50 , Gasolina)<br \/>\nFIAT Fiorino Furg\u00f3n (127) (A\u00f1o 10.1977 &#8211; 12.1987, 45 &#8211; 50 , Gasolina)<br \/>\nFIAT Fiorino Pick-up (147) (A\u00f1o 06.1982 &#8211; 12.1988, 45 &#8211; 50 , Gas\u00f3leo,Gasolina)<br \/>\nFIAT Panda I Hatchback (141) (A\u00f1o 10.1980 &#8211; 06.1994, 45 , Gasolina)<br \/>\nFIAT Ritmo I Cabrio (A\u00f1o 10.1985 &#8211; 12.1987, 68 &#8211; 105 , Gasolina)<br \/>\nFIAT Ritmo I Hatchback (138) (A\u00f1o 01.1978 &#8211; 12.1988, 55 &#8211; 105 , Gas\u00f3leo,Gasolina)<br \/>\nSEAT Fura (025A) (A\u00f1o 01.1982 &#8211; 12.1986, 40 &#8211; 45 , Gasolina)<br \/>\nSEAT Ibiza I Hatchback (021A) (A\u00f1o 06.1984 &#8211; 12.1993, 40 &#8211; 85 , Gas\u00f3leo,Gasolina)<br \/>\nSEAT Malaga (023A) (A\u00f1o 05.1985 &#8211; 12.1993, 60 , Gasolina)<br \/>\nSEAT Marbella Hatchback (28) (A\u00f1o 08.1986 &#8211; 11.1996, 34 &#8211; 40 , Gasolina)<br \/>\nSEAT Marbella Furg\u00f3n (028A) (A\u00f1o 01.1987 &#8211; 12.1993, 34 &#8211; 40 , Gasolina)<br \/>\nSEAT Ronda (022A) (A\u00f1o 10.1984 &#8211; 12.1986, 60 , Gasolina)<br \/>\nSEAT Terra<br \/>\nSEAT 127<br \/>\nSEAT 128<br \/>\nSEAT Ritmo<br \/>\nLANCIA Delta I (831) (A\u00f1o 09.1979 &#8211; 08.1992, 75 &#8211; 79 , Gasolina<br \/>\nLANCIA Prisma<\/p>\n<p>LA PIEZA ES NUEVA Y ORIGINAL.<\/p>\n","protected":false},"excerpt":{"rendered":"<p>5951665 Capuch\u00f3n de palier lado caja de cambios, de di\u00e1metro interior 25mm di\u00e1metro exterior 64mm y longitud 85mm V\u00e1lido para: ABARTH Ritmo (138A_) (A\u00f1o 11.1981 &#8211; 12.1987, 125 &#8211; 130 , Gasolina) AUTOBIANCHI A 112 Hatchback (A\u00f1o 10.1969 &#8211; 12.1985, 42 &#8211; 58 , Gasolina) FIAT X1\/9 FIAT 127 Hatchback (127) (A\u00f1o 06.1971 &#8211; 12.1986, [&hellip;]<\/p>\n","protected":false},"featured_media":76316,"template":"","meta":{"_seopress_robots_primary_cat":"","_seopress_titles_title":"","_seopress_titles_desc":"","_seopress_robots_index":""},"product_cat":[68,179,69,234,63,25,118,20,91,208,162,21,164,207,99,123,103,198,165,26,233,206],"product_tag":[],"class_list":{"0":"post-10385","1":"product","2":"type-product","3":"status-publish","4":"has-post-thumbnail","6":"product_cat-recambios-fiat-127","7":"product_cat-recambios-seat-127","8":"product_cat-recambios-fiat-128","9":"product_cat-recambios-seat-128","10":"product_cat-recambios-autobianchi-a112","11":"product_cat-recambios-autobianchi","12":"product_cat-recambios-lancia-delta","13":"product_cat-recambios-fiat","14":"product_cat-recambios-fiat-fiorino","15":"product_cat-recambios-seat-fura","16":"product_cat-recambios-seat-ibiza","17":"product_cat-recambios-lancia","18":"product_cat-recambios-seat-malaga","19":"product_cat-recambios-seat-marbella","20":"product_cat-recambios-fiat-panda","21":"product_cat-recambios-lancia-prisma","22":"product_cat-recambios-fiat-ritmo","23":"product_cat-recambios-seat-ritmo","24":"product_cat-recambios-seat-ronda","25":"product_cat-recambios-seat","26":"product_cat-recambios-seat-terra","27":"product_cat-recambios-fiat-x1-9","29":"first","30":"outofstock","31":"taxable","32":"shipping-taxable","33":"purchasable","34":"product-type-simple"},"_links":{"self":[{"href":"https:\/\/galicianparts.com\/shop\/wp-json\/wp\/v2\/product\/10385"}],"collection":[{"href":"https:\/\/galicianparts.com\/shop\/wp-json\/wp\/v2\/product"}],"about":[{"href":"https:\/\/galicianparts.com\/shop\/wp-json\/wp\/v2\/types\/product"}],"wp:featuredmedia":[{"embeddable":true,"href":"https:\/\/galicianparts.com\/shop\/wp-json\/wp\/v2\/media\/76316"}],"wp:attachment":[{"href":"https:\/\/galicianparts.com\/shop\/wp-json\/wp\/v2\/media?parent=10385"}],"wp:term":[{"taxonomy":"product_cat","embeddable":true,"href":"https:\/\/galicianparts.com\/shop\/wp-json\/wp\/v2\/product_cat?post=10385"},{"taxonomy":"product_tag","embeddable":true,"href":"https:\/\/galicianparts.com\/shop\/wp-json\/wp\/v2\/product_tag?post=10385"}],"curies":[{"name":"wp","href":"https:\/\/api.w.org\/{rel}","templated":true}]}}