{"id":10636,"date":"2020-12-21T22:12:49","date_gmt":"2020-12-21T20:12:49","guid":{"rendered":"https:\/\/galicianparts.com\/shop\/producto\/5951891-filtro-aceite-lancia-beta-delta-y10-fiat-argenta-original\/"},"modified":"2024-09-17T11:38:33","modified_gmt":"2024-09-17T09:38:33","slug":"5951891-filtro-aceite-lancia-beta-delta-y10-fiat-argenta-original","status":"publish","type":"product","link":"https:\/\/galicianparts.com\/shop\/producto\/5951891-filtro-aceite-lancia-beta-delta-y10-fiat-argenta-original\/","title":{"rendered":"5951891 Filtro aceite Lancia Beta \/ Delta \/ Y10 \/ Fiat Argenta ORIGINAL"},"content":{"rendered":"<p>Filtro de aceite de:<br \/>\nAUTOBIANCHI Y10 Turbo (A\u00f1o 03.1985 &#8211; 10.1995, 85 , Gasolina)<br \/>\nFIAT Argenta 2.0 Volumex (132) (A\u00f1o 06.1984 &#8211; 07.1985, 135 , Gasolina)<br \/>\nLANCIA Beta H.P.E. Volumex (828) (A\u00f1o 07.1983 &#8211; 09.1984, 135 , Gasolina)<br \/>\nLANCIA Beta 2.0 Coup\u00e9 (828) (A\u00f1o 07.1983 &#8211; 12.1984, 135 , Gasolina)<br \/>\nLANCIA Delta I 1.6 HF Turbo (831) (A\u00f1o 10.1983 &#8211; 12.1986, 131 , Gasolina)<br \/>\nLANCIA Y10 Turbo (156) (A\u00f1o 03.1985 &#8211; 02.1989, 84 , Gasolina)<\/p>\n<p>LA PIEZA ES NUEVA Y ORIGINAL.<\/p>\n","protected":false},"excerpt":{"rendered":"<p>Filtro de aceite de: AUTOBIANCHI Y10 Turbo (A\u00f1o 03.1985 &#8211; 10.1995, 85 , Gasolina) FIAT Argenta 2.0 Volumex (132) (A\u00f1o 06.1984 &#8211; 07.1985, 135 , Gasolina) LANCIA Beta H.P.E. Volumex (828) (A\u00f1o 07.1983 &#8211; 09.1984, 135 , Gasolina) LANCIA Beta 2.0 Coup\u00e9 (828) (A\u00f1o 07.1983 &#8211; 12.1984, 135 , Gasolina) LANCIA Delta I 1.6 HF [&hellip;]<\/p>\n","protected":false},"featured_media":71981,"template":"","meta":{"_seopress_robots_primary_cat":"","_seopress_titles_title":"","_seopress_titles_desc":"","_seopress_robots_index":""},"product_cat":[79,25,116,118,20,21,126,64],"product_tag":[],"class_list":{"0":"post-10636","1":"product","2":"type-product","3":"status-publish","4":"has-post-thumbnail","6":"product_cat-recambios-fiat-argenta","7":"product_cat-recambios-autobianchi","8":"product_cat-recambios-lancia-beta","9":"product_cat-recambios-lancia-delta","10":"product_cat-recambios-fiat","11":"product_cat-recambios-lancia","12":"product_cat-recambios-lancia-y10","13":"product_cat-recambios-autobianchi-y10","15":"first","16":"outofstock","17":"taxable","18":"shipping-taxable","19":"purchasable","20":"product-type-simple"},"_links":{"self":[{"href":"https:\/\/galicianparts.com\/shop\/wp-json\/wp\/v2\/product\/10636"}],"collection":[{"href":"https:\/\/galicianparts.com\/shop\/wp-json\/wp\/v2\/product"}],"about":[{"href":"https:\/\/galicianparts.com\/shop\/wp-json\/wp\/v2\/types\/product"}],"wp:featuredmedia":[{"embeddable":true,"href":"https:\/\/galicianparts.com\/shop\/wp-json\/wp\/v2\/media\/71981"}],"wp:attachment":[{"href":"https:\/\/galicianparts.com\/shop\/wp-json\/wp\/v2\/media?parent=10636"}],"wp:term":[{"taxonomy":"product_cat","embeddable":true,"href":"https:\/\/galicianparts.com\/shop\/wp-json\/wp\/v2\/product_cat?post=10636"},{"taxonomy":"product_tag","embeddable":true,"href":"https:\/\/galicianparts.com\/shop\/wp-json\/wp\/v2\/product_tag?post=10636"}],"curies":[{"name":"wp","href":"https:\/\/api.w.org\/{rel}","templated":true}]}}