{"id":11402,"date":"2021-01-15T12:58:37","date_gmt":"2021-01-15T10:58:37","guid":{"rendered":"https:\/\/galicianparts.com\/shop\/producto\/4348105-soporte-deposito-liquido-de-frenos-fiat-127-nuevo-original\/"},"modified":"2023-05-05T18:06:07","modified_gmt":"2023-05-05T16:06:07","slug":"4348105-soporte-deposito-liquido-de-frenos-fiat-127-nuevo-original","status":"publish","type":"product","link":"https:\/\/galicianparts.com\/shop\/producto\/4348105-soporte-deposito-liquido-de-frenos-fiat-127-nuevo-original\/","title":{"rendered":"4348105 Soporte dep\u00f3sito l\u00edquido de frenos Fiat 127 NUEVO ORIGINAL"},"content":{"rendered":"<p>Soporte del dep\u00f3sito de l\u00edquido de frenos y de la rueda de repuesto de Fiat 127.<\/p>\n<p>LA PIEZA ES NUEVA Y ORIGINAL.<\/p>\n","protected":false},"excerpt":{"rendered":"<p>Soporte del dep\u00f3sito de l\u00edquido de frenos y de la rueda de repuesto de Fiat 127. LA PIEZA ES NUEVA Y ORIGINAL.<\/p>\n","protected":false},"featured_media":11403,"template":"","meta":{"_seopress_robots_primary_cat":"","_seopress_titles_title":"","_seopress_titles_desc":"","_seopress_robots_index":""},"product_cat":[68,20],"product_tag":[],"class_list":{"0":"post-11402","1":"product","2":"type-product","3":"status-publish","4":"has-post-thumbnail","6":"product_cat-recambios-fiat-127","7":"product_cat-recambios-fiat","9":"first","10":"outofstock","11":"taxable","12":"shipping-taxable","13":"purchasable","14":"product-type-simple"},"_links":{"self":[{"href":"https:\/\/galicianparts.com\/shop\/wp-json\/wp\/v2\/product\/11402"}],"collection":[{"href":"https:\/\/galicianparts.com\/shop\/wp-json\/wp\/v2\/product"}],"about":[{"href":"https:\/\/galicianparts.com\/shop\/wp-json\/wp\/v2\/types\/product"}],"wp:featuredmedia":[{"embeddable":true,"href":"https:\/\/galicianparts.com\/shop\/wp-json\/wp\/v2\/media\/11403"}],"wp:attachment":[{"href":"https:\/\/galicianparts.com\/shop\/wp-json\/wp\/v2\/media?parent=11402"}],"wp:term":[{"taxonomy":"product_cat","embeddable":true,"href":"https:\/\/galicianparts.com\/shop\/wp-json\/wp\/v2\/product_cat?post=11402"},{"taxonomy":"product_tag","embeddable":true,"href":"https:\/\/galicianparts.com\/shop\/wp-json\/wp\/v2\/product_tag?post=11402"}],"curies":[{"name":"wp","href":"https:\/\/api.w.org\/{rel}","templated":true}]}}