{"id":12383,"date":"2021-01-30T12:27:30","date_gmt":"2021-01-30T10:27:30","guid":{"rendered":"https:\/\/galicianparts.com\/shop\/producto\/176417680-interruptor-asiento-electrico-fiat-croma-lancia-thema-nuevo-original\/"},"modified":"2022-01-17T18:38:58","modified_gmt":"2022-01-17T16:38:58","slug":"176417680-interruptor-asiento-electrico-fiat-croma-lancia-thema-nuevo-original","status":"publish","type":"product","link":"https:\/\/galicianparts.com\/shop\/producto\/176417680-interruptor-asiento-electrico-fiat-croma-lancia-thema-nuevo-original\/","title":{"rendered":"176417680 Interruptor asiento el\u00e9ctrico Fiat Croma \/ Lancia Thema NUEVO ORIGINAL"},"content":{"rendered":"<p>Bot\u00f3n de regulaci\u00f3n del respaldo del asiento el\u00e9ctrico de:<br \/>\nFiat Croma<br \/>\nLancia Thema<\/p>\n<p>LA PIEZA ES NUEVA Y ORIGINAL.<\/p>\n","protected":false},"excerpt":{"rendered":"<p>Bot\u00f3n de regulaci\u00f3n del respaldo del asiento el\u00e9ctrico de: Fiat Croma Lancia Thema LA PIEZA ES NUEVA Y ORIGINAL.<\/p>\n","protected":false},"featured_media":12384,"template":"","meta":{"_seopress_robots_primary_cat":"","_seopress_titles_title":"","_seopress_titles_desc":"","_seopress_robots_index":""},"product_cat":[86,20,21,124],"product_tag":[],"class_list":{"0":"post-12383","1":"product","2":"type-product","3":"status-publish","4":"has-post-thumbnail","6":"product_cat-recambios-fiat-croma","7":"product_cat-recambios-fiat","8":"product_cat-recambios-lancia","9":"product_cat-recambios-lancia-thema","11":"first","12":"outofstock","13":"taxable","14":"shipping-taxable","15":"purchasable","16":"product-type-simple"},"_links":{"self":[{"href":"https:\/\/galicianparts.com\/shop\/wp-json\/wp\/v2\/product\/12383"}],"collection":[{"href":"https:\/\/galicianparts.com\/shop\/wp-json\/wp\/v2\/product"}],"about":[{"href":"https:\/\/galicianparts.com\/shop\/wp-json\/wp\/v2\/types\/product"}],"wp:featuredmedia":[{"embeddable":true,"href":"https:\/\/galicianparts.com\/shop\/wp-json\/wp\/v2\/media\/12384"}],"wp:attachment":[{"href":"https:\/\/galicianparts.com\/shop\/wp-json\/wp\/v2\/media?parent=12383"}],"wp:term":[{"taxonomy":"product_cat","embeddable":true,"href":"https:\/\/galicianparts.com\/shop\/wp-json\/wp\/v2\/product_cat?post=12383"},{"taxonomy":"product_tag","embeddable":true,"href":"https:\/\/galicianparts.com\/shop\/wp-json\/wp\/v2\/product_tag?post=12383"}],"curies":[{"name":"wp","href":"https:\/\/api.w.org\/{rel}","templated":true}]}}