{"id":13105,"date":"2021-02-10T11:56:09","date_gmt":"2021-02-10T09:56:09","guid":{"rendered":"https:\/\/galicianparts.com\/shop\/producto\/5880667-juego-juntas-de-la-culata-fiat-131-1300cc-nuevo-original\/"},"modified":"2025-10-21T13:41:04","modified_gmt":"2025-10-21T11:41:04","slug":"5880667-juego-juntas-de-la-culata-fiat-131-1300cc-nuevo-original","status":"publish","type":"product","link":"https:\/\/galicianparts.com\/shop\/producto\/5880667-juego-juntas-de-la-culata-fiat-131-1300cc-nuevo-original\/","title":{"rendered":"5880667 Juego juntas de la culata Fiat 131 1300cc NUEVO ORIGINAL"},"content":{"rendered":"<p>Juego de juntas de la culata de Fiat 131 1300cc que consta de las siguientes juntas:<br \/>\n4121055 (1) conexi\u00f3n carburador<br \/>\n4129819 (1) tubo agua<br \/>\n4129820 (1) tubo agua<br \/>\n4130541 (1) tapa de v\u00e1lvulas<br \/>\n4147260 (1) tubo de escape<br \/>\n4161222 (1) tap\u00f3n llenado de aceite<br \/>\n4165382 (1) bomba de agua<br \/>\n4174355 (8) ret\u00e9n de v\u00e1lvula<br \/>\n4206146 (1) base carburador<br \/>\n4336357 (2) colector de admisi\u00f3n<\/p>\n<p>LA PIEZA ES NUEVA Y ORIGINAL.<\/p>\n","protected":false},"excerpt":{"rendered":"<p>Juego de juntas de la culata de Fiat 131 1300cc que consta de las siguientes juntas: 4121055 (1) conexi\u00f3n carburador 4129819 (1) tubo agua 4129820 (1) tubo agua 4130541 (1) tapa de v\u00e1lvulas 4147260 (1) tubo de escape 4161222 (1) tap\u00f3n llenado de aceite 4165382 (1) bomba de agua 4174355 (8) ret\u00e9n de v\u00e1lvula 4206146 [&hellip;]<\/p>\n","protected":false},"featured_media":13106,"template":"","meta":{"_seopress_robots_primary_cat":"","_seopress_titles_title":"","_seopress_titles_desc":"","_seopress_robots_index":""},"product_cat":[70,20],"product_tag":[],"class_list":{"0":"post-13105","1":"product","2":"type-product","3":"status-publish","4":"has-post-thumbnail","6":"product_cat-recambios-fiat-131","7":"product_cat-recambios-fiat","9":"first","10":"instock","11":"taxable","12":"shipping-taxable","13":"purchasable","14":"product-type-simple"},"_links":{"self":[{"href":"https:\/\/galicianparts.com\/shop\/wp-json\/wp\/v2\/product\/13105"}],"collection":[{"href":"https:\/\/galicianparts.com\/shop\/wp-json\/wp\/v2\/product"}],"about":[{"href":"https:\/\/galicianparts.com\/shop\/wp-json\/wp\/v2\/types\/product"}],"wp:featuredmedia":[{"embeddable":true,"href":"https:\/\/galicianparts.com\/shop\/wp-json\/wp\/v2\/media\/13106"}],"wp:attachment":[{"href":"https:\/\/galicianparts.com\/shop\/wp-json\/wp\/v2\/media?parent=13105"}],"wp:term":[{"taxonomy":"product_cat","embeddable":true,"href":"https:\/\/galicianparts.com\/shop\/wp-json\/wp\/v2\/product_cat?post=13105"},{"taxonomy":"product_tag","embeddable":true,"href":"https:\/\/galicianparts.com\/shop\/wp-json\/wp\/v2\/product_tag?post=13105"}],"curies":[{"name":"wp","href":"https:\/\/api.w.org\/{rel}","templated":true}]}}