{"id":14203,"date":"2021-02-23T10:58:29","date_gmt":"2021-02-23T08:58:29","guid":{"rendered":"https:\/\/galicianparts.com\/shop\/producto\/7542787-capuchon-marron-palanca-cambio-fiat-242-citroen-c35-nuevo-original\/"},"modified":"2026-04-14T15:02:40","modified_gmt":"2026-04-14T13:02:40","slug":"7542787-capuchon-marron-palanca-cambio-fiat-242-citroen-c35-nuevo-original","status":"publish","type":"product","link":"https:\/\/galicianparts.com\/shop\/producto\/7542787-capuchon-marron-palanca-cambio-fiat-242-citroen-c35-nuevo-original\/","title":{"rendered":"7542787 Capuch\u00f3n marr\u00f3n palanca cambio Fiat \/Lancia \/Seat NUEVO ORIGINAL"},"content":{"rendered":"<p>Capuch\u00f3n color marr\u00f3n, fuelle de la palanca de cambios de Fiat, Lancia, Seat cl\u00e1sico.<br \/>\nDi\u00e1metro barra: 17mm<br \/>\nDi\u00e1metro inferior: 98mm<\/p>\n<p>LA PIEZA ES NUEVA Y ORIGINAL.<\/p>\n","protected":false},"excerpt":{"rendered":"<p>Capuch\u00f3n color marr\u00f3n, fuelle de la palanca de cambios de Fiat, Lancia, Seat cl\u00e1sico. Di\u00e1metro barra: 17mm Di\u00e1metro inferior: 98mm LA PIEZA ES NUEVA Y ORIGINAL.<\/p>\n","protected":false},"featured_media":14208,"template":"","meta":{"_seopress_robots_primary_cat":"","_seopress_titles_title":"","_seopress_titles_desc":"","_seopress_robots_index":""},"product_cat":[20,21,26],"product_tag":[],"class_list":{"0":"post-14203","1":"product","2":"type-product","3":"status-publish","4":"has-post-thumbnail","6":"product_cat-recambios-fiat","7":"product_cat-recambios-lancia","8":"product_cat-recambios-seat","10":"first","11":"outofstock","12":"taxable","13":"shipping-taxable","14":"purchasable","15":"product-type-simple"},"_links":{"self":[{"href":"https:\/\/galicianparts.com\/shop\/wp-json\/wp\/v2\/product\/14203"}],"collection":[{"href":"https:\/\/galicianparts.com\/shop\/wp-json\/wp\/v2\/product"}],"about":[{"href":"https:\/\/galicianparts.com\/shop\/wp-json\/wp\/v2\/types\/product"}],"wp:featuredmedia":[{"embeddable":true,"href":"https:\/\/galicianparts.com\/shop\/wp-json\/wp\/v2\/media\/14208"}],"wp:attachment":[{"href":"https:\/\/galicianparts.com\/shop\/wp-json\/wp\/v2\/media?parent=14203"}],"wp:term":[{"taxonomy":"product_cat","embeddable":true,"href":"https:\/\/galicianparts.com\/shop\/wp-json\/wp\/v2\/product_cat?post=14203"},{"taxonomy":"product_tag","embeddable":true,"href":"https:\/\/galicianparts.com\/shop\/wp-json\/wp\/v2\/product_tag?post=14203"}],"curies":[{"name":"wp","href":"https:\/\/api.w.org\/{rel}","templated":true}]}}