{"id":14751,"date":"2021-02-26T18:38:40","date_gmt":"2021-02-26T16:38:40","guid":{"rendered":"https:\/\/galicianparts.com\/shop\/producto\/zbsma16018-kit-filtros-bujias-kia-shuma-1-6-1-8-kia-carens-1-8-nuevo-original\/"},"modified":"2021-02-26T18:44:55","modified_gmt":"2021-02-26T16:44:55","slug":"zbsma16018-kit-filtros-bujias-kia-shuma-1-6-1-8-kia-carens-1-8-nuevo-original","status":"publish","type":"product","link":"https:\/\/galicianparts.com\/shop\/producto\/zbsma16018-kit-filtros-bujias-kia-shuma-1-6-1-8-kia-carens-1-8-nuevo-original\/","title":{"rendered":"ZBSMA16018 Kit filtros \/ buj\u00edas Kia Shuma 1.6 \/ 1.8 \/ Kia Carens 1.8 NUEVO ORIGINAL"},"content":{"rendered":"<p>Set de filtros y buj\u00edas:<br \/>\n263002Y500 Filtro de aceite<br \/>\n0K2AA20490 Filtro de combustible<br \/>\n0K2A513Z40A Filtro de aire<br \/>\n2740018110 Buj\u00edas x4<\/p>\n<p>KIA Carens I (FC) (A\u00f1o 11.2000 &#8211; 07.2002, 110 , Gasolina)<br \/>\n1.8 i, A\u00f1o 11.2000 &#8211; 07.2002, 1793 , 110<br \/>\nKIA Carens II (FJ) (A\u00f1o 07.2002 &#8211; &#8230;, 126 , Gasolina)<br \/>\n1.8, A\u00f1o 07.2002 &#8211; &#8230;, 1793 , 126<br \/>\nKIA Shuma I Hatchback (FB) (A\u00f1o 10.1997 &#8211; 12.2001, 101 &#8211; 110 , Gasolina)<br \/>\n1.6, A\u00f1o 01.2001 &#8211; 12.2001, 1594 , 101<br \/>\n1.8 i 16V, A\u00f1o 10.1997 &#8211; 03.2001, 1793 , 110<br \/>\nKIA Shuma II Hatchback (FB) (A\u00f1o 05.2001 &#8211; 08.2004, 101 &#8211; 114 , Gasolina)<br \/>\n1.6, A\u00f1o 05.2001 &#8211; 08.2004, 1594 , 101<br \/>\n1.8, A\u00f1o 04.2003 &#8211; 08.2004, 1793 , 114<br \/>\nKIA Shuma II Berlina (FB) (A\u00f1o 05.2001 &#8211; 05.2004, 101 , Gasolina)<br \/>\n1.6, A\u00f1o 05.2001 &#8211; 05.2004, 1594 , 101<\/p>\n<p>LA PIEZA ES NUEVA Y ORIGINAL.<\/p>\n","protected":false},"excerpt":{"rendered":"<p>Set de filtros y buj\u00edas: 263002Y500 Filtro de aceite 0K2AA20490 Filtro de combustible 0K2A513Z40A Filtro de aire 2740018110 Buj\u00edas x4 KIA Carens I (FC) (A\u00f1o 11.2000 &#8211; 07.2002, 110 , Gasolina) 1.8 i, A\u00f1o 11.2000 &#8211; 07.2002, 1793 , 110 KIA Carens II (FJ) (A\u00f1o 07.2002 &#8211; &#8230;, 126 , Gasolina) 1.8, A\u00f1o 07.2002 &#8211; [&hellip;]<\/p>\n","protected":false},"featured_media":14752,"template":"","meta":{"_seopress_robots_primary_cat":"","_seopress_titles_title":"","_seopress_titles_desc":"","_seopress_robots_index":""},"product_cat":[22,258],"product_tag":[],"class_list":{"0":"post-14751","1":"product","2":"type-product","3":"status-publish","4":"has-post-thumbnail","6":"product_cat-recambios-kia","7":"product_cat-recambios-kia-shuma","9":"first","10":"instock","11":"taxable","12":"shipping-taxable","13":"purchasable","14":"product-type-simple"},"_links":{"self":[{"href":"https:\/\/galicianparts.com\/shop\/wp-json\/wp\/v2\/product\/14751"}],"collection":[{"href":"https:\/\/galicianparts.com\/shop\/wp-json\/wp\/v2\/product"}],"about":[{"href":"https:\/\/galicianparts.com\/shop\/wp-json\/wp\/v2\/types\/product"}],"wp:featuredmedia":[{"embeddable":true,"href":"https:\/\/galicianparts.com\/shop\/wp-json\/wp\/v2\/media\/14752"}],"wp:attachment":[{"href":"https:\/\/galicianparts.com\/shop\/wp-json\/wp\/v2\/media?parent=14751"}],"wp:term":[{"taxonomy":"product_cat","embeddable":true,"href":"https:\/\/galicianparts.com\/shop\/wp-json\/wp\/v2\/product_cat?post=14751"},{"taxonomy":"product_tag","embeddable":true,"href":"https:\/\/galicianparts.com\/shop\/wp-json\/wp\/v2\/product_tag?post=14751"}],"curies":[{"name":"wp","href":"https:\/\/api.w.org\/{rel}","templated":true}]}}