{"id":15029,"date":"2021-03-02T12:47:17","date_gmt":"2021-03-02T10:47:17","guid":{"rendered":"https:\/\/galicianparts.com\/shop\/producto\/82461890-rele-desaireador-inyeccion-lancia-delta-evoluzione-fiat-alfa-nuevo-original\/"},"modified":"2023-11-18T19:41:38","modified_gmt":"2023-11-18T17:41:38","slug":"82461890-rele-desaireador-inyeccion-lancia-delta-evoluzione-fiat-alfa-nuevo-original","status":"publish","type":"product","link":"https:\/\/galicianparts.com\/shop\/producto\/82461890-rele-desaireador-inyeccion-lancia-delta-evoluzione-fiat-alfa-nuevo-original\/","title":{"rendered":"82461890 Rel\u00e9 desaireador inyecci\u00f3n Lancia Delta Evoluzione \/ Fiat \/ Alfa NUEVO ORIGINAL"},"content":{"rendered":"<p>Rel\u00e9 completo de 35A, multifunci\u00f3n v\u00e1lido para:<br \/>\nFIAT &#8211; 1S PANDA 4X2 MAQ 91 (1991-2003)<br \/>\nFIAT &#8211; LV PANDA 4X2 RL\/86(1985-1991)<br \/>\nFIAT &#8211; 2R PANDA 4X4 R\/86 (1985-1991)<br \/>\nALFA ROMEO &#8211; U5 155 ASPIRATO (1992-1996)<br \/>\nALFA ROMEO &#8211; T3 155 GAMMA 96 BZ (1996-1997)<br \/>\nALFA ROMEO &#8211; U6 155 TURBO BZ-DS (1992-1996)<br \/>\nALFA ROMEO &#8211; R4 164 USA MY.94-95 (1993-1995)<br \/>\nLANCIA &#8211; RY DEDRA BENZINA (1989-1994)<br \/>\nLANCIA &#8211; RJ DEDRA IE.TB.INTEGRALE (1990-1994)<br \/>\nLANCIA &#8211; SA DELTA EVOLUZIONE (1991-1994)<br \/>\nLANCIA &#8211; SG N.DELTA 2.0 -1750 132CV (&#8217;93-&#8217;99)<br \/>\nLANCIA &#8211; SZ THEMA BZ\/DS R.88 (1988-1992)<\/p>\n<p>LA PIEZA ES NUEVA Y ORIGINAL.<\/p>\n","protected":false},"excerpt":{"rendered":"<p>Rel\u00e9 completo de 35A, multifunci\u00f3n v\u00e1lido para: FIAT &#8211; 1S PANDA 4X2 MAQ 91 (1991-2003) FIAT &#8211; LV PANDA 4X2 RL\/86(1985-1991) FIAT &#8211; 2R PANDA 4X4 R\/86 (1985-1991) ALFA ROMEO &#8211; U5 155 ASPIRATO (1992-1996) ALFA ROMEO &#8211; T3 155 GAMMA 96 BZ (1996-1997) ALFA ROMEO &#8211; U6 155 TURBO BZ-DS (1992-1996) ALFA ROMEO &#8211; [&hellip;]<\/p>\n","protected":false},"featured_media":15030,"template":"","meta":{"_seopress_robots_primary_cat":"","_seopress_titles_title":"","_seopress_titles_desc":"","_seopress_robots_index":""},"product_cat":[48,54,16,117,118,20,21,99,124],"product_tag":[],"class_list":{"0":"post-15029","1":"product","2":"type-product","3":"status-publish","4":"has-post-thumbnail","6":"product_cat-recambios-alfa-romeo-155","7":"product_cat-recambios-alfa-romeo-164","8":"product_cat-recambios-alfa-romeo","9":"product_cat-recambios-lancia-dedra","10":"product_cat-recambios-lancia-delta","11":"product_cat-recambios-fiat","12":"product_cat-recambios-lancia","13":"product_cat-recambios-fiat-panda","14":"product_cat-recambios-lancia-thema","16":"first","17":"outofstock","18":"taxable","19":"shipping-taxable","20":"purchasable","21":"product-type-simple"},"_links":{"self":[{"href":"https:\/\/galicianparts.com\/shop\/wp-json\/wp\/v2\/product\/15029"}],"collection":[{"href":"https:\/\/galicianparts.com\/shop\/wp-json\/wp\/v2\/product"}],"about":[{"href":"https:\/\/galicianparts.com\/shop\/wp-json\/wp\/v2\/types\/product"}],"wp:featuredmedia":[{"embeddable":true,"href":"https:\/\/galicianparts.com\/shop\/wp-json\/wp\/v2\/media\/15030"}],"wp:attachment":[{"href":"https:\/\/galicianparts.com\/shop\/wp-json\/wp\/v2\/media?parent=15029"}],"wp:term":[{"taxonomy":"product_cat","embeddable":true,"href":"https:\/\/galicianparts.com\/shop\/wp-json\/wp\/v2\/product_cat?post=15029"},{"taxonomy":"product_tag","embeddable":true,"href":"https:\/\/galicianparts.com\/shop\/wp-json\/wp\/v2\/product_tag?post=15029"}],"curies":[{"name":"wp","href":"https:\/\/api.w.org\/{rel}","templated":true}]}}