{"id":15058,"date":"2021-03-02T13:38:38","date_gmt":"2021-03-02T11:38:38","guid":{"rendered":"https:\/\/galicianparts.com\/shop\/producto\/0k30c13z40a-filtro-aire-kia-rio-1-3-1-5-16v-nuevo-original\/"},"modified":"2022-05-16T12:15:30","modified_gmt":"2022-05-16T10:15:30","slug":"0k30c13z40a-filtro-aire-kia-rio-1-3-1-5-16v-nuevo-original","status":"publish","type":"product","link":"https:\/\/galicianparts.com\/shop\/producto\/0k30c13z40a-filtro-aire-kia-rio-1-3-1-5-16v-nuevo-original\/","title":{"rendered":"0K30C13Z40A Filtro aire Kia Rio 1.3 \/ 1.5 16V NUEVO ORIGINAL"},"content":{"rendered":"<p>Filtro de aire de:<br \/>\nLargo: 265mm<br \/>\nAncho: 145mm<br \/>\nAlto: 40mm<\/p>\n<p>KIA Rio I Familiar (DC) (A\u00f1o 08.2000 &#8211; 02.2005, 75 &#8211; 98 , Gasolina)<br \/>\nKIA Rio I Berlina (DC) (A\u00f1o 09.2000 &#8211; 02.2005, 75 &#8211; 98 , Gasolina)<br \/>\n1.3, A\u00f1o 09.2000 &#8211; 02.2005, 1343 , 75<br \/>\n1.3, A\u00f1o 08.2002 &#8211; 02.2005, 1343 , 82<br \/>\n1.5, A\u00f1o 09.2002 &#8211; 02.2005, 1493 , 95<br \/>\n1.5 16V, A\u00f1o 09.2002 &#8211; 02.2005, 1493 , 97<br \/>\n1.5 16V, A\u00f1o 09.2000 &#8211; 02.2005, 1493 , 98<\/p>\n<p>LA PIEZA ES NUEVA Y ORIGINAL.<\/p>\n","protected":false},"excerpt":{"rendered":"<p>Filtro de aire de: Largo: 265mm Ancho: 145mm Alto: 40mm KIA Rio I Familiar (DC) (A\u00f1o 08.2000 &#8211; 02.2005, 75 &#8211; 98 , Gasolina) KIA Rio I Berlina (DC) (A\u00f1o 09.2000 &#8211; 02.2005, 75 &#8211; 98 , Gasolina) 1.3, A\u00f1o 09.2000 &#8211; 02.2005, 1343 , 75 1.3, A\u00f1o 08.2002 &#8211; 02.2005, 1343 , 82 1.5, [&hellip;]<\/p>\n","protected":false},"featured_media":15059,"template":"","meta":{"_seopress_robots_primary_cat":"","_seopress_titles_title":"","_seopress_titles_desc":"","_seopress_robots_index":""},"product_cat":[22,253],"product_tag":[],"class_list":{"0":"post-15058","1":"product","2":"type-product","3":"status-publish","4":"has-post-thumbnail","6":"product_cat-recambios-kia","7":"product_cat-recambios-kia-rio","9":"first","10":"outofstock","11":"taxable","12":"shipping-taxable","13":"purchasable","14":"product-type-simple"},"_links":{"self":[{"href":"https:\/\/galicianparts.com\/shop\/wp-json\/wp\/v2\/product\/15058"}],"collection":[{"href":"https:\/\/galicianparts.com\/shop\/wp-json\/wp\/v2\/product"}],"about":[{"href":"https:\/\/galicianparts.com\/shop\/wp-json\/wp\/v2\/types\/product"}],"wp:featuredmedia":[{"embeddable":true,"href":"https:\/\/galicianparts.com\/shop\/wp-json\/wp\/v2\/media\/15059"}],"wp:attachment":[{"href":"https:\/\/galicianparts.com\/shop\/wp-json\/wp\/v2\/media?parent=15058"}],"wp:term":[{"taxonomy":"product_cat","embeddable":true,"href":"https:\/\/galicianparts.com\/shop\/wp-json\/wp\/v2\/product_cat?post=15058"},{"taxonomy":"product_tag","embeddable":true,"href":"https:\/\/galicianparts.com\/shop\/wp-json\/wp\/v2\/product_tag?post=15058"}],"curies":[{"name":"wp","href":"https:\/\/api.w.org\/{rel}","templated":true}]}}