{"id":15134,"date":"2021-03-02T15:28:39","date_gmt":"2021-03-02T13:28:39","guid":{"rendered":"https:\/\/galicianparts.com\/shop\/producto\/263002y500-filtro-aceite-kia-nuevo-original\/"},"modified":"2022-11-13T21:30:27","modified_gmt":"2022-11-13T19:30:27","slug":"263002y500-filtro-aceite-kia-nuevo-original","status":"publish","type":"product","link":"https:\/\/galicianparts.com\/shop\/producto\/263002y500-filtro-aceite-kia-nuevo-original\/","title":{"rendered":"263002Y500 Filtro Aceite Kia NUEVO ORIGINAL"},"content":{"rendered":"<p>Filtro de Aceite de:<br \/>\nKIA Avella Berlina (A\u00f1o 11.1995 &#8211; 12.2001, 75 , Gasolina)<br \/>\nKIA Carens I (FC) (A\u00f1o 03.2000 &#8211; 07.2002, 110 &#8211; 126 , Gasolina)<br \/>\nKIA Carens II (FJ) (A\u00f1o 07.2002 &#8211; &#8230;, 105 &#8211; 126 , Gasolina)<br \/>\nKIA Carnival I (UP) (A\u00f1o 08.1999 &#8211; 10.2001, 165 , Gasolina)<br \/>\nKIA Carnival I (GQ) (A\u00f1o 07.2002 &#8211; 04.2006, 194 , Gasolina)<br \/>\nKIA Clarus Berlina (K9A) (A\u00f1o 07.1996 &#8211; 11.2001, 116 &#8211; 133 , Gasolina)<br \/>\nKIA Clarus Familiar (GC) (A\u00f1o 05.1998 &#8211; &#8230;, 116 &#8211; 133 , Gasolina)<br \/>\nKIA Picanto I (SA) (A\u00f1o 04.2004 &#8211; &#8230;, 61 &#8211; 63 , Gasolina)<br \/>\nKIA Picanto II (TA) (A\u00f1o 05.2011 &#8211; &#8230;, 69 &#8211; 82 , Gasolina,Gasolina\/Gas (LPG))<br \/>\nKIA Pride Hatchback (DA) (A\u00f1o 01.1990 &#8211; 09.2001, 52 &#8211; 72 , Gasolina)<br \/>\nKIA Pride Familiar (DA) (A\u00f1o 08.1999 &#8211; 05.2001, 64 , Gasolina)<br \/>\nKIA Pride Van (DA) (A\u00f1o 04.1992 &#8211; 10.1996, 60 , Gasolina)<br \/>\nKIA Retona (CE) (A\u00f1o 06.1999 &#8211; 12.2001, 83 , Gas\u00f3leo)<br \/>\nKIA Rio I Familiar (DC) (A\u00f1o 08.2000 &#8211; 02.2005, 75 &#8211; 98 , Gasolina)<br \/>\nKIA Rio I Berlina (DC) (A\u00f1o 09.2000 &#8211; 02.2005, 75 &#8211; 98 , Gasolina)<br \/>\nKIA Roadster (A\u00f1o 08.1999 &#8211; &#8230;, 136 , Gasolina)<br \/>\nKIA Sephia I Hatchback (FA) (A\u00f1o 01.1995 &#8211; 10.1997, 80 &#8211; 112 , Gasolina)<br \/>\nKIA Sephia I Berlina (FA) (A\u00f1o 09.1993 &#8211; 10.1997, 80 &#8211; 112 , Gasolina)<br \/>\nKIA Shuma I Hatchback (FB) (A\u00f1o 10.1997 &#8211; 12.2001, 88 &#8211; 110 , Gasolina)<br \/>\nKIA Shuma \/ Sephia II Berlina (FB) (A\u00f1o 03.1996 &#8211; 10.2001, 80 &#8211; 88 , Gasolina)<br \/>\nKIA Shuma II Hatchback (FB) (A\u00f1o 05.2001 &#8211; 08.2004, 101 &#8211; 114 , Gasolina)<br \/>\nKIA Shuma II Berlina (FB) (A\u00f1o 05.2001 &#8211; 05.2004, 101 , Gasolina)<\/p>\n<p> LA PIEZA ES NUEVA Y ORIGINAL.<\/p>\n","protected":false},"excerpt":{"rendered":"<p>Filtro de Aceite de: KIA Avella Berlina (A\u00f1o 11.1995 &#8211; 12.2001, 75 , Gasolina) KIA Carens I (FC) (A\u00f1o 03.2000 &#8211; 07.2002, 110 &#8211; 126 , Gasolina) KIA Carens II (FJ) (A\u00f1o 07.2002 &#8211; &#8230;, 105 &#8211; 126 , Gasolina) KIA Carnival I (UP) (A\u00f1o 08.1999 &#8211; 10.2001, 165 , Gasolina) KIA Carnival I (GQ) [&hellip;]<\/p>\n","protected":false},"featured_media":15135,"template":"","meta":{"_seopress_robots_primary_cat":"","_seopress_titles_title":"","_seopress_titles_desc":"","_seopress_robots_index":""},"product_cat":[266,212,254,267,22,60,201,264,253,268,202,258],"product_tag":[],"class_list":{"0":"post-15134","1":"product","2":"type-product","3":"status-publish","4":"has-post-thumbnail","6":"product_cat-recambios-kia-avella","7":"product_cat-recambios-kia-carens","8":"product_cat-recambios-kia-carnival","9":"product_cat-recambios-kia-clarus","10":"product_cat-recambios-kia","11":"product_cat-recambios-kia-picanto","12":"product_cat-recambios-kia-pride","13":"product_cat-recambios-kia-retona","14":"product_cat-recambios-kia-rio","15":"product_cat-recambios-kia-roadster","16":"product_cat-recambios-kia-sephia","17":"product_cat-recambios-kia-shuma","19":"first","20":"outofstock","21":"taxable","22":"shipping-taxable","23":"purchasable","24":"product-type-simple"},"_links":{"self":[{"href":"https:\/\/galicianparts.com\/shop\/wp-json\/wp\/v2\/product\/15134"}],"collection":[{"href":"https:\/\/galicianparts.com\/shop\/wp-json\/wp\/v2\/product"}],"about":[{"href":"https:\/\/galicianparts.com\/shop\/wp-json\/wp\/v2\/types\/product"}],"wp:featuredmedia":[{"embeddable":true,"href":"https:\/\/galicianparts.com\/shop\/wp-json\/wp\/v2\/media\/15135"}],"wp:attachment":[{"href":"https:\/\/galicianparts.com\/shop\/wp-json\/wp\/v2\/media?parent=15134"}],"wp:term":[{"taxonomy":"product_cat","embeddable":true,"href":"https:\/\/galicianparts.com\/shop\/wp-json\/wp\/v2\/product_cat?post=15134"},{"taxonomy":"product_tag","embeddable":true,"href":"https:\/\/galicianparts.com\/shop\/wp-json\/wp\/v2\/product_tag?post=15134"}],"curies":[{"name":"wp","href":"https:\/\/api.w.org\/{rel}","templated":true}]}}