{"id":15758,"date":"2021-03-08T12:13:55","date_gmt":"2021-03-08T10:13:55","guid":{"rendered":"https:\/\/galicianparts.com\/shop\/producto\/2630035501-filtro-aceite-hyundai-kia-original\/"},"modified":"2024-12-10T22:22:43","modified_gmt":"2024-12-10T20:22:43","slug":"2630035501-filtro-aceite-hyundai-kia-original","status":"publish","type":"product","link":"https:\/\/galicianparts.com\/shop\/producto\/2630035501-filtro-aceite-hyundai-kia-original\/","title":{"rendered":"2630035501 Filtro Aceite Hyundai \/ KIA ORIGINAL"},"content":{"rendered":"<p>Filtro de aceite de Altura [mm]:72 Medida de rosca:M 20 x 1,5 Di\u00e1metro [mm]:82 Di\u00e1metro 1 [mm]:57 de:<br \/>\nHYUNDAI Accent I Hatchback (X-3) (A\u00f1o 10.1994 &#8211; 01.2000, 60 &#8211; 99 , Gasolina)<br \/>\nHYUNDAI Accent II Berlina (LC) (A\u00f1o 09.1999 &#8211; 12.2006, 75 &#8211; 105 , Gasolina)<br \/>\nHYUNDAI Accent III Hatchback (MC) (A\u00f1o 11.2005 &#8211; 11.2010, 97 &#8211; 112 , Gasolina)<br \/>\nHYUNDAI Accent III Berlina (MC) (A\u00f1o 11.2005 &#8211; 11.2010, 97 &#8211; 112 , Gasolina)<br \/>\nHYUNDAI Accent IV Hatchback (RB) (A\u00f1o 11.2010 &#8211; &#8230;, 107 &#8211; 122 , Gasolina)<br \/>\nHYUNDAI Accent IV Berlina (RB) (A\u00f1o 11.2010 &#8211; 12.2014, 109 &#8211; 140 , Gasolina)<br \/>\nHYUNDAI Accent I Berlina (X-3) (A\u00f1o 10.1994 &#8211; 01.2000, 60 &#8211; 99 , Gasolina)<br \/>\nHYUNDAI Coupe II (GK) (A\u00f1o 01.2001 &#8211; 08.2009, 105 &#8211; 167 , Gasolina)<br \/>\nHYUNDAI Coupe I (RD) (A\u00f1o 07.1996 &#8211; 04.2002, 114 &#8211; 139 , Gasolina)<br \/>\nHYUNDAI Creta \/ ix25 I SUV (GS) (A\u00f1o 01.2016 &#8211; &#8230;, 123 &#8211; 149 , Gasolina)<br \/>\nHYUNDAI Elantra III Hatchback (XD) (A\u00f1o 06.2000 &#8211; 07.2006, 90 &#8211; 143 , Gasolina)<br \/>\nHYUNDAI Elantra Berlina (AD, ADA) (A\u00f1o 10.2015 &#8211; &#8230;, 128 &#8211; 156 , Gasolina)<br \/>\nHYUNDAI Elantra IV Berlina (HD) (A\u00f1o 06.2006 &#8211; 06.2011, 122 &#8211; 143 , Gasolina)<br \/>\nHYUNDAI Elantra V Berlina (MD) (A\u00f1o 09.2010 &#8211; 04.2016, 130 &#8211; 150 , Gasolina)<br \/>\nHYUNDAI Elantra III Berlina (XD) (A\u00f1o 06.2000 &#8211; 07.2006, 90 &#8211; 143 , Gasolina)<br \/>\nHYUNDAI Equus \/ Centennial (JS) (A\u00f1o 10.1999 &#8211; 03.2009, 211 &#8211; 265 , Gasolina)<br \/>\nHYUNDAI Galloper I (A\u00f1o 08.1991 &#8211; 07.1998, 141 , Gasolina)<br \/>\nHYUNDAI Galloper II (A\u00f1o 08.1998 &#8211; 12.2003, 141 &#8211; 160 , Gasolina)<br \/>\nHYUNDAI Genesis I Coup\u00e9 (BK) (A\u00f1o 01.2008 &#8211; 12.2014, 214 &#8211; 277 , Gasolina)<br \/>\nHYUNDAI Getz (TB) (A\u00f1o 09.2002 &#8211; 12.2010, 82 &#8211; 106 , Gasolina)<br \/>\nHYUNDAI Grandeur (HG) (A\u00f1o 01.2011 &#8211; &#8230;, 201 , Gasolina)<br \/>\nHYUNDAI Grandeur (LX) (A\u00f1o 08.1992 &#8211; 05.1999, 205 , Gasolina)<br \/>\nHYUNDAI H-1 \/ Starex MPV (A1) (A\u00f1o 06.1997 &#8211; 04.2004, 112 &#8211; 137 , Gasolina)<br \/>\nHYUNDAI H-1 Cargo (TQ) (A\u00f1o 01.2010 &#8211; &#8230;, 174 , Gasolina)<br \/>\nHYUNDAI H-1 Furg\u00f3n (A1) (A\u00f1o 03.2000 &#8211; 04.2004, 112 , Gasolina)<br \/>\nHYUNDAI H-1 Travel (TQ) (A\u00f1o 02.2008 &#8211; &#8230;, 137 &#8211; 175 , Gasolina)<br \/>\nHYUNDAI H100 Bus (P) (A\u00f1o 07.1993 &#8211; 03.2000, 114 &#8211; 122 , Gasolina)<br \/>\nHYUNDAI H100 Cami\u00f3n de plataforma\/Chasis (A\u00f1o 05.1996 &#8211; 12.1997, 114 , Gasolina)<br \/>\nHYUNDAI H100 Furg\u00f3n (A\u00f1o 07.1993 &#8211; 12.2004, 111 &#8211; 122 , Gasolina)<br \/>\nHYUNDAI Highway Van (A\u00f1o 03.2000 &#8211; 03.2004, 136 &#8211; 170 , Gasolina)<br \/>\nHYUNDAI i10 III (AC3, AI3) (A\u00f1o 09.2019 &#8211; &#8230;, 84 , Gasolina)<br \/>\nHYUNDAI i20 I Hatchback (PB) (A\u00f1o 09.2008 &#8211; 12.2015, 101 &#8211; 126 , Gasolina)<br \/>\nHYUNDAI i30 I Hatchback (FD) (A\u00f1o 10.2007 &#8211; 11.2011, 105 &#8211; 143 , Gasolina,Gasolina\/Gas (LPG))<br \/>\nHYUNDAI i30 II Hatchback (GD) (A\u00f1o 01.2015 &#8211; &#8230;, 186 , Gasolina)<br \/>\nHYUNDAI i30 II Coup\u00e9 (GD) (A\u00f1o 01.2015 &#8211; &#8230;, 186 , Gasolina)<br \/>\nHYUNDAI i30 I Familiar (FD) (A\u00f1o 10.2007 &#8211; 06.2012, 105 &#8211; 143 , Gasolina,Gasolina\/Gas (LPG))<br \/>\nHYUNDAI i30 III Hatchback (PDE, PD, PDEN) (A\u00f1o 11.2016 &#8211; &#8230;, 140 &#8211; 275 , Gasolina)<br \/>\nHYUNDAI i30 III Fastback (PDE, PDEN) (A\u00f1o 06.2017 &#8211; &#8230;, 140 &#8211; 275 , Gasolina)<br \/>\nHYUNDAI i30 III Familiar (PDE) (A\u00f1o 03.2017 &#8211; &#8230;, 140 , Gasolina)<br \/>\nHYUNDAI Ioniq (AE) (A\u00f1o 03.2016 &#8211; &#8230;, 105 &#8211; 141 , Gasolina\/el\u00e9ctrico)<br \/>\nHYUNDAI ix20 (JC) (A\u00f1o 11.2010 &#8211; &#8230;, 90 &#8211; 125 , Gasolina)<br \/>\nHYUNDAI ix35 (LM, EL, ELH) (A\u00f1o 08.2009 &#8211; 12.2013, 150 &#8211; 177 , Gasolina)<br \/>\nHYUNDAI Kona (OS) (A\u00f1o 06.2017 &#8211; &#8230;, 177 , Gasolina)<br \/>\nHYUNDAI Lantra I Berlina (J-1) (A\u00f1o 10.1990 &#8211; 11.1995, 86 &#8211; 127 , Gasolina)<br \/>\nHYUNDAI Lantra II Berlina (J-2) (A\u00f1o 06.1995 &#8211; 09.2000, 68 &#8211; 139 , Gas\u00f3leo,Gasolina)<br \/>\nHYUNDAI Lantra II Familiar (J-2) (A\u00f1o 11.1995 &#8211; 10.2000, 68 &#8211; 139 , Gas\u00f3leo,Gasolina)<br \/>\nHYUNDAI Matrix (FC) (A\u00f1o 06.2001 &#8211; 08.2010, 90 &#8211; 122 , Gasolina)<br \/>\nHYUNDAI Pony Hatchback (X-2) (A\u00f1o 10.1989 &#8211; 01.1995, 58 &#8211; 84 , Gasolina)<br \/>\nHYUNDAI Pony \/ Excel Berlina (X-2) (A\u00f1o 09.1989 &#8211; 01.1995, 65 &#8211; 84 , Gasolina)<br \/>\nHYUNDAI S-Coup\u00e9 (SLC) (A\u00f1o 02.1990 &#8211; 05.1996, 78 &#8211; 116 , Gasolina)<br \/>\nHYUNDAI Santa Fe I (SM) (A\u00f1o 11.2000 &#8211; 03.2006, 135 &#8211; 200 , Gasolina)<br \/>\nHYUNDAI Santa Fe II (CM) (A\u00f1o 03.2006 &#8211; 12.2012, 170 &#8211; 200 , Gasolina)<br \/>\nHYUNDAI Santamo (A\u00f1o 05.1999 &#8211; 12.2002, 139 , Gasolina)<br \/>\nHYUNDAI Sonata II (Y-2) (A\u00f1o 01.1991 &#8211; 10.1993, 145 , Gasolina)<br \/>\nHYUNDAI Sonata III (Y-3) (A\u00f1o 05.1993 &#8211; 06.1998, 86 &#8211; 146 , Gasolina)<br \/>\nHYUNDAI Sonata IV (EF) (A\u00f1o 03.1998 &#8211; 05.2005, 131 &#8211; 180 , Gasolina)<br \/>\nHYUNDAI Sonata V (NF) (A\u00f1o 01.2005 &#8211; 12.2010, 144 &#8211; 173 , Gasolina)<br \/>\nHYUNDAI Sonata VI (YF) (A\u00f1o 01.2009 &#8211; 12.2015, 150 &#8211; 193 , Gasolina)<br \/>\nHYUNDAI Sonata VII (LF) (A\u00f1o 06.2014 &#8211; &#8230;, 150 &#8211; 178 , Gasolina)<br \/>\nHYUNDAI Terracan (HP) (A\u00f1o 12.2001 &#8211; 12.2006, 194 &#8211; 200 , Gasolina)<br \/>\nHYUNDAI Trajet (FO) (A\u00f1o 03.2000 &#8211; 07.2008, 136 &#8211; 179 , Gasolina)<br \/>\nHYUNDAI Tucson (JM) (A\u00f1o 06.2004 &#8211; 01.2012, 141 &#8211; 175 , Gasolina,Gasolina\/Gas (LPG))<br \/>\nHYUNDAI Tucson (TL, TLE) (A\u00f1o 05.2015 &#8211; &#8230;, 150 &#8211; 178 , Gasolina)<br \/>\nHYUNDAI Veloster (FS) (A\u00f1o 04.2011 &#8211; 12.2017, 132 &#8211; 186 , Gasolina)<br \/>\nHYUNDAI XG (XG) (A\u00f1o 12.1998 &#8211; 12.2005, 163 &#8211; 197 , Gasolina)<br \/>\nKIA Besta Bus (A\u00f1o 07.1992 &#8211; 12.2003, 65 , Gas\u00f3leo)<br \/>\nKIA Besta Furg\u00f3n (A\u00f1o 01.1993 &#8211; 12.2003, 65 &#8211; 70 , Gas\u00f3leo)<br \/>\nKIA Carens II (FJ) (A\u00f1o 08.2004 &#8211; &#8230;, 139 , Gasolina)<br \/>\nKIA Carens III (UN) (A\u00f1o 09.2006 &#8211; 03.2013, 126 &#8211; 144 , Gasolina,Gasolina\/Gas (LPG))<br \/>\nKIA Carnival \/ Grand Carnival II (VQ) (A\u00f1o 06.2006 &#8211; &#8230;, 189 , Gasolina)<br \/>\nKIA Carnival I (GQ) (A\u00f1o 10.2001 &#8211; 06.2006, 150 &#8211; 194 , Gasolina)<br \/>\nKIA cee\u2018d II Hatchback (JD) (A\u00f1o 01.2013 &#8211; &#8230;, 130 &#8211; 204 , Gasolina)<br \/>\nKIA cee\u2018d I Hatchback (ED) (A\u00f1o 12.2006 &#8211; 12.2012, 90 &#8211; 143 , Gasolina)<br \/>\nKIA cee\u2018d I Familiar (ED) (A\u00f1o 09.2007 &#8211; 12.2012, 90 &#8211; 143 , Gasolina,Gasolina\/Gas (LPG))<br \/>\nKIA Ceed III Furg\u00f3n \/ Familiar (CD) (A\u00f1o 04.2018 &#8211; &#8230;, 140 , Gasolina)<br \/>\nKIA Ceed III Furg\u00f3n \/ Hatchback (CD) (A\u00f1o 03.2018 &#8211; &#8230;, 140 &#8211; 204 , Gasolina)<br \/>\nKIA Ceed III Hatchback (CD) (A\u00f1o 03.2018 &#8211; &#8230;, 140 &#8211; 204 , Gasolina)<br \/>\nKIA Ceed III Sportswagon (CD) (A\u00f1o 04.2018 &#8211; &#8230;, 140 , Gasolina)<br \/>\nKIA Cerato Hatchback (LD) (A\u00f1o 04.2004 &#8211; 05.2007, 105 &#8211; 143 , Gasolina)<br \/>\nKIA Cerato Berlina (BD, BDM) (A\u00f1o 02.2018 &#8211; &#8230;, 152 , Gasolina)<br \/>\nKIA Cerato Berlina (TD) (A\u00f1o 01.2009 &#8211; 02.2014, 122 &#8211; 160 , Gasolina)<br \/>\nKIA Cerato Koup (TD) (A\u00f1o 10.2009 &#8211; 06.2013, 124 &#8211; 204 , Gasolina)<br \/>\nKIA Cerato Berlina (LD) (A\u00f1o 04.2004 &#8211; 12.2009, 102 &#8211; 143 , Gasolina)<br \/>\nKIA Cerato Berlina (YD) (A\u00f1o 06.2013 &#8211; &#8230;, 129 &#8211; 160 , Gasolina)<br \/>\nKIA Joice (M300E) (A\u00f1o 02.2000 &#8211; &#8230;, 120 &#8211; 139 , Gasolina)<br \/>\nKIA Magentis I (GD, MS) (A\u00f1o 05.2001 &#8211; 09.2005, 136 &#8211; 169 , Gasolina)<br \/>\nKIA Magentis II (MG) (A\u00f1o 11.2005 &#8211; &#8230;, 144 &#8211; 193 , Gasolina)<br \/>\nKIA Niro (DE) (A\u00f1o 09.2016 &#8211; &#8230;, 105 &#8211; 141 , Gasolina\/el\u00e9ctrico)<br \/>\nKIA Niro Van (DE) (A\u00f1o 09.2016 &#8211; &#8230;, 105 &#8211; 141 , Gasolina\/el\u00e9ctrico)<br \/>\nKIA Opirus (GH) (A\u00f1o 09.2003 &#8211; &#8230;, 203 , Gasolina)<br \/>\nKIA Optima (TF) (A\u00f1o 01.2011 &#8211; 12.2015, 150 &#8211; 190 , Gasolina,Gasolina\/el\u00e9ctrico)<br \/>\nKIA Optima Berlina (JF) (A\u00f1o 09.2015 &#8211; &#8230;, 150 &#8211; 245 , Gasolina,Gasolina\/el\u00e9ctrico)<br \/>\nKIA Optima Sportswagon (JF) (A\u00f1o 09.2016 &#8211; &#8230;, 156 &#8211; 245 , Gasolina,Gasolina\/el\u00e9ctrico)<br \/>\nKIA Pro cee\u2018d I Hatchback (ED) (A\u00f1o 02.2008 &#8211; 02.2013, 90 &#8211; 143 , Gasolina,Gasolina\/Gas (LPG))<br \/>\nKIA Pro cee\u2018d II Hatchback (JD) (A\u00f1o 06.2013 &#8211; &#8230;, 204 , Gasolina)<br \/>\nKIA Proceed (CD) (A\u00f1o 10.2018 &#8211; &#8230;, 140 &#8211; 204 , Gasolina)<br \/>\nKIA Retona (CE) (A\u00f1o 06.1999 &#8211; 12.2001, 83 , Gas\u00f3leo)<br \/>\nKIA Rio II Hatchback (JB) (A\u00f1o 03.2005 &#8211; 12.2011, 75 &#8211; 112 , Gasolina)<br \/>\nKIA Rio II Berlina (JB) (A\u00f1o 03.2005 &#8211; &#8230;, 97 &#8211; 112 , Gasolina)<br \/>\nKIA Rio III Hatchback (UB) (A\u00f1o 09.2011 &#8211; &#8230;, 107 &#8211; 123 , Gasolina)<br \/>\nKIA Rio III Furg\u00f3n \/ Hatchback (UB) (A\u00f1o 04.2015 &#8211; &#8230;, 109 , Gasolina)<br \/>\nKIA Rio III Berlina (UB) (A\u00f1o 06.2011 &#8211; &#8230;, 107 &#8211; 123 , Gasolina)<br \/>\nKIA Rio IV Berlina (SC, FB) (A\u00f1o 07.2017 &#8211; &#8230;, 123 , Gasolina)<br \/>\nKIA Rio IV Hatchback (YB, SC, FB) (A\u00f1o 01.2017 &#8211; &#8230;, 123 , Gasolina)<br \/>\nKIA Sorento I (JC) (A\u00f1o 08.2002 &#8211; 08.2009, 139 &#8211; 195 , Gasolina)<br \/>\nKIA Sorento II (XM) (A\u00f1o 11.2009 &#8211; &#8230;, 174 , Gasolina)<br \/>\nKIA Soul I (AM) (A\u00f1o 02.2009 &#8211; 12.2014, 105 &#8211; 144 , Gasolina,Gasolina\/Gas (LPG))<br \/>\nKIA Soul II (PS) (A\u00f1o 02.2014 &#8211; &#8230;, 124 &#8211; 204 , Gasolina)<br \/>\nKIA Sportage II (JE, KM) (A\u00f1o 09.2004 &#8211; &#8230;, 141 &#8211; 175 , Gasolina)<br \/>\nKIA Sportage I (K00, JA) (A\u00f1o 10.1997 &#8211; 08.2003, 83 &#8211; 118 , Gas\u00f3leo,Gasolina)<br \/>\nKIA Sportage IV (QL, QLE) (A\u00f1o 09.2015 &#8211; &#8230;, 150 &#8211; 184 , Gasolina)<br \/>\nKIA Sportage III (SL) (A\u00f1o 06.2010 &#8211; 12.2015, 150 &#8211; 166 , Gasolina)<br \/>\nKIA Stinger Furg\u00f3n \/ Hatchback (CK) (A\u00f1o 07.2018 &#8211; &#8230;, 245 , Gasolina)<br \/>\nKIA Stinger Hatchback (CK) (A\u00f1o 06.2017 &#8211; &#8230;, 245 &#8211; 256 , Gasolina)<br \/>\nKIA Venga (YN) (A\u00f1o 02.2010 &#8211; &#8230;, 90 &#8211; 125 , Gasolina,Gasolina\/Gas (LPG))<br \/>\nKIA Venga Furg\u00f3n \/ Hatchback (YN) (A\u00f1o 02.2015 &#8211; &#8230;, 90 &#8211; 125 , Gasolina)<br \/>\nKIA XCeed (CD) (A\u00f1o 06.2019 &#8211; &#8230;, 140 &#8211; 204 , Gasolina)<\/p>\n<p> LA PIEZA ES NUEVA Y ORIGINAL.<\/p>\n","protected":false},"excerpt":{"rendered":"<p>Filtro de aceite de Altura [mm]:72 Medida de rosca:M 20 x 1,5 Di\u00e1metro [mm]:82 Di\u00e1metro 1 [mm]:57 de: HYUNDAI Accent I Hatchback (X-3) (A\u00f1o 10.1994 &#8211; 01.2000, 60 &#8211; 99 , Gasolina) HYUNDAI Accent II Berlina (LC) (A\u00f1o 09.1999 &#8211; 12.2006, 75 &#8211; 105 , Gasolina) HYUNDAI Accent III Hatchback (MC) (A\u00f1o 11.2005 &#8211; 11.2010, [&hellip;]<\/p>\n","protected":false},"featured_media":15759,"template":"","meta":{"_seopress_robots_primary_cat":"","_seopress_titles_title":"","_seopress_titles_desc":"","_seopress_robots_index":""},"product_cat":[282,221,212,254,213,257,310,284,285,286,287,317,288,289,290,291,292,271,293,294,295,296,297,298,274,22,299,300,215,301,275,276,277,302,216,253,303,304,305,278,270,217,280,306,307,272,308,190,318,309],"product_tag":[],"class_list":{"0":"post-15758","1":"product","2":"type-product","3":"status-publish","4":"has-post-thumbnail","6":"product_cat-recambios-hyundai-accent","7":"product_cat-recambios-kia-besta","8":"product_cat-recambios-kia-carens","9":"product_cat-recambios-kia-carnival","10":"product_cat-recambios-kia-ceed","11":"product_cat-recambios-kia-cerato","12":"product_cat-recambios-hyundai-coupe","13":"product_cat-recambios-hyundai-creta","14":"product_cat-recambios-hyundai-elantra","15":"product_cat-recambios-hyundai-equus","16":"product_cat-recambios-hyundai-galloper","17":"product_cat-recambios-hyundai-genesis","18":"product_cat-recambios-hyundai-getz","19":"product_cat-recambios-hyundai-grandeur","20":"product_cat-recambios-hyundai-h1","21":"product_cat-recambios-hyundai-h100","22":"product_cat-recambios-hyundai-highway","23":"product_cat-recambios-hyundai","24":"product_cat-recambios-hyundai-i10","25":"product_cat-recambios-hyundai-i20","26":"product_cat-recambios-hyundai-i30","27":"product_cat-recambios-hyundai-ioniq","28":"product_cat-recambios-hyundai-ix20","29":"product_cat-recambios-hyundai-ix35","30":"product_cat-recambios-kia-joice","31":"product_cat-recambios-kia","32":"product_cat-recambios-hyundai-kona","33":"product_cat-recambios-hyundai-lantra","34":"product_cat-recambios-kia-magentis","35":"product_cat-recambios-hyundai-matrix","36":"product_cat-recambios-kia-niro","37":"product_cat-recambios-kia-opirus","38":"product_cat-recambios-kia-optima","39":"product_cat-recambios-hyundai-pony","40":"product_cat-recambios-kia-pro-ceed","41":"product_cat-recambios-kia-rio","42":"product_cat-recambios-hyundai-santa-fe","43":"product_cat-recambios-hyundai-santamo","44":"product_cat-recambios-hyundai-sonata","45":"product_cat-recambios-kia-sorento","46":"product_cat-recambios-kia-soul","47":"product_cat-recambios-kia-sportage","48":"product_cat-recambios-kia-stinger","49":"product_cat-recambios-hyundai-terracan","50":"product_cat-recambios-hyundai-trajet","51":"product_cat-recambios-hyundai-tucson","52":"product_cat-recambios-hyundai-veloster","53":"product_cat-recambios-kia-venga","54":"product_cat-recambios-kia-xceed","55":"product_cat-recambios-hyundai-xg","57":"first","58":"outofstock","59":"taxable","60":"shipping-taxable","61":"purchasable","62":"product-type-simple"},"_links":{"self":[{"href":"https:\/\/galicianparts.com\/shop\/wp-json\/wp\/v2\/product\/15758"}],"collection":[{"href":"https:\/\/galicianparts.com\/shop\/wp-json\/wp\/v2\/product"}],"about":[{"href":"https:\/\/galicianparts.com\/shop\/wp-json\/wp\/v2\/types\/product"}],"wp:featuredmedia":[{"embeddable":true,"href":"https:\/\/galicianparts.com\/shop\/wp-json\/wp\/v2\/media\/15759"}],"wp:attachment":[{"href":"https:\/\/galicianparts.com\/shop\/wp-json\/wp\/v2\/media?parent=15758"}],"wp:term":[{"taxonomy":"product_cat","embeddable":true,"href":"https:\/\/galicianparts.com\/shop\/wp-json\/wp\/v2\/product_cat?post=15758"},{"taxonomy":"product_tag","embeddable":true,"href":"https:\/\/galicianparts.com\/shop\/wp-json\/wp\/v2\/product_tag?post=15758"}],"curies":[{"name":"wp","href":"https:\/\/api.w.org\/{rel}","templated":true}]}}