{"id":15762,"date":"2021-03-08T12:29:25","date_gmt":"2021-03-08T10:29:25","guid":{"rendered":"https:\/\/galicianparts.com\/shop\/producto\/0k55123570a-filtro-combustible-kia-besta-carnival-k2700-pregio-sportage-original\/"},"modified":"2021-03-08T12:30:58","modified_gmt":"2021-03-08T10:30:58","slug":"0k55123570a-filtro-combustible-kia-besta-carnival-k2700-pregio-sportage-original","status":"publish","type":"product","link":"https:\/\/galicianparts.com\/shop\/producto\/0k55123570a-filtro-combustible-kia-besta-carnival-k2700-pregio-sportage-original\/","title":{"rendered":"0K55123570A Filtro combustible KIA Besta \/ Carnival \/ K2700 \/ Pregio \/ Sportage ORIGINAL"},"content":{"rendered":"<p>Filtro de combustible Altura [mm]: 122 Di\u00e1metro [mm]: 79,5, 84 Rosca, salida: M 22 x 1,5 de:<br \/>\nKIA Besta Bus (A\u00f1o 07.1992 &#8211; 12.2003, 65 , Gas\u00f3leo)<br \/>\nKIA Besta Furg\u00f3n (A\u00f1o 01.1993 &#8211; 12.2003, 65 &#8211; 86 , Gas\u00f3leo)<br \/>\nKIA Carnival I (UP) (A\u00f1o 08.1999 &#8211; 10.2001, 126 , Gas\u00f3leo)<br \/>\nKIA Carnival I (GQ) (A\u00f1o 01.1999 &#8211; 09.2007, 126 , Gas\u00f3leo)<br \/>\nKIA K2700 Cami\u00f3n de plataforma\/Chasis (SD) (A\u00f1o 10.1999 &#8211; &#8230;, 80 , Gas\u00f3leo)<br \/>\nKIA Pregio Furg\u00f3n (TB) (A\u00f1o 10.1997 &#8211; &#8230;, 82 , Gas\u00f3leo)<br \/>\nKIA Sportage I (K00, JA) (A\u00f1o 08.1994 &#8211; 04.1999, 71 , Gas\u00f3leo)<br \/>\n LA PIEZA ES NUEVA Y ORIGINAL.<\/p>\n","protected":false},"excerpt":{"rendered":"<p>Filtro de combustible Altura [mm]: 122 Di\u00e1metro [mm]: 79,5, 84 Rosca, salida: M 22 x 1,5 de: KIA Besta Bus (A\u00f1o 07.1992 &#8211; 12.2003, 65 , Gas\u00f3leo) KIA Besta Furg\u00f3n (A\u00f1o 01.1993 &#8211; 12.2003, 65 &#8211; 86 , Gas\u00f3leo) KIA Carnival I (UP) (A\u00f1o 08.1999 &#8211; 10.2001, 126 , Gas\u00f3leo) KIA Carnival I (GQ) (A\u00f1o [&hellip;]<\/p>\n","protected":false},"featured_media":15763,"template":"","meta":{"_seopress_robots_primary_cat":"","_seopress_titles_title":"","_seopress_titles_desc":"","_seopress_robots_index":""},"product_cat":[221,254,255,22,259,217],"product_tag":[],"class_list":{"0":"post-15762","1":"product","2":"type-product","3":"status-publish","4":"has-post-thumbnail","6":"product_cat-recambios-kia-besta","7":"product_cat-recambios-kia-carnival","8":"product_cat-recambios-kia-k2700","9":"product_cat-recambios-kia","10":"product_cat-recambios-kia-pregio","11":"product_cat-recambios-kia-sportage","13":"first","14":"instock","15":"taxable","16":"shipping-taxable","17":"purchasable","18":"product-type-simple"},"_links":{"self":[{"href":"https:\/\/galicianparts.com\/shop\/wp-json\/wp\/v2\/product\/15762"}],"collection":[{"href":"https:\/\/galicianparts.com\/shop\/wp-json\/wp\/v2\/product"}],"about":[{"href":"https:\/\/galicianparts.com\/shop\/wp-json\/wp\/v2\/types\/product"}],"wp:featuredmedia":[{"embeddable":true,"href":"https:\/\/galicianparts.com\/shop\/wp-json\/wp\/v2\/media\/15763"}],"wp:attachment":[{"href":"https:\/\/galicianparts.com\/shop\/wp-json\/wp\/v2\/media?parent=15762"}],"wp:term":[{"taxonomy":"product_cat","embeddable":true,"href":"https:\/\/galicianparts.com\/shop\/wp-json\/wp\/v2\/product_cat?post=15762"},{"taxonomy":"product_tag","embeddable":true,"href":"https:\/\/galicianparts.com\/shop\/wp-json\/wp\/v2\/product_tag?post=15762"}],"curies":[{"name":"wp","href":"https:\/\/api.w.org\/{rel}","templated":true}]}}