{"id":15861,"date":"2021-03-08T22:01:54","date_gmt":"2021-03-08T20:01:54","guid":{"rendered":"https:\/\/galicianparts.com\/shop\/producto\/2441002550-tensor-correa-distribucion-kia-picanto-hyundai-atos-getz-i10-original\/"},"modified":"2021-03-08T22:04:56","modified_gmt":"2021-03-08T20:04:56","slug":"2441002550-tensor-correa-distribucion-kia-picanto-hyundai-atos-getz-i10-original","status":"publish","type":"product","link":"https:\/\/galicianparts.com\/shop\/producto\/2441002550-tensor-correa-distribucion-kia-picanto-hyundai-atos-getz-i10-original\/","title":{"rendered":"2441002550 Tensor correa distribuci\u00f3n Kia Picanto \/ Hyundai Atos \/ Getz \/ I10 ORIGINAL"},"content":{"rendered":"<p>Polea tensora de la correa dentada de:<br \/>\nKIA Picanto I (SA) (A\u00f1o 04.2004 &#8211; &#8230;, 61 &#8211; 65 , Gasolina)<br \/>\n1.0, A\u00f1o 04.2004 &#8211; &#8230;, 999 , 61<br \/>\n1.0, A\u00f1o 09.2007 &#8211; &#8230;, 999 , 63<br \/>\n1.1, A\u00f1o 04.2004 &#8211; &#8230;, 1086 , 65<br \/>\nHYUNDAI Atos (MX) (A\u00f1o 02.1998 &#8211; 12.2010, 54 &#8211; 63 , Gasolina)<br \/>\n1.0 i, A\u00f1o 02.1998 &#8211; 12.2000, 999 , 54<br \/>\n1.0 i, A\u00f1o 02.1998 &#8211; 03.2002, 999 , 56<br \/>\n1.0 i, A\u00f1o 03.2001 &#8211; 07.2003, 999 , 58<br \/>\n1.1, A\u00f1o 08.2003 &#8211; 12.2008, 1086 , 58<br \/>\n1.1, A\u00f1o 06.2003 &#8211; 12.2010, 1086 , 61<br \/>\n1.1, A\u00f1o 08.2003 &#8211; 12.2008, 1086 , 63<br \/>\nHYUNDAI Getz (TB) (A\u00f1o 09.2002 &#8211; 06.2009, 63 &#8211; 67 , Gasolina)<br \/>\n1.1, A\u00f1o 09.2002 &#8211; 09.2005, 1086 , 63<br \/>\n1.1, A\u00f1o 09.2005 &#8211; 06.2009, 1086 , 67<br \/>\nHYUNDAI i10 I (PA) (A\u00f1o 01.2008 &#8211; 12.2013, 67 &#8211; 68 , Gasolina)<br \/>\n1.1, A\u00f1o 01.2008 &#8211; 12.2013, 1086 , 67<br \/>\n1.1, A\u00f1o 11.2008 &#8211; 12.2013, 1086 , 68<\/p>\n<p>LA PIEZA ES NUEVA Y ORIGINAL.<\/p>\n","protected":false},"excerpt":{"rendered":"<p>Polea tensora de la correa dentada de: KIA Picanto I (SA) (A\u00f1o 04.2004 &#8211; &#8230;, 61 &#8211; 65 , Gasolina) 1.0, A\u00f1o 04.2004 &#8211; &#8230;, 999 , 61 1.0, A\u00f1o 09.2007 &#8211; &#8230;, 999 , 63 1.1, A\u00f1o 04.2004 &#8211; &#8230;, 1086 , 65 HYUNDAI Atos (MX) (A\u00f1o 02.1998 &#8211; 12.2010, 54 &#8211; 63 , [&hellip;]<\/p>\n","protected":false},"featured_media":15862,"template":"","meta":{"_seopress_robots_primary_cat":"","_seopress_titles_title":"","_seopress_titles_desc":"","_seopress_robots_index":""},"product_cat":[320,288,271,293,22,60],"product_tag":[],"class_list":{"0":"post-15861","1":"product","2":"type-product","3":"status-publish","4":"has-post-thumbnail","6":"product_cat-recambios-hyundai-atos","7":"product_cat-recambios-hyundai-getz","8":"product_cat-recambios-hyundai","9":"product_cat-recambios-hyundai-i10","10":"product_cat-recambios-kia","11":"product_cat-recambios-kia-picanto","13":"first","14":"instock","15":"taxable","16":"shipping-taxable","17":"purchasable","18":"product-type-simple"},"_links":{"self":[{"href":"https:\/\/galicianparts.com\/shop\/wp-json\/wp\/v2\/product\/15861"}],"collection":[{"href":"https:\/\/galicianparts.com\/shop\/wp-json\/wp\/v2\/product"}],"about":[{"href":"https:\/\/galicianparts.com\/shop\/wp-json\/wp\/v2\/types\/product"}],"wp:featuredmedia":[{"embeddable":true,"href":"https:\/\/galicianparts.com\/shop\/wp-json\/wp\/v2\/media\/15862"}],"wp:attachment":[{"href":"https:\/\/galicianparts.com\/shop\/wp-json\/wp\/v2\/media?parent=15861"}],"wp:term":[{"taxonomy":"product_cat","embeddable":true,"href":"https:\/\/galicianparts.com\/shop\/wp-json\/wp\/v2\/product_cat?post=15861"},{"taxonomy":"product_tag","embeddable":true,"href":"https:\/\/galicianparts.com\/shop\/wp-json\/wp\/v2\/product_tag?post=15861"}],"curies":[{"name":"wp","href":"https:\/\/api.w.org\/{rel}","templated":true}]}}