{"id":16090,"date":"2021-03-10T12:33:05","date_gmt":"2021-03-10T10:33:05","guid":{"rendered":"https:\/\/galicianparts.com\/shop\/producto\/0k88r12750-casquillo-polea-distribucion-hyundai-terracan-kia-carnival-k2900-nuevo-original\/"},"modified":"2023-08-14T09:56:46","modified_gmt":"2023-08-14T07:56:46","slug":"0k88r12750-casquillo-polea-distribucion-hyundai-terracan-kia-carnival-k2900-nuevo-original","status":"publish","type":"product","link":"https:\/\/galicianparts.com\/shop\/producto\/0k88r12750-casquillo-polea-distribucion-hyundai-terracan-kia-carnival-k2900-nuevo-original\/","title":{"rendered":"0K88R12750 Casquillo polea distribuci\u00f3n Hyundai Terracan \/KIA Carnival \/K2900 \/BongoORIGINAL"},"content":{"rendered":"<p>Bul\u00f3n de la polea de la correa de distribuci\u00f3n de: <\/p>\n<p>HYUNDAI Terracan (HP)<br \/>\n2.9 CRDi, A\u00f1o 11.2001 &#8211; 07.2003, 2902 ccm, 150 cv<br \/>\n2.9 CRDi 4WD, A\u00f1o 12.2001 &#8211; 12.2006, 2902 ccm, 150 cv<br \/>\n2.9 CRDi 4WD, A\u00f1o 11.2003 &#8211; 12.2006, 2902 ccm, 163 cv<\/p>\n<p>KIA Carnival I (UP)<br \/>\n2.9 TDi, A\u00f1o 08.1999 &#8211; 10.2001, 2903 ccm, 126 cv<br \/>\nKIA Carnival I (GQ)<br \/>\n2.9 CRDi, A\u00f1o 10.2001 &#8211; 06.2006, 2902 ccm, 144 cv<br \/>\n2.9 TDi, A\u00f1o 08.1999 &#8211; 09.2007, 2903 ccm, 126 cv<br \/>\nKIA Carnival \/ Grand Carnival II (VQ)<br \/>\n2.9 CRDi, A\u00f1o 04.2006 &#8211; &#8230;, 2902 ccm, 185 cv<br \/>\n2.9 CRDi LX, A\u00f1o 09.2006 &#8211; &#8230;, 2902 ccm, 192 cv<br \/>\nKIA Bongo III Cami\u00f3n de plataforma\/Chasis<br \/>\n2.9 TDiC, A\u00f1o 10.2003 &#8211; &#8230;, 2902 ccm, 122 cv<br \/>\n2.9 TDiC 4WD, A\u00f1o 10.2003 &#8211; &#8230;, 2902 ccm, 122 cv<br \/>\nKIA Bongo MPV<br \/>\n2.9 TDiC, A\u00f1o 10.2003 &#8211; &#8230;, 2902 ccm, 122 cv<br \/>\n2.9 TDiC 4WD, A\u00f1o 10.2003 &#8211; &#8230;, 2902 ccm, 122 cv<br \/>\nKIA K2900 Cami\u00f3n de plataforma\/Chasis<br \/>\n2.9 CRDi, A\u00f1o 01.2008 &#8211; &#8230;, 2902 ccm, 125 cv<\/p>\n<p> LA PIEZA ES NUEVA Y ORIGINAL.<\/p>\n","protected":false},"excerpt":{"rendered":"<p>Bul\u00f3n de la polea de la correa de distribuci\u00f3n de: HYUNDAI Terracan (HP) 2.9 CRDi, A\u00f1o 11.2001 &#8211; 07.2003, 2902 ccm, 150 cv 2.9 CRDi 4WD, A\u00f1o 12.2001 &#8211; 12.2006, 2902 ccm, 150 cv 2.9 CRDi 4WD, A\u00f1o 11.2003 &#8211; 12.2006, 2902 ccm, 163 cv KIA Carnival I (UP) 2.9 TDi, A\u00f1o 08.1999 &#8211; 10.2001, [&hellip;]<\/p>\n","protected":false},"featured_media":16091,"template":"","meta":{"_seopress_robots_primary_cat":"","_seopress_titles_title":"","_seopress_titles_desc":"","_seopress_robots_index":""},"product_cat":[254,271,312,22,306],"product_tag":[],"class_list":{"0":"post-16090","1":"product","2":"type-product","3":"status-publish","4":"has-post-thumbnail","6":"product_cat-recambios-kia-carnival","7":"product_cat-recambios-hyundai","8":"product_cat-recambios-kia-k2900","9":"product_cat-recambios-kia","10":"product_cat-recambios-hyundai-terracan","12":"first","13":"instock","14":"taxable","15":"shipping-taxable","16":"purchasable","17":"product-type-simple"},"_links":{"self":[{"href":"https:\/\/galicianparts.com\/shop\/wp-json\/wp\/v2\/product\/16090"}],"collection":[{"href":"https:\/\/galicianparts.com\/shop\/wp-json\/wp\/v2\/product"}],"about":[{"href":"https:\/\/galicianparts.com\/shop\/wp-json\/wp\/v2\/types\/product"}],"wp:featuredmedia":[{"embeddable":true,"href":"https:\/\/galicianparts.com\/shop\/wp-json\/wp\/v2\/media\/16091"}],"wp:attachment":[{"href":"https:\/\/galicianparts.com\/shop\/wp-json\/wp\/v2\/media?parent=16090"}],"wp:term":[{"taxonomy":"product_cat","embeddable":true,"href":"https:\/\/galicianparts.com\/shop\/wp-json\/wp\/v2\/product_cat?post=16090"},{"taxonomy":"product_tag","embeddable":true,"href":"https:\/\/galicianparts.com\/shop\/wp-json\/wp\/v2\/product_tag?post=16090"}],"curies":[{"name":"wp","href":"https:\/\/api.w.org\/{rel}","templated":true}]}}