{"id":16279,"date":"2021-03-11T15:03:28","date_gmt":"2021-03-11T13:03:28","guid":{"rendered":"https:\/\/galicianparts.com\/shop\/producto\/7636118-barra-palier-transmision-izq-fiat-uno-1983-1989-nuevo-original\/"},"modified":"2025-09-10T10:04:50","modified_gmt":"2025-09-10T08:04:50","slug":"7636118-barra-palier-transmision-izq-fiat-uno-1983-1989-nuevo-original","status":"publish","type":"product","link":"https:\/\/galicianparts.com\/shop\/producto\/7636118-barra-palier-transmision-izq-fiat-uno-1983-1989-nuevo-original\/","title":{"rendered":"7636118 Barra palier transmisi\u00f3n izq. Fiat Uno (1983-1989) NUEVO ORIGINAL"},"content":{"rendered":"<p>Semieje, barra del eje de transmisi\u00f3n izquierdo de:<br \/>\nLargo: 495mm<br \/>\nDi\u00e1metro puntas: 22mm<br \/>\nN\u00famero estr\u00edas: 20<\/p>\n<p>FIAT UNO (1983-1989)<\/p>\n<p>LA PIEZA ES NUEVA Y ORIGINAL.<\/p>\n","protected":false},"excerpt":{"rendered":"<p>Semieje, barra del eje de transmisi\u00f3n izquierdo de: Largo: 495mm Di\u00e1metro puntas: 22mm N\u00famero estr\u00edas: 20 FIAT UNO (1983-1989) LA PIEZA ES NUEVA Y ORIGINAL.<\/p>\n","protected":false},"featured_media":16281,"template":"","meta":{"_seopress_robots_primary_cat":"","_seopress_titles_title":"","_seopress_titles_desc":"","_seopress_robots_index":""},"product_cat":[20,114],"product_tag":[],"class_list":{"0":"post-16279","1":"product","2":"type-product","3":"status-publish","4":"has-post-thumbnail","6":"product_cat-recambios-fiat","7":"product_cat-recambios-fiat-uno","9":"first","10":"instock","11":"taxable","12":"shipping-taxable","13":"purchasable","14":"product-type-simple"},"_links":{"self":[{"href":"https:\/\/galicianparts.com\/shop\/wp-json\/wp\/v2\/product\/16279"}],"collection":[{"href":"https:\/\/galicianparts.com\/shop\/wp-json\/wp\/v2\/product"}],"about":[{"href":"https:\/\/galicianparts.com\/shop\/wp-json\/wp\/v2\/types\/product"}],"wp:featuredmedia":[{"embeddable":true,"href":"https:\/\/galicianparts.com\/shop\/wp-json\/wp\/v2\/media\/16281"}],"wp:attachment":[{"href":"https:\/\/galicianparts.com\/shop\/wp-json\/wp\/v2\/media?parent=16279"}],"wp:term":[{"taxonomy":"product_cat","embeddable":true,"href":"https:\/\/galicianparts.com\/shop\/wp-json\/wp\/v2\/product_cat?post=16279"},{"taxonomy":"product_tag","embeddable":true,"href":"https:\/\/galicianparts.com\/shop\/wp-json\/wp\/v2\/product_tag?post=16279"}],"curies":[{"name":"wp","href":"https:\/\/api.w.org\/{rel}","templated":true}]}}