{"id":16303,"date":"2021-03-11T19:54:01","date_gmt":"2021-03-11T17:54:01","guid":{"rendered":"https:\/\/galicianparts.com\/shop\/producto\/1807-kit-de-la-epoca-aletines-fiat-panda-nuevo-metalplast\/"},"modified":"2021-04-06T10:32:00","modified_gmt":"2021-04-06T08:32:00","slug":"1807-kit-de-la-epoca-aletines-fiat-panda-nuevo-metalplast","status":"publish","type":"product","link":"https:\/\/galicianparts.com\/shop\/producto\/1807-kit-de-la-epoca-aletines-fiat-panda-nuevo-metalplast\/","title":{"rendered":"1807 Kit aletines pl\u00e1sticos de la \u00e9poca Fiat Panda NUEVO METALPLAST"},"content":{"rendered":"<p>Juego de 10 piezas de la \u00e9poca, set de aletines de pl\u00e1stico de los guardabarros de Fiat \/ Seat Panda.<\/p>\n<p>LA PIEZA ES NUEVA Y ORIGINAL METALPLAST<\/p>\n","protected":false},"excerpt":{"rendered":"<p>Juego de 10 piezas de la \u00e9poca, set de aletines de pl\u00e1stico de los guardabarros de Fiat \/ Seat Panda. LA PIEZA ES NUEVA Y ORIGINAL METALPLAST<\/p>\n","protected":false},"featured_media":16304,"template":"","meta":{"_seopress_robots_primary_cat":"","_seopress_titles_title":"","_seopress_titles_desc":"","_seopress_robots_index":""},"product_cat":[20,99,237,26],"product_tag":[],"class_list":{"0":"post-16303","1":"product","2":"type-product","3":"status-publish","4":"has-post-thumbnail","6":"product_cat-recambios-fiat","7":"product_cat-recambios-fiat-panda","8":"product_cat-recambios-seat-panda","9":"product_cat-recambios-seat","11":"first","12":"outofstock","13":"taxable","14":"shipping-taxable","15":"purchasable","16":"product-type-simple"},"_links":{"self":[{"href":"https:\/\/galicianparts.com\/shop\/wp-json\/wp\/v2\/product\/16303"}],"collection":[{"href":"https:\/\/galicianparts.com\/shop\/wp-json\/wp\/v2\/product"}],"about":[{"href":"https:\/\/galicianparts.com\/shop\/wp-json\/wp\/v2\/types\/product"}],"wp:featuredmedia":[{"embeddable":true,"href":"https:\/\/galicianparts.com\/shop\/wp-json\/wp\/v2\/media\/16304"}],"wp:attachment":[{"href":"https:\/\/galicianparts.com\/shop\/wp-json\/wp\/v2\/media?parent=16303"}],"wp:term":[{"taxonomy":"product_cat","embeddable":true,"href":"https:\/\/galicianparts.com\/shop\/wp-json\/wp\/v2\/product_cat?post=16303"},{"taxonomy":"product_tag","embeddable":true,"href":"https:\/\/galicianparts.com\/shop\/wp-json\/wp\/v2\/product_tag?post=16303"}],"curies":[{"name":"wp","href":"https:\/\/api.w.org\/{rel}","templated":true}]}}