{"id":17264,"date":"2021-03-24T12:30:32","date_gmt":"2021-03-24T10:30:32","guid":{"rendered":"https:\/\/galicianparts.com\/shop\/producto\/5880653-kit-juntas-de-culata-fiat-124-special-original\/"},"modified":"2025-05-14T19:06:37","modified_gmt":"2025-05-14T17:06:37","slug":"5880653-kit-juntas-de-culata-fiat-124-special-original","status":"publish","type":"product","link":"https:\/\/galicianparts.com\/shop\/producto\/5880653-kit-juntas-de-culata-fiat-124-special-original\/","title":{"rendered":"5880653 Kit juntas de culata Fiat 124 Special ORIGINAL"},"content":{"rendered":"<p>Juego, set de juntas, sin junta de la culata de Fiat 124 Special.<br \/>\n4121055 (3) Carburador<br \/>\n4129819 Tubo agua<br \/>\n4129820 Tubo agua<br \/>\n4130541 Tapa de v\u00e1lvulas<br \/>\n4147260 Tubo de escape<br \/>\n4101222 Tap\u00f3n aceite<br \/>\n4165382 Bomba agua<br \/>\n4174355 (8) Ret\u00e9n v\u00e1vula<br \/>\n4177631 Colector de admisi\u00f3n y escape<\/p>\n<p>LA PIEZA ES NUEVA Y ORIGINAL.<\/p>\n","protected":false},"excerpt":{"rendered":"<p>Juego, set de juntas, sin junta de la culata de Fiat 124 Special. 4121055 (3) Carburador 4129819 Tubo agua 4129820 Tubo agua 4130541 Tapa de v\u00e1lvulas 4147260 Tubo de escape 4101222 Tap\u00f3n aceite 4165382 Bomba agua 4174355 (8) Ret\u00e9n v\u00e1vula 4177631 Colector de admisi\u00f3n y escape LA PIEZA ES NUEVA Y ORIGINAL.<\/p>\n","protected":false},"featured_media":17265,"template":"","meta":{"_seopress_robots_primary_cat":"","_seopress_titles_title":"","_seopress_titles_desc":"","_seopress_robots_index":""},"product_cat":[65,20],"product_tag":[],"class_list":{"0":"post-17264","1":"product","2":"type-product","3":"status-publish","4":"has-post-thumbnail","6":"product_cat-recambios-fiat-124","7":"product_cat-recambios-fiat","9":"first","10":"outofstock","11":"taxable","12":"shipping-taxable","13":"purchasable","14":"product-type-simple"},"_links":{"self":[{"href":"https:\/\/galicianparts.com\/shop\/wp-json\/wp\/v2\/product\/17264"}],"collection":[{"href":"https:\/\/galicianparts.com\/shop\/wp-json\/wp\/v2\/product"}],"about":[{"href":"https:\/\/galicianparts.com\/shop\/wp-json\/wp\/v2\/types\/product"}],"wp:featuredmedia":[{"embeddable":true,"href":"https:\/\/galicianparts.com\/shop\/wp-json\/wp\/v2\/media\/17265"}],"wp:attachment":[{"href":"https:\/\/galicianparts.com\/shop\/wp-json\/wp\/v2\/media?parent=17264"}],"wp:term":[{"taxonomy":"product_cat","embeddable":true,"href":"https:\/\/galicianparts.com\/shop\/wp-json\/wp\/v2\/product_cat?post=17264"},{"taxonomy":"product_tag","embeddable":true,"href":"https:\/\/galicianparts.com\/shop\/wp-json\/wp\/v2\/product_tag?post=17264"}],"curies":[{"name":"wp","href":"https:\/\/api.w.org\/{rel}","templated":true}]}}