{"id":17847,"date":"2021-03-30T18:08:18","date_gmt":"2021-03-30T16:08:18","guid":{"rendered":"https:\/\/galicianparts.com\/shop\/producto\/5949953-goma-soporte-radiador-lancia-delta-i-fiat-croma-td-nuevo-original\/"},"modified":"2025-08-01T13:57:43","modified_gmt":"2025-08-01T11:57:43","slug":"5949953-goma-soporte-radiador-lancia-delta-i-fiat-croma-td-nuevo-original","status":"publish","type":"product","link":"https:\/\/galicianparts.com\/shop\/producto\/5949953-goma-soporte-radiador-lancia-delta-i-fiat-croma-td-nuevo-original\/","title":{"rendered":"5949953 Goma soporte radiador Lancia Delta I \/Fiat Croma TD NUEVO ORIGINAL"},"content":{"rendered":"<p>Di\u00e1metro interior: 16 mm<br \/>\nDi\u00e1metro exterior peque\u00f1o: 22 mm<br \/>\nDi\u00e1metro exterior grande: 35 mm<br \/>\nAltura: 18 mm<\/p>\n<p>Casquillo de goma del soporte inferior del radiador de:<br \/>\nLANCIA &#8211; TB DELTA R.86 BZ\/DS (1986-1992) 1100 CARB \/ 1300 CARB \/ 1500 CARB<\/p>\n<p>Casquillo de goma del soporte inferior del filtro de aire de:<br \/>\nFIAT &#8211; MJ CROMA TURBO DS FL.90 (1990-1996) 1930 (154C6.000)<\/p>\n<p>LA PIEZA ES NUEVA Y ORIGINAL.<\/p>\n","protected":false},"excerpt":{"rendered":"<p>Di\u00e1metro interior: 16 mm Di\u00e1metro exterior peque\u00f1o: 22 mm Di\u00e1metro exterior grande: 35 mm Altura: 18 mm Casquillo de goma del soporte inferior del radiador de: LANCIA &#8211; TB DELTA R.86 BZ\/DS (1986-1992) 1100 CARB \/ 1300 CARB \/ 1500 CARB Casquillo de goma del soporte inferior del filtro de aire de: FIAT &#8211; MJ [&hellip;]<\/p>\n","protected":false},"featured_media":17849,"template":"","meta":{"_seopress_robots_primary_cat":"","_seopress_titles_title":"","_seopress_titles_desc":"","_seopress_robots_index":""},"product_cat":[86,118,20,21],"product_tag":[],"class_list":{"0":"post-17847","1":"product","2":"type-product","3":"status-publish","4":"has-post-thumbnail","6":"product_cat-recambios-fiat-croma","7":"product_cat-recambios-lancia-delta","8":"product_cat-recambios-fiat","9":"product_cat-recambios-lancia","11":"first","12":"instock","13":"taxable","14":"shipping-taxable","15":"purchasable","16":"product-type-simple"},"_links":{"self":[{"href":"https:\/\/galicianparts.com\/shop\/wp-json\/wp\/v2\/product\/17847"}],"collection":[{"href":"https:\/\/galicianparts.com\/shop\/wp-json\/wp\/v2\/product"}],"about":[{"href":"https:\/\/galicianparts.com\/shop\/wp-json\/wp\/v2\/types\/product"}],"wp:featuredmedia":[{"embeddable":true,"href":"https:\/\/galicianparts.com\/shop\/wp-json\/wp\/v2\/media\/17849"}],"wp:attachment":[{"href":"https:\/\/galicianparts.com\/shop\/wp-json\/wp\/v2\/media?parent=17847"}],"wp:term":[{"taxonomy":"product_cat","embeddable":true,"href":"https:\/\/galicianparts.com\/shop\/wp-json\/wp\/v2\/product_cat?post=17847"},{"taxonomy":"product_tag","embeddable":true,"href":"https:\/\/galicianparts.com\/shop\/wp-json\/wp\/v2\/product_tag?post=17847"}],"curies":[{"name":"wp","href":"https:\/\/api.w.org\/{rel}","templated":true}]}}