{"id":18965,"date":"2021-04-13T13:03:07","date_gmt":"2021-04-13T11:03:07","guid":{"rendered":"https:\/\/galicianparts.com\/shop\/producto\/51890134-soporte-abrazadera-manguito-fiat-500-2007-nuevo-original\/"},"modified":"2025-07-29T16:28:23","modified_gmt":"2025-07-29T14:28:23","slug":"51890134-soporte-abrazadera-manguito-fiat-500-2007-nuevo-original","status":"publish","type":"product","link":"https:\/\/galicianparts.com\/shop\/producto\/51890134-soporte-abrazadera-manguito-fiat-500-2007-nuevo-original\/","title":{"rendered":"51890134 Soporte abrazadera manguito Fiat 500 (2007-&#8230;) NUEVO ORIGINAL"},"content":{"rendered":"<p>Abrazadera de pl\u00e1stico, soporte de los manguitos de refrigeraci\u00f3n-calefacci\u00f3n y de los tubos del turbo de:<br \/>\nFIAT &#8211; 83 500 900cc Turbo MY2012 (2012-&#8230;.)<br \/>\nFIAT &#8211; 3P NUOVA 500 900cc Turbo (2007-2012)<br \/>\nABARTH &#8211; 85 500 ABARTH MY2012 (2012-&#8230;.)<\/p>\n<p>LA PIEZA ES NUEVA Y ORIGINAL.<\/p>\n","protected":false},"excerpt":{"rendered":"<p>Abrazadera de pl\u00e1stico, soporte de los manguitos de refrigeraci\u00f3n-calefacci\u00f3n y de los tubos del turbo de: FIAT &#8211; 83 500 900cc Turbo MY2012 (2012-&#8230;.) FIAT &#8211; 3P NUOVA 500 900cc Turbo (2007-2012) ABARTH &#8211; 85 500 ABARTH MY2012 (2012-&#8230;.) LA PIEZA ES NUEVA Y ORIGINAL.<\/p>\n","protected":false},"featured_media":18966,"template":"","meta":{"_seopress_robots_primary_cat":"","_seopress_titles_title":"","_seopress_titles_desc":"","_seopress_robots_index":""},"product_cat":[74,20],"product_tag":[],"class_list":{"0":"post-18965","1":"product","2":"type-product","3":"status-publish","4":"has-post-thumbnail","6":"product_cat-recambios-fiat-500","7":"product_cat-recambios-fiat","9":"first","10":"instock","11":"taxable","12":"shipping-taxable","13":"purchasable","14":"product-type-simple"},"_links":{"self":[{"href":"https:\/\/galicianparts.com\/shop\/wp-json\/wp\/v2\/product\/18965"}],"collection":[{"href":"https:\/\/galicianparts.com\/shop\/wp-json\/wp\/v2\/product"}],"about":[{"href":"https:\/\/galicianparts.com\/shop\/wp-json\/wp\/v2\/types\/product"}],"wp:featuredmedia":[{"embeddable":true,"href":"https:\/\/galicianparts.com\/shop\/wp-json\/wp\/v2\/media\/18966"}],"wp:attachment":[{"href":"https:\/\/galicianparts.com\/shop\/wp-json\/wp\/v2\/media?parent=18965"}],"wp:term":[{"taxonomy":"product_cat","embeddable":true,"href":"https:\/\/galicianparts.com\/shop\/wp-json\/wp\/v2\/product_cat?post=18965"},{"taxonomy":"product_tag","embeddable":true,"href":"https:\/\/galicianparts.com\/shop\/wp-json\/wp\/v2\/product_tag?post=18965"}],"curies":[{"name":"wp","href":"https:\/\/api.w.org\/{rel}","templated":true}]}}