{"id":20177,"date":"2021-04-23T12:01:32","date_gmt":"2021-04-23T10:01:32","guid":{"rendered":"https:\/\/galicianparts.com\/shop\/producto\/7550391-soporte-tubo-escape-fiat-panda-4x4-m1-0-1985-2003-nuevo-original\/"},"modified":"2026-01-15T11:47:48","modified_gmt":"2026-01-15T09:47:48","slug":"7550391-soporte-tubo-escape-fiat-panda-4x4-m1-0-1985-2003-nuevo-original","status":"publish","type":"product","link":"https:\/\/galicianparts.com\/shop\/producto\/7550391-soporte-tubo-escape-fiat-panda-4x4-m1-0-1985-2003-nuevo-original\/","title":{"rendered":"7550391 Soporte tubo escape Fiat Panda 4X4 M1.0 (1985-2003) NUEVO ORIGINAL"},"content":{"rendered":"<p>Soporte de sujeci\u00f3n del tubo de escape de:<br \/>\nFIAT &#8211; 1T PANDA 1000CC CARBURACI\u00d3N 4X4 MAQ 91 (1991-2003)<br \/>\nFIAT &#8211; 2R PANDA 1000CC CARBURACI\u00d3N 4X4 R\/86 (1985-1991)<\/p>\n<p> LA PIEZA ES NUEVA Y ORIGINAL.<\/p>\n","protected":false},"excerpt":{"rendered":"<p>Soporte de sujeci\u00f3n del tubo de escape de: FIAT &#8211; 1T PANDA 1000CC CARBURACI\u00d3N 4X4 MAQ 91 (1991-2003) FIAT &#8211; 2R PANDA 1000CC CARBURACI\u00d3N 4X4 R\/86 (1985-1991) LA PIEZA ES NUEVA Y ORIGINAL.<\/p>\n","protected":false},"featured_media":20178,"template":"","meta":{"_seopress_robots_primary_cat":"","_seopress_titles_title":"","_seopress_titles_desc":"","_seopress_robots_index":""},"product_cat":[20,99],"product_tag":[],"class_list":{"0":"post-20177","1":"product","2":"type-product","3":"status-publish","4":"has-post-thumbnail","6":"product_cat-recambios-fiat","7":"product_cat-recambios-fiat-panda","9":"first","10":"outofstock","11":"taxable","12":"shipping-taxable","13":"purchasable","14":"product-type-simple"},"_links":{"self":[{"href":"https:\/\/galicianparts.com\/shop\/wp-json\/wp\/v2\/product\/20177"}],"collection":[{"href":"https:\/\/galicianparts.com\/shop\/wp-json\/wp\/v2\/product"}],"about":[{"href":"https:\/\/galicianparts.com\/shop\/wp-json\/wp\/v2\/types\/product"}],"wp:featuredmedia":[{"embeddable":true,"href":"https:\/\/galicianparts.com\/shop\/wp-json\/wp\/v2\/media\/20178"}],"wp:attachment":[{"href":"https:\/\/galicianparts.com\/shop\/wp-json\/wp\/v2\/media?parent=20177"}],"wp:term":[{"taxonomy":"product_cat","embeddable":true,"href":"https:\/\/galicianparts.com\/shop\/wp-json\/wp\/v2\/product_cat?post=20177"},{"taxonomy":"product_tag","embeddable":true,"href":"https:\/\/galicianparts.com\/shop\/wp-json\/wp\/v2\/product_tag?post=20177"}],"curies":[{"name":"wp","href":"https:\/\/api.w.org\/{rel}","templated":true}]}}