{"id":20810,"date":"2021-04-30T09:27:24","date_gmt":"2021-04-30T07:27:24","guid":{"rendered":"https:\/\/galicianparts.com\/shop\/producto\/4434894-filtro-aire-fiat-ragata-ritmo-seat-ibiza-malaga-ronda-nuevo-original\/"},"modified":"2021-05-24T12:04:44","modified_gmt":"2021-05-24T10:04:44","slug":"4434894-filtro-aire-fiat-ragata-ritmo-seat-ibiza-malaga-ronda-nuevo-original","status":"publish","type":"product","link":"https:\/\/galicianparts.com\/shop\/producto\/4434894-filtro-aire-fiat-ragata-ritmo-seat-ibiza-malaga-ronda-nuevo-original\/","title":{"rendered":"4434894 Filtro aire Fiat Ragata \/ Ritmo \/ Seat Ibiza \/ Malaga \/ Ronda NUEVO ORIGINAL"},"content":{"rendered":"<p>Filtro de aire de:<br \/>\nFIAT Regata Berlina (138) (A\u00f1o 09.1983 &#8211; 12.1986, 58 , Gas\u00f3leo)<br \/>\n1.7 Di\u00e9sel 60, A\u00f1o 09.1983 &#8211; 12.1986, 1714 , 58<br \/>\nFIAT Ritmo I Hatchback (138) (A\u00f1o 10.1979 &#8211; 09.1982, 55 , Gas\u00f3leo)<br \/>\n1.7 Di\u00e9sel 55, A\u00f1o 10.1979 &#8211; 09.1982, 1714 , 55<br \/>\nSEAT Ibiza I Hatchback (021A) (A\u00f1o 06.1984 &#8211; 05.1993, 54 &#8211; 57 , Gas\u00f3leo)<br \/>\n1.7 D, A\u00f1o 06.1984 &#8211; 05.1993, 1714 , 54<br \/>\n1.7 D, A\u00f1o 08.1990 &#8211; 05.1993, 1714 , 57<br \/>\nSEAT Malaga (023A) (A\u00f1o 05.1985 &#8211; 12.1993, 54 &#8211; 57 , Gas\u00f3leo)<br \/>\n1.7 D, A\u00f1o 05.1985 &#8211; 12.1993, 1714 , 54<br \/>\n1.7 D, A\u00f1o 05.1990 &#8211; 12.1993, 1714 , 57<br \/>\nSEAT Ronda (022A) (A\u00f1o 06.1982 &#8211; 12.1986, 54 &#8211; 56 , Gas\u00f3leo)<br \/>\n1.7 Di\u00e9sel, A\u00f1o 06.1982 &#8211; 12.1986, 1714 , 54<br \/>\n1.7 Di\u00e9sel, A\u00f1o 06.1982 &#8211; 12.1986, 1714 , 56<\/p>\n<p>LA PIEZA ES NUEVA Y ORIGINAL.<\/p>\n","protected":false},"excerpt":{"rendered":"<p>Filtro de aire de: FIAT Regata Berlina (138) (A\u00f1o 09.1983 &#8211; 12.1986, 58 , Gas\u00f3leo) 1.7 Di\u00e9sel 60, A\u00f1o 09.1983 &#8211; 12.1986, 1714 , 58 FIAT Ritmo I Hatchback (138) (A\u00f1o 10.1979 &#8211; 09.1982, 55 , Gas\u00f3leo) 1.7 Di\u00e9sel 55, A\u00f1o 10.1979 &#8211; 09.1982, 1714 , 55 SEAT Ibiza I Hatchback (021A) (A\u00f1o 06.1984 &#8211; [&hellip;]<\/p>\n","protected":false},"featured_media":20811,"template":"","meta":{"_seopress_robots_primary_cat":"","_seopress_titles_title":"","_seopress_titles_desc":"","_seopress_robots_index":""},"product_cat":[20,162,164,102,103,165,26],"product_tag":[],"class_list":{"0":"post-20810","1":"product","2":"type-product","3":"status-publish","4":"has-post-thumbnail","6":"product_cat-recambios-fiat","7":"product_cat-recambios-seat-ibiza","8":"product_cat-recambios-seat-malaga","9":"product_cat-recambios-fiat-regata","10":"product_cat-recambios-fiat-ritmo","11":"product_cat-recambios-seat-ronda","12":"product_cat-recambios-seat","14":"first","15":"instock","16":"taxable","17":"shipping-taxable","18":"purchasable","19":"product-type-simple"},"_links":{"self":[{"href":"https:\/\/galicianparts.com\/shop\/wp-json\/wp\/v2\/product\/20810"}],"collection":[{"href":"https:\/\/galicianparts.com\/shop\/wp-json\/wp\/v2\/product"}],"about":[{"href":"https:\/\/galicianparts.com\/shop\/wp-json\/wp\/v2\/types\/product"}],"wp:featuredmedia":[{"embeddable":true,"href":"https:\/\/galicianparts.com\/shop\/wp-json\/wp\/v2\/media\/20811"}],"wp:attachment":[{"href":"https:\/\/galicianparts.com\/shop\/wp-json\/wp\/v2\/media?parent=20810"}],"wp:term":[{"taxonomy":"product_cat","embeddable":true,"href":"https:\/\/galicianparts.com\/shop\/wp-json\/wp\/v2\/product_cat?post=20810"},{"taxonomy":"product_tag","embeddable":true,"href":"https:\/\/galicianparts.com\/shop\/wp-json\/wp\/v2\/product_tag?post=20810"}],"curies":[{"name":"wp","href":"https:\/\/api.w.org\/{rel}","templated":true}]}}