{"id":21145,"date":"2021-05-03T19:03:15","date_gmt":"2021-05-03T17:03:15","guid":{"rendered":"https:\/\/galicianparts.com\/shop\/producto\/7611673-valvula-escape-lancia-thema-2-0-16v-turbo-1988-1992-nueva-original\/"},"modified":"2023-10-18T10:42:06","modified_gmt":"2023-10-18T08:42:06","slug":"7611673-valvula-escape-lancia-thema-2-0-16v-turbo-1988-1992-nueva-original","status":"publish","type":"product","link":"https:\/\/galicianparts.com\/shop\/producto\/7611673-valvula-escape-lancia-thema-2-0-16v-turbo-1988-1992-nueva-original\/","title":{"rendered":"7611673 V\u00e1lvula escape Lancia Thema \/Delta \/Dedra \/Fiat Tipo \/Coupe NUEVO ORIGINAL"},"content":{"rendered":"<p>V\u00e1lvula de escape del motor de:<br \/>\nLargo: 126 mm<br \/>\nDi\u00e1metro plato: 25,5 mm<br \/>\nDi\u00e1metro v\u00e1stago: 7 mm<\/p>\n<p>FIAT Croma I Hatchback (154)<br \/>\n2.0 16V, A\u00f1o 08.1992 &#8211; 08.1996, 1995 ccm, 137 cv<br \/>\nFIAT Tipo Hatchback (160)<br \/>\n1.8 i.e.16V Sport, A\u00f1o 11.1989 &#8211; 06.1992, 1756 ccm, 136 cv<br \/>\n2.0 i.e. 16V Sport, A\u00f1o 03.1993 &#8211; 04.1995, 1995 ccm, 139 cv<br \/>\nFIAT Coupe (175)<br \/>\n2.0 16V, A\u00f1o 11.1993 &#8211; 08.1996, 1995 ccm, 139 cv<\/p>\n<p>LANCIA Delta II (836)<br \/>\n2.0 16V, A\u00f1o 06.1993 &#8211; 08.1999, 1995 ccm, 139 cv<br \/>\nLANCIA Thema Berlina (834)<br \/>\n2.0 i.e. 16V, A\u00f1o 05.1988 &#8211; 08.1992, 1995 ccm, 147 cv<br \/>\nLANCIA Kappa (838)<br \/>\n2.0 16V Turbo, A\u00f1o 07.1996 &#8211; 10.2001, 1995 ccm, 205 cv<br \/>\nLANCIA Dedra (835)<br \/>\n2.0 16V, A\u00f1o 07.1994 &#8211; 07.1999, 1995 ccm, 139 cv<br \/>\n2.0 Integrale, A\u00f1o 07.1994 &#8211; 07.1999, 1995 ccm, 139 cv<\/p>\n<p>LA PIEZA ES NUEVA Y ORIGINAL.<\/p>\n","protected":false},"excerpt":{"rendered":"<p>V\u00e1lvula de escape del motor de: Largo: 126 mm Di\u00e1metro plato: 25,5 mm Di\u00e1metro v\u00e1stago: 7 mm FIAT Croma I Hatchback (154) 2.0 16V, A\u00f1o 08.1992 &#8211; 08.1996, 1995 ccm, 137 cv FIAT Tipo Hatchback (160) 1.8 i.e.16V Sport, A\u00f1o 11.1989 &#8211; 06.1992, 1756 ccm, 136 cv 2.0 i.e. 16V Sport, A\u00f1o 03.1993 &#8211; 04.1995, [&hellip;]<\/p>\n","protected":false},"featured_media":21146,"template":"","meta":{"_seopress_robots_primary_cat":"","_seopress_titles_title":"","_seopress_titles_desc":"","_seopress_robots_index":""},"product_cat":[85,86,117,118,20,119,21,124,112],"product_tag":[],"class_list":{"0":"post-21145","1":"product","2":"type-product","3":"status-publish","4":"has-post-thumbnail","6":"product_cat-recambios-fiat-coupe","7":"product_cat-recambios-fiat-croma","8":"product_cat-recambios-lancia-dedra","9":"product_cat-recambios-lancia-delta","10":"product_cat-recambios-fiat","11":"product_cat-recambios-lancia-kappa","12":"product_cat-recambios-lancia","13":"product_cat-recambios-lancia-thema","14":"product_cat-recambios-fiat-tipo","16":"first","17":"instock","18":"taxable","19":"shipping-taxable","20":"purchasable","21":"product-type-simple"},"_links":{"self":[{"href":"https:\/\/galicianparts.com\/shop\/wp-json\/wp\/v2\/product\/21145"}],"collection":[{"href":"https:\/\/galicianparts.com\/shop\/wp-json\/wp\/v2\/product"}],"about":[{"href":"https:\/\/galicianparts.com\/shop\/wp-json\/wp\/v2\/types\/product"}],"wp:featuredmedia":[{"embeddable":true,"href":"https:\/\/galicianparts.com\/shop\/wp-json\/wp\/v2\/media\/21146"}],"wp:attachment":[{"href":"https:\/\/galicianparts.com\/shop\/wp-json\/wp\/v2\/media?parent=21145"}],"wp:term":[{"taxonomy":"product_cat","embeddable":true,"href":"https:\/\/galicianparts.com\/shop\/wp-json\/wp\/v2\/product_cat?post=21145"},{"taxonomy":"product_tag","embeddable":true,"href":"https:\/\/galicianparts.com\/shop\/wp-json\/wp\/v2\/product_tag?post=21145"}],"curies":[{"name":"wp","href":"https:\/\/api.w.org\/{rel}","templated":true}]}}