{"id":21169,"date":"2021-05-04T09:20:02","date_gmt":"2021-05-04T07:20:02","guid":{"rendered":"https:\/\/galicianparts.com\/shop\/producto\/7625034-taco-goma-amortiguador-trasero-fiat-panda-lancia-y10-autobianchi-nuevo-original\/"},"modified":"2025-02-06T13:56:28","modified_gmt":"2025-02-06T11:56:28","slug":"7625034-taco-goma-amortiguador-trasero-fiat-panda-lancia-y10-autobianchi-nuevo-original","status":"publish","type":"product","link":"https:\/\/galicianparts.com\/shop\/producto\/7625034-taco-goma-amortiguador-trasero-fiat-panda-lancia-y10-autobianchi-nuevo-original\/","title":{"rendered":"7625034 Taco goma amortiguador trasero Fiat Panda \/Lancia Y10 \/Autobianchi ORIGINAL"},"content":{"rendered":"<p>7557286 Tope, freno, paragolpes de goma de la suspensi\u00f3n posterior de:<br \/>\nAltura: 120 mm<br \/>\nDi\u00e1metro 1: 79 mm<br \/>\nDi\u00e1metro 2: 23 mm<\/p>\n<p>FIAT &#8211; 1S PANDA 4X2 MAQ 91 (1991-2003)<br \/>\nFIAT &#8211; LV PANDA 4X2 RL\/86 (1985-1991)<br \/>\nFIAT &#8211; 2P PANDA DS (1986-1993)<br \/>\nLANCIA &#8211; ZL Y10 FL.89 \/ 4WD (1988-1992)<br \/>\nLANCIA &#8211; ZM Y10 R.92 \/ 4WD (1992-1995)<br \/>\nAUTOBIANCHI &#8211; Y10 \/ 4WD<\/p>\n<p>LA PIEZA ES NUEVA Y ORIGINAL.<\/p>\n","protected":false},"excerpt":{"rendered":"<p>7557286 Tope, freno, paragolpes de goma de la suspensi\u00f3n posterior de: Altura: 120 mm Di\u00e1metro 1: 79 mm Di\u00e1metro 2: 23 mm FIAT &#8211; 1S PANDA 4X2 MAQ 91 (1991-2003) FIAT &#8211; LV PANDA 4X2 RL\/86 (1985-1991) FIAT &#8211; 2P PANDA DS (1986-1993) LANCIA &#8211; ZL Y10 FL.89 \/ 4WD (1988-1992) LANCIA &#8211; ZM Y10 [&hellip;]<\/p>\n","protected":false},"featured_media":21170,"template":"","meta":{"_seopress_robots_primary_cat":"","_seopress_titles_title":"","_seopress_titles_desc":"","_seopress_robots_index":""},"product_cat":[25,20,21,99,126,64],"product_tag":[],"class_list":{"0":"post-21169","1":"product","2":"type-product","3":"status-publish","4":"has-post-thumbnail","6":"product_cat-recambios-autobianchi","7":"product_cat-recambios-fiat","8":"product_cat-recambios-lancia","9":"product_cat-recambios-fiat-panda","10":"product_cat-recambios-lancia-y10","11":"product_cat-recambios-autobianchi-y10","13":"first","14":"outofstock","15":"taxable","16":"shipping-taxable","17":"purchasable","18":"product-type-simple"},"_links":{"self":[{"href":"https:\/\/galicianparts.com\/shop\/wp-json\/wp\/v2\/product\/21169"}],"collection":[{"href":"https:\/\/galicianparts.com\/shop\/wp-json\/wp\/v2\/product"}],"about":[{"href":"https:\/\/galicianparts.com\/shop\/wp-json\/wp\/v2\/types\/product"}],"wp:featuredmedia":[{"embeddable":true,"href":"https:\/\/galicianparts.com\/shop\/wp-json\/wp\/v2\/media\/21170"}],"wp:attachment":[{"href":"https:\/\/galicianparts.com\/shop\/wp-json\/wp\/v2\/media?parent=21169"}],"wp:term":[{"taxonomy":"product_cat","embeddable":true,"href":"https:\/\/galicianparts.com\/shop\/wp-json\/wp\/v2\/product_cat?post=21169"},{"taxonomy":"product_tag","embeddable":true,"href":"https:\/\/galicianparts.com\/shop\/wp-json\/wp\/v2\/product_tag?post=21169"}],"curies":[{"name":"wp","href":"https:\/\/api.w.org\/{rel}","templated":true}]}}