{"id":21221,"date":"2021-05-04T10:48:30","date_gmt":"2021-05-04T08:48:30","guid":{"rendered":"https:\/\/galicianparts.com\/shop\/producto\/77365902-filtro-de-combustible-fiat-lancia-peugeot-citroen-nuevo-ogriginal\/"},"modified":"2024-05-03T10:05:28","modified_gmt":"2024-05-03T08:05:28","slug":"77365902-filtro-de-combustible-fiat-lancia-peugeot-citroen-nuevo-ogriginal","status":"publish","type":"product","link":"https:\/\/galicianparts.com\/shop\/producto\/77365902-filtro-de-combustible-fiat-lancia-peugeot-citroen-nuevo-ogriginal\/","title":{"rendered":"77365902 Filtro de combustible Fiat \/ Lancia \/ Peugeot \/ Citroen NUEVO OGRIGINAL"},"content":{"rendered":"<p>77363600 Filtro de gasoil de 68mm de di\u00e1metro 102mm de alto de:<\/p>\n<p>CITRO\u00cbN Jumper I (244)<br \/>\n2.0 HDi, A\u00f1o 04.2002 &#8211; &#8230;, 1997 , 84<br \/>\n2.2 HDi, A\u00f1o 04.2002 &#8211; &#8230;, 2179 , 101<br \/>\n2.8 HDi, A\u00f1o 04.2002 &#8211; &#8230;, 2798 , 128<br \/>\n2.8 HDi, A\u00f1o 05.2004 &#8211; &#8230;, 2798 , 146<br \/>\n2.8 HDi 4&#215;4, A\u00f1o 04.2002 &#8211; &#8230;, 2798 , 128<br \/>\n2.8 HDi 4&#215;4, A\u00f1o 02.2002 &#8211; 06.2006, 2798 , 128<br \/>\nCITRO\u00cbN Jumper II (250)<br \/>\n2.2 HDi 100, A\u00f1o 04.2006 &#8211; 12.2012, 2198 , 101<br \/>\n2.2 HDi 110, A\u00f1o 07.2011 &#8211; &#8230;, 2198 , 110<br \/>\n2.2 HDi 120, A\u00f1o 04.2006 &#8211; &#8230;, 2198 , 120<br \/>\n2.2 HDi 130, A\u00f1o 07.2011 &#8211; &#8230;, 2198 , 130<br \/>\n2.2 HDi 150, A\u00f1o 07.2011 &#8211; &#8230;, 2198 , 150<br \/>\n3.0 HDi 145, A\u00f1o 07.2010 &#8211; &#8230;, 2999 , 146<br \/>\n3.0 HDi 155, A\u00f1o 07.2010 &#8211; &#8230;, 2999 , 156<br \/>\n3.0 HDi 160, A\u00f1o 09.2006 &#8211; &#8230;, 2999 , 157<br \/>\nCITRO\u00cbN Jumper II Cami\u00f3n de plataforma\/Chasis (250)<br \/>\n2.2 HDi 100, A\u00f1o 04.2006 &#8211; &#8230;, 2198 , 101<br \/>\n2.2 HDi 110, A\u00f1o 07.2011 &#8211; &#8230;, 2198 , 110<br \/>\n2.2 HDi 120, A\u00f1o 04.2006 &#8211; &#8230;, 2198 , 120<br \/>\n2.2 HDi 130, A\u00f1o 07.2011 &#8211; &#8230;, 2198 , 130<br \/>\n2.2 HDi 150, A\u00f1o 07.2011 &#8211; &#8230;, 2198 , 150<br \/>\n3.0 HDi 145, A\u00f1o 07.2010 &#8211; &#8230;, 2999 , 146<br \/>\n3.0 HDi 160, A\u00f1o 09.2006 &#8211; &#8230;, 2999 , 157<\/p>\n<p>FIAT Strada Pick-up (178)<br \/>\n1.3 D Multijet, A\u00f1o 05.2006 &#8211; &#8230;, 1248 , 85<br \/>\nFIAT Punto II Hatchback (188)<br \/>\n1.3 JTD 16V, A\u00f1o 06.2003 &#8211; 03.2012, 1248 , 70<br \/>\n1.9 JTD, A\u00f1o 10.2001 &#8211; 03.2012, 1910 , 86<br \/>\n1.9 JTD, A\u00f1o 06.2003 &#8211; 03.2012, 1910 , 101<br \/>\nFIAT Doblo I (223)<br \/>\n1.3 D Multijet, A\u00f1o 10.2005 &#8211; 01.2010, 1248 , 75<br \/>\n1.3 JTD 16V, A\u00f1o 05.2004 &#8211; 12.2006, 1248 , 70<br \/>\n1.3 JTD 16V Multijet, A\u00f1o 08.2006 &#8211; &#8230;, 1248 , 84<br \/>\nFIAT Punto II Van (188)<br \/>\n1.3 JTD, A\u00f1o 06.2003 &#8211; 10.2005, 1248 , 69<br \/>\n1.9 JTD, A\u00f1o 02.2000 &#8211; 10.2009, 1910 , 86<br \/>\nFIAT Ducato II Bus (244) (A\u00f1o 04.2002 &#8211; &#8230;)<br \/>\n2.0 JTD, A\u00f1o 04.2002 &#8211; &#8230;, 1997 , 84<br \/>\n2.3 JTD, A\u00f1o 04.2002 &#8211; &#8230;, 2286 , 110<br \/>\n2.8 JTD, A\u00f1o 04.2002 &#8211; &#8230;, 2798 , 128<br \/>\n2.8 JTD, A\u00f1o 04.2004 &#8211; 07.2006, 2800 , 145<br \/>\n2.8 JTD 4&#215;4, A\u00f1o 07.2002 &#8211; &#8230;, 2798 , 128<br \/>\nFIAT Ducato II Furg\u00f3n (244)<br \/>\n2.0 JTD, A\u00f1o 04.2002 &#8211; &#8230;, 1997 , 84<br \/>\n2.3 JTD, A\u00f1o 04.2002 &#8211; &#8230;, 2286 , 110<br \/>\n2.3 JTD, A\u00f1o 12.2009 &#8211; 12.2018, 2287 , 126<br \/>\n2.8 JTD, A\u00f1o 04.2002 &#8211; &#8230;, 2798 , 128<br \/>\n2.8 JTD 4&#215;4, A\u00f1o 07.2002 &#8211; &#8230;, 2798 , 128<br \/>\n2.8 JTD Power, A\u00f1o 05.2004 &#8211; &#8230;, 2800 , 146<br \/>\nFIAT Ducato II Cami\u00f3n de plataforma\/Chasis (244)<br \/>\n2.0 JTD, A\u00f1o 04.2002 &#8211; 07.2006, 1997 , 84<br \/>\n2.3 JTD, A\u00f1o 04.2002 &#8211; 07.2006, 2286 , 110<br \/>\n2.8 JTD, A\u00f1o 04.2002 &#8211; 07.2006, 2798 , 128<br \/>\n2.8 JTD 4&#215;4, A\u00f1o 10.2002 &#8211; 07.2006, 2798 , 128<br \/>\n2.8 JTD Power, A\u00f1o 05.2004 &#8211; 07.2006, 2800 , 146<br \/>\nFIAT Panda II Hatchback (169)<br \/>\n1.3 D Multijet, A\u00f1o 09.2003 &#8211; &#8230;, 1248 , 70<br \/>\n1.3 D Multijet, A\u00f1o 06.2006 &#8211; 08.2013, 1248 , 75<br \/>\n1.3 D Multijet 4&#215;4, A\u00f1o 10.2004 &#8211; &#8230;, 1248 , 70<br \/>\n1.3 D Multijet 4&#215;4, A\u00f1o 09.2010 &#8211; 08.2013, 1248 , 75<br \/>\nFIAT Idea (350)<br \/>\n1.3 D Multijet, A\u00f1o 01.2004 &#8211; &#8230;, 1248 , 70<br \/>\n1.3 D Multijet, A\u00f1o 10.2005 &#8211; &#8230;, 1248 , 90<br \/>\n1.3 D Multijet, A\u00f1o 05.2008 &#8211; 12.2012, 1248 , 95<br \/>\n1.9 JTD, A\u00f1o 01.2004 &#8211; &#8230;, 1910 , 101<br \/>\nFIAT Croma II Familiar (194)<br \/>\n1.9 D Multijet, A\u00f1o 06.2005 &#8211; &#8230;, 1910 , 115<br \/>\n1.9 D Multijet, A\u00f1o 06.2005 &#8211; 12.2011, 1910 , 120<br \/>\n1.9 D Multijet, A\u00f1o 12.2005 &#8211; &#8230;, 1910 , 136<br \/>\n1.9 D Multijet, A\u00f1o 06.2005 &#8211; 12.2011, 1910 , 150<br \/>\nFIAT Sedici (FY) (A\u00f1o 06.2006 &#8211; 10.2014)<br \/>\n1.9 D Multijet, A\u00f1o 06.2006 &#8211; 10.2011, 1910 , 120<br \/>\n1.9 D Multijet 4&#215;4, A\u00f1o 06.2006 &#8211; 10.2011, 1910 , 120<br \/>\n2.0 D Multijet, A\u00f1o 06.2006 &#8211; 10.2014, 1956 , 135<br \/>\n2.0 D Multijet 4&#215;4, A\u00f1o 06.2006 &#8211; 10.2014, 1956 , 135<br \/>\nFIAT Ducato III (250, 290)<br \/>\n2.2 D 100 Multijet, A\u00f1o 07.2006 &#8211; 05.2011, 2198 , 100<br \/>\n2.3 D 120 Multijet, A\u00f1o 07.2006 &#8211; &#8230;, 2287 , 120<br \/>\n2.3 D 130 Multijet, A\u00f1o 06.2011 &#8211; &#8230;, 2287 , 131<br \/>\n3.0 D 150 Multijet, A\u00f1o 04.2010 &#8211; &#8230;, 2999 , 146<br \/>\n3.0 D 160 Multijet, A\u00f1o 10.2006 &#8211; &#8230;, 2999 , 156<br \/>\n3.0 D 160 Multijet, A\u00f1o 07.2006 &#8211; &#8230;, 2999 , 158<br \/>\nFIAT Ducato III Furg\u00f3n (250, 290)<br \/>\n2.2 D 100 Multijet, A\u00f1o 07.2006 &#8211; &#8230;, 2198 , 100<br \/>\n2.3 D 120 Multijet, A\u00f1o 07.2006 &#8211; &#8230;, 2287 , 120<br \/>\n2.3 D 4&#215;4 120 Multijet, A\u00f1o 03.2010 &#8211; &#8230;, 2287 , 120<br \/>\n2.3 D 130 Multijet, A\u00f1o 06.2011 &#8211; &#8230;, 2287 , 131<br \/>\n3.0 Natural Power, A\u00f1o 04.2009 &#8211; &#8230;, 2999 , 136<br \/>\n3.0 D 150 Multijet, A\u00f1o 04.2010 &#8211; &#8230;, 2999 , 146<br \/>\n3.0 D 160 Multijet, A\u00f1o 07.2006 &#8211; 12.2011, 2999 , 156<br \/>\n3.0 D 160 Multijet, A\u00f1o 07.2006 &#8211; &#8230;, 2999 , 158<br \/>\nFIAT 500 (312)<br \/>\n1.3 D Multijet, A\u00f1o 10.2007 &#8211; &#8230;, 1248 , 75<br \/>\nFIAT Panda Van (169)<br \/>\n1.3 D Multijet, A\u00f1o 03.2004 &#8211; &#8230;, 1248 , 70<br \/>\n1.3 D Multijet, A\u00f1o 01.2006 &#8211; &#8230;, 1248 , 75<br \/>\n1.3 D Multijet 4&#215;4, A\u00f1o 10.2004 &#8211; 12.2006, 1248 , 70<br \/>\n1.3 D Multijet 4&#215;4, A\u00f1o 01.2006 &#8211; &#8230;, 1248 , 75<\/p>\n<p>LANCIA Ypsilon II (843)<br \/>\n1.3 D Multijet, A\u00f1o 09.2006 &#8211; 12.2011, 1248 , 75<br \/>\n1.3 D Multijet, A\u00f1o 09.2006 &#8211; 12.2011, 1248 , 90<br \/>\n1.3 D Multijet, A\u00f1o 05.2007 &#8211; 12.2011, 1248 , 105<br \/>\n1.3 JTD, A\u00f1o 10.2003 &#8211; 12.2011, 1248 , 70<br \/>\nLANCIA Musa (350)<br \/>\n1.3 D Multijet, A\u00f1o 10.2004 &#8211; 09.2012, 1248 , 70<br \/>\n1.3 D Multijet, A\u00f1o 09.2006 &#8211; 09.2012, 1248 , 90<br \/>\n1.9 D Multijet, A\u00f1o 10.2004 &#8211; 09.2012, 1910 , 101<\/p>\n<p>PEUGEOT Boxer Bus (244)<br \/>\n2.0 HDi, A\u00f1o 04.2002 &#8211; &#8230;, 1997 , 84<br \/>\n2.2 HDi, A\u00f1o 04.2002 &#8211; &#8230;, 2179 , 101<br \/>\n2.8 HDi, A\u00f1o 04.2002 &#8211; &#8230;, 2798 , 128<br \/>\n2.8 HDi, A\u00f1o 04.2004 &#8211; &#8230;, 2798 , 145<br \/>\n2.8 HDi 4&#215;4, A\u00f1o 04.2002 &#8211; &#8230;, 2798 , 128<br \/>\nPEUGEOT Boxer (244)<br \/>\n2.0 HDi, A\u00f1o 04.2002 &#8211; &#8230;, 1997 , 84<br \/>\n2.2 HDi, A\u00f1o 04.2002 &#8211; &#8230;, 2179 , 101<br \/>\n2.8 HDi, A\u00f1o 09.2005 &#8211; 09.2009, 2798 , 126<br \/>\n2.8 HDi, A\u00f1o 04.2002 &#8211; &#8230;, 2798 , 128<br \/>\n2.8 HDi, A\u00f1o 04.2004 &#8211; &#8230;, 2798 , 146<br \/>\n2.8 HDi 4&#215;4, A\u00f1o 04.2002 &#8211; &#8230;, 2798 , 128<br \/>\nPEUGEOT Boxer Bus (250)<br \/>\n2.2 HDi 100, A\u00f1o 04.2006 &#8211; &#8230;, 2198 , 101<br \/>\n2.2 HDi 110, A\u00f1o 03.2011 &#8211; &#8230;, 2198 , 110<br \/>\n2.2 HDi 120, A\u00f1o 04.2006 &#8211; &#8230;, 2198 , 120<br \/>\n2.2 HDi 130, A\u00f1o 03.2011 &#8211; &#8230;, 2198 , 131<br \/>\n2.2 HDi 150, A\u00f1o 03.2011 &#8211; &#8230;, 2198 , 150<br \/>\n3.0 HDi 145, A\u00f1o 04.2010 &#8211; &#8230;, 2999 , 146<br \/>\n3.0 HDi 160, A\u00f1o 04.2006 &#8211; &#8230;, 2999 , 156<br \/>\nPEUGEOT Boxer (250)<br \/>\n2.2 HDi 100, A\u00f1o 04.2006 &#8211; &#8230;, 2198 , 101<br \/>\n2.2 HDi 110, A\u00f1o 03.2011 &#8211; &#8230;, 2198 , 110<br \/>\n2.2 HDi 120, A\u00f1o 04.2006 &#8211; &#8230;, 2198 , 120<br \/>\n2.2 HDi 130, A\u00f1o 03.2011 &#8211; &#8230;, 2198 , 131<br \/>\n2.2 HDi 150, A\u00f1o 03.2011 &#8211; &#8230;, 2198 , 150<br \/>\n3.0 HDi, A\u00f1o 07.2006 &#8211; &#8230;, 2998 , 156<br \/>\n3.0 HDi 145, A\u00f1o 04.2010 &#8211; &#8230;, 2999 , 146<br \/>\n3.0 HDi 160, A\u00f1o 04.2006 &#8211; &#8230;, 2999 , 156<\/p>\n<p> LA PIEZA ES NUEVA Y ORIGINAL.<\/p>\n","protected":false},"excerpt":{"rendered":"<p>77363600 Filtro de gasoil de 68mm de di\u00e1metro 102mm de alto de: CITRO\u00cbN Jumper I (244) 2.0 HDi, A\u00f1o 04.2002 &#8211; &#8230;, 1997 , 84 2.2 HDi, A\u00f1o 04.2002 &#8211; &#8230;, 2179 , 101 2.8 HDi, A\u00f1o 04.2002 &#8211; &#8230;, 2798 , 128 2.8 HDi, A\u00f1o 05.2004 &#8211; &#8230;, 2798 , 146 2.8 HDi 4&#215;4, [&hellip;]<\/p>\n","protected":false},"featured_media":21222,"template":"","meta":{"_seopress_robots_primary_cat":"","_seopress_titles_title":"","_seopress_titles_desc":"","_seopress_robots_index":""},"product_cat":[74,155,23,86,87,88,20,93,137,138,21,121,99,24,101,105,109,127],"product_tag":[],"class_list":{"0":"post-21221","1":"product","2":"type-product","3":"status-publish","4":"has-post-thumbnail","6":"product_cat-recambios-fiat-500","7":"product_cat-recambios-peugeot-boxer","8":"product_cat-recambios-citroen","9":"product_cat-recambios-fiat-croma","10":"product_cat-recambios-fiat-doblo","11":"product_cat-recambios-fiat-ducato","12":"product_cat-recambios-fiat","13":"product_cat-recambios-fiat-idea","14":"product_cat-recambios-citroen-jumper","15":"product_cat-recambios-citroen-jumpy","16":"product_cat-recambios-lancia","17":"product_cat-recambios-lancia-musa","18":"product_cat-recambios-fiat-panda","19":"product_cat-recambios-peugeot","20":"product_cat-recambios-fiat-punto","21":"product_cat-recambios-fiat-sedici","22":"product_cat-recambios-fiat-strada","23":"product_cat-recambios-lancia-ypsilon","25":"first","26":"outofstock","27":"taxable","28":"shipping-taxable","29":"purchasable","30":"product-type-simple"},"_links":{"self":[{"href":"https:\/\/galicianparts.com\/shop\/wp-json\/wp\/v2\/product\/21221"}],"collection":[{"href":"https:\/\/galicianparts.com\/shop\/wp-json\/wp\/v2\/product"}],"about":[{"href":"https:\/\/galicianparts.com\/shop\/wp-json\/wp\/v2\/types\/product"}],"wp:featuredmedia":[{"embeddable":true,"href":"https:\/\/galicianparts.com\/shop\/wp-json\/wp\/v2\/media\/21222"}],"wp:attachment":[{"href":"https:\/\/galicianparts.com\/shop\/wp-json\/wp\/v2\/media?parent=21221"}],"wp:term":[{"taxonomy":"product_cat","embeddable":true,"href":"https:\/\/galicianparts.com\/shop\/wp-json\/wp\/v2\/product_cat?post=21221"},{"taxonomy":"product_tag","embeddable":true,"href":"https:\/\/galicianparts.com\/shop\/wp-json\/wp\/v2\/product_tag?post=21221"}],"curies":[{"name":"wp","href":"https:\/\/api.w.org\/{rel}","templated":true}]}}