{"id":21369,"date":"2021-05-04T17:16:37","date_gmt":"2021-05-04T15:16:37","guid":{"rendered":"https:\/\/galicianparts.com\/shop\/producto\/71731591-cable-electrico-faros-delanteros-fiat-punto-1999-2003-nuevo-original\/"},"modified":"2022-09-21T18:04:00","modified_gmt":"2022-09-21T16:04:00","slug":"71731591-cable-electrico-faros-delanteros-fiat-punto-1999-2003-nuevo-original","status":"publish","type":"product","link":"https:\/\/galicianparts.com\/shop\/producto\/71731591-cable-electrico-faros-delanteros-fiat-punto-1999-2003-nuevo-original\/","title":{"rendered":"71731591 Cable el\u00e9ctrico faros delanteros Fiat Punto (1999-2003) NUEVO ORIGINAL"},"content":{"rendered":"<p>Cables, conexi\u00f3n el\u00e9ctrica de los faros delanteros de:<br \/>\nFIAT &#8211; PUNTO (1999-2003)<\/p>\n<p>LA PIEZA ES NUEVA Y ORIGINAL.<\/p>\n","protected":false},"excerpt":{"rendered":"<p>Cables, conexi\u00f3n el\u00e9ctrica de los faros delanteros de: FIAT &#8211; PUNTO (1999-2003) LA PIEZA ES NUEVA Y ORIGINAL.<\/p>\n","protected":false},"featured_media":21370,"template":"","meta":{"_seopress_robots_primary_cat":"","_seopress_titles_title":"","_seopress_titles_desc":"","_seopress_robots_index":""},"product_cat":[20,101],"product_tag":[],"class_list":{"0":"post-21369","1":"product","2":"type-product","3":"status-publish","4":"has-post-thumbnail","6":"product_cat-recambios-fiat","7":"product_cat-recambios-fiat-punto","9":"first","10":"instock","11":"taxable","12":"shipping-taxable","13":"purchasable","14":"product-type-simple"},"_links":{"self":[{"href":"https:\/\/galicianparts.com\/shop\/wp-json\/wp\/v2\/product\/21369"}],"collection":[{"href":"https:\/\/galicianparts.com\/shop\/wp-json\/wp\/v2\/product"}],"about":[{"href":"https:\/\/galicianparts.com\/shop\/wp-json\/wp\/v2\/types\/product"}],"wp:featuredmedia":[{"embeddable":true,"href":"https:\/\/galicianparts.com\/shop\/wp-json\/wp\/v2\/media\/21370"}],"wp:attachment":[{"href":"https:\/\/galicianparts.com\/shop\/wp-json\/wp\/v2\/media?parent=21369"}],"wp:term":[{"taxonomy":"product_cat","embeddable":true,"href":"https:\/\/galicianparts.com\/shop\/wp-json\/wp\/v2\/product_cat?post=21369"},{"taxonomy":"product_tag","embeddable":true,"href":"https:\/\/galicianparts.com\/shop\/wp-json\/wp\/v2\/product_tag?post=21369"}],"curies":[{"name":"wp","href":"https:\/\/api.w.org\/{rel}","templated":true}]}}