{"id":22574,"date":"2021-05-14T18:26:41","date_gmt":"2021-05-14T16:26:41","guid":{"rendered":"https:\/\/galicianparts.com\/shop\/producto\/82445808-rele-multifuncion-lancia-delta-evo-fiat-alfa-romeo-nuevo-original\/"},"modified":"2023-12-11T09:55:14","modified_gmt":"2023-12-11T07:55:14","slug":"82445808-rele-multifuncion-lancia-delta-evo-fiat-alfa-romeo-nuevo-original","status":"publish","type":"product","link":"https:\/\/galicianparts.com\/shop\/producto\/82445808-rele-multifuncion-lancia-delta-evo-fiat-alfa-romeo-nuevo-original\/","title":{"rendered":"82445808 Rel\u00e9 multifunci\u00f3n Lancia Delta Evo \/ Fiat \/ Alfa Romeo NUEVO ORIGINAL"},"content":{"rendered":"<p>82461829 Rel\u00e9 multifunci\u00f3n: asientos calefactables, techo solar, antiniebla delanteros, espejo retrovisor el\u00e9ctrico, calefacci\u00f3n, inyecci\u00f3n, bot\u00f3n 4&#215;4, v\u00e1lido para:<br \/>\nFIAT &#8211; MZ CROMA CHT FL.90 (1990-1992)<br \/>\nFIAT &#8211; MY CROMA IE-IE TB. FL.90 (1990-1996)<br \/>\nFIAT &#8211; NQ CROMA IE. 2500 V6 (1993-1996)<br \/>\nFIAT &#8211; MJ CROMA TURBO DS FL.90 (1990-1996)<br \/>\nALFA ROMEO &#8211; R3 \u00abR.Z.\u00bb (1992-1993)<br \/>\nALFA ROMEO &#8211; M9 \u00abS.Z.\u00bb (1989-1991)<br \/>\nALFA ROMEO &#8211; U1 145 TD (1994-1996)<br \/>\nALFA ROMEO &#8211; T5 145 GAMMA 97 (1997-1999)<br \/>\nALFA ROMEO &#8211; U2 146 BZ\/DS (1995-1996)<br \/>\nALFA ROMEO &#8211; T6 146 GAMMA 97 (1997-1999)<br \/>\nALFA ROMEO &#8211; U5 155 ASPIRATO (1992-1996)<br \/>\nALFA ROMEO &#8211; T3 155 GAMMA 96 BZ (1996-1997)<br \/>\nALFA ROMEO &#8211; T4 155 GAMMA 96 DS (1996-1997)<br \/>\nALFA ROMEO &#8211; U6 155 TURBO BZ-DS (1992-1996)<br \/>\nALFA ROMEO &#8211; K0 164 (1987-1992)<br \/>\nALFA ROMEO &#8211; W1 164 FL\/92 (1992-1997)<br \/>\nALFA ROMEO &#8211; W2 164 SUPER (1992-1997)<br \/>\nALFA ROMEO &#8211; N0 164 U.S.A. MY.91\/93 (1990-1992)<br \/>\nALFA ROMEO &#8211; R4 164 USA MY.94-95 (1993-1995)<br \/>\nALFA ROMEO &#8211; W5 33 CARB.\/DS (1990-1994)<br \/>\nALFA ROMEO &#8211; W6 33 I.E. 8\/16 VALV. (1990-1994)<br \/>\nALFA ROMEO &#8211; U3 75 BZ 4 CILINDRI (1988-1992)<br \/>\nALFA ROMEO &#8211; U4 75 BZ 6 CILINDRI E TD (1988-1992)<br \/>\nALFA ROMEO &#8211; P6 SPIDER EUROPA FL.90 (1990-1993)<br \/>\nALFA ROMEO &#8211; P8 SPIDER FL.USA MY.91-93(1990-1993)<br \/>\nLANCIA &#8211; RY DEDRA BENZINA (1989-1994)<br \/>\nLANCIA &#8211; SM DEDRA FL.94 1750-2.0 (1994-1999)<br \/>\nLANCIA &#8211; SN DEDRA FL.94 T.DS (1994-1999)<br \/>\nLANCIA &#8211; RJ DEDRA IE.TB.INTEGRALE (1990-1994)<br \/>\nLANCIA &#8211; RZ DEDRA TURBO DIESEL (1989-1994)<br \/>\nLANCIA &#8211; SA DELTA EVOLUZIONE (1991-1994)<br \/>\nLANCIA &#8211; TB DELTA R.86 BZ\/DS (1986-1992)<br \/>\nLANCIA &#8211; SF N.DELTA 1400-1600-1800 (1993-1999)<br \/>\nLANCIA &#8211; SG N.DELTA 2.0 -1750 132CV (&#8217;93-&#8217;99)<br \/>\nLANCIA &#8211; SQ N.DELTA TB\/DS (1994-1999)<br \/>\nLANCIA &#8211; SZ THEMA BZ\/DS R.88 (1988-1992)<\/p>\n<p>LA PIEZA ES NUEVA Y ORIGINAL.<\/p>\n","protected":false},"excerpt":{"rendered":"<p>82461829 Rel\u00e9 multifunci\u00f3n: asientos calefactables, techo solar, antiniebla delanteros, espejo retrovisor el\u00e9ctrico, calefacci\u00f3n, inyecci\u00f3n, bot\u00f3n 4&#215;4, v\u00e1lido para: FIAT &#8211; MZ CROMA CHT FL.90 (1990-1992) FIAT &#8211; MY CROMA IE-IE TB. FL.90 (1990-1996) FIAT &#8211; NQ CROMA IE. 2500 V6 (1993-1996) FIAT &#8211; MJ CROMA TURBO DS FL.90 (1990-1996) ALFA ROMEO &#8211; R3 \u00abR.Z.\u00bb (1992-1993) [&hellip;]<\/p>\n","protected":false},"featured_media":58596,"template":"","meta":{"_seopress_robots_primary_cat":"","_seopress_titles_title":"","_seopress_titles_desc":"","_seopress_robots_index":""},"product_cat":[45,46,48,54,43,58,16,86,117,118,20,21,238,56,239,124],"product_tag":[],"class_list":{"0":"post-22574","1":"product","2":"type-product","3":"status-publish","4":"has-post-thumbnail","6":"product_cat-recambios-alfa-romeo-145","7":"product_cat-recambios-alfa-romeo-146","8":"product_cat-recambios-alfa-romeo-155","9":"product_cat-recambios-alfa-romeo-164","10":"product_cat-recambios-alfa-romeo-33","11":"product_cat-recambios-alfa-romeo-75","12":"product_cat-recambios-alfa-romeo","13":"product_cat-recambios-fiat-croma","14":"product_cat-recambios-lancia-dedra","15":"product_cat-recambios-lancia-delta","16":"product_cat-recambios-fiat","17":"product_cat-recambios-lancia","18":"product_cat-recambios-alfa-romeo-rz","19":"product_cat-recambios-alfa-romeo-spider","20":"product_cat-recambios-alfa-romeo-sz","21":"product_cat-recambios-lancia-thema","23":"first","24":"outofstock","25":"taxable","26":"shipping-taxable","27":"purchasable","28":"product-type-simple"},"_links":{"self":[{"href":"https:\/\/galicianparts.com\/shop\/wp-json\/wp\/v2\/product\/22574"}],"collection":[{"href":"https:\/\/galicianparts.com\/shop\/wp-json\/wp\/v2\/product"}],"about":[{"href":"https:\/\/galicianparts.com\/shop\/wp-json\/wp\/v2\/types\/product"}],"wp:featuredmedia":[{"embeddable":true,"href":"https:\/\/galicianparts.com\/shop\/wp-json\/wp\/v2\/media\/58596"}],"wp:attachment":[{"href":"https:\/\/galicianparts.com\/shop\/wp-json\/wp\/v2\/media?parent=22574"}],"wp:term":[{"taxonomy":"product_cat","embeddable":true,"href":"https:\/\/galicianparts.com\/shop\/wp-json\/wp\/v2\/product_cat?post=22574"},{"taxonomy":"product_tag","embeddable":true,"href":"https:\/\/galicianparts.com\/shop\/wp-json\/wp\/v2\/product_tag?post=22574"}],"curies":[{"name":"wp","href":"https:\/\/api.w.org\/{rel}","templated":true}]}}