{"id":22693,"date":"2021-05-18T19:26:51","date_gmt":"2021-05-18T17:26:51","guid":{"rendered":"https:\/\/galicianparts.com\/shop\/producto\/4009067-rodamiento-interior-rueda-delantera-fiat-1100-124-nuevo-original-skf\/"},"modified":"2021-07-12T11:34:03","modified_gmt":"2021-07-12T09:34:03","slug":"4009067-rodamiento-interior-rueda-delantera-fiat-1100-124-nuevo-original-skf","status":"publish","type":"product","link":"https:\/\/galicianparts.com\/shop\/producto\/4009067-rodamiento-interior-rueda-delantera-fiat-1100-124-nuevo-original-skf\/","title":{"rendered":"4009067 Rodamiento interior rueda delantera Fiat 1100 \/ 124 NUEVO ORIGINAL SKF"},"content":{"rendered":"<p>Rodamiento interior del buje de las ruedas delanteras de:<br \/>\nFIAT 1100 R<br \/>\nFIAT 124 Berlina (124) (A\u00f1o 07.1966 &#8211; 07.1975, 60 &#8211; 95 , Gasolina)<br \/>\nFIAT 124 Coup\u00e9 (124) (A\u00f1o 06.1967 &#8211; 02.1976, 90 &#8211; 118 , Gasolina)<br \/>\nFIAT 124 Familiare (124) (A\u00f1o 04.1967 &#8211; 03.1975, 60 &#8211; 69 , Gasolina)<br \/>\nFIAT 124 Sport Spider (124) (A\u00f1o 01.1966 &#8211; 12.1977, 90 &#8211; 128 , Gasolina)<\/p>\n<p>LA PIEZA ES NUEVA Y ORIGINAL SKF<\/p>\n","protected":false},"excerpt":{"rendered":"<p>Rodamiento interior del buje de las ruedas delanteras de: FIAT 1100 R FIAT 124 Berlina (124) (A\u00f1o 07.1966 &#8211; 07.1975, 60 &#8211; 95 , Gasolina) FIAT 124 Coup\u00e9 (124) (A\u00f1o 06.1967 &#8211; 02.1976, 90 &#8211; 118 , Gasolina) FIAT 124 Familiare (124) (A\u00f1o 04.1967 &#8211; 03.1975, 60 &#8211; 69 , Gasolina) FIAT 124 Sport Spider [&hellip;]<\/p>\n","protected":false},"featured_media":28240,"template":"","meta":{"_seopress_robots_primary_cat":"","_seopress_titles_title":"","_seopress_titles_desc":"","_seopress_robots_index":""},"product_cat":[177,65,20],"product_tag":[],"class_list":{"0":"post-22693","1":"product","2":"type-product","3":"status-publish","4":"has-post-thumbnail","6":"product_cat-recambios-fiat-1100","7":"product_cat-recambios-fiat-124","8":"product_cat-recambios-fiat","10":"first","11":"instock","12":"taxable","13":"shipping-taxable","14":"purchasable","15":"product-type-simple"},"_links":{"self":[{"href":"https:\/\/galicianparts.com\/shop\/wp-json\/wp\/v2\/product\/22693"}],"collection":[{"href":"https:\/\/galicianparts.com\/shop\/wp-json\/wp\/v2\/product"}],"about":[{"href":"https:\/\/galicianparts.com\/shop\/wp-json\/wp\/v2\/types\/product"}],"wp:featuredmedia":[{"embeddable":true,"href":"https:\/\/galicianparts.com\/shop\/wp-json\/wp\/v2\/media\/28240"}],"wp:attachment":[{"href":"https:\/\/galicianparts.com\/shop\/wp-json\/wp\/v2\/media?parent=22693"}],"wp:term":[{"taxonomy":"product_cat","embeddable":true,"href":"https:\/\/galicianparts.com\/shop\/wp-json\/wp\/v2\/product_cat?post=22693"},{"taxonomy":"product_tag","embeddable":true,"href":"https:\/\/galicianparts.com\/shop\/wp-json\/wp\/v2\/product_tag?post=22693"}],"curies":[{"name":"wp","href":"https:\/\/api.w.org\/{rel}","templated":true}]}}