{"id":23120,"date":"2021-05-24T22:31:40","date_gmt":"2021-05-24T20:31:40","guid":{"rendered":"https:\/\/galicianparts.com\/shop\/producto\/4201269-manguito-radiador-fiat-132-125-nuevo-original\/"},"modified":"2021-10-04T11:53:21","modified_gmt":"2021-10-04T09:53:21","slug":"4201269-manguito-radiador-fiat-132-125-nuevo-original","status":"publish","type":"product","link":"https:\/\/galicianparts.com\/shop\/producto\/4201269-manguito-radiador-fiat-132-125-nuevo-original\/","title":{"rendered":"4201269 Manguito radiador Fiat 132 \/ 125 NUEVO ORIGINAL"},"content":{"rendered":"<p>Tubo del radiador de Di\u00e1metro interior 15mm Di\u00e1metro exterior 23mm de:<br \/>\nFIAT 125 Berlina (125) 1.6 (1969-1973) 1608cc 100 CV<br \/>\nFIAT 132 (132_) (A\u00f1o 04.1972 &#8211; 12.1982, 72 &#8211; 122 CV, Gas\u00f3leo, Gasolina)<br \/>\n1.6 (1976-1982) 1585 ccm<br \/>\n1.6 (1972-.1976) 1592 cc 98 CV<br \/>\n1.7 GLS (1974-1977) 1756cc<br \/>\n2.0 (1976-1981) 1995cc 112 CV<br \/>\n2.0 i.e. (1980-1982) 1995cc 122 CV<br \/>\n2.5 D (1978-1982) 2445cc 72 CV<br \/>\nFIAT Multipla (186) 1.9 JTD 115 CV (2002-2010)<\/p>\n<p>LA PIEZA ES NUEVA Y ORIGINAL.<\/p>\n","protected":false},"excerpt":{"rendered":"<p>Tubo del radiador de Di\u00e1metro interior 15mm Di\u00e1metro exterior 23mm de: FIAT 125 Berlina (125) 1.6 (1969-1973) 1608cc 100 CV FIAT 132 (132_) (A\u00f1o 04.1972 &#8211; 12.1982, 72 &#8211; 122 CV, Gas\u00f3leo, Gasolina) 1.6 (1976-1982) 1585 ccm 1.6 (1972-.1976) 1592 cc 98 CV 1.7 GLS (1974-1977) 1756cc 2.0 (1976-1981) 1995cc 112 CV 2.0 i.e. (1980-1982) [&hellip;]<\/p>\n","protected":false},"featured_media":23120,"template":"","meta":{"_seopress_robots_primary_cat":"","_seopress_titles_title":"","_seopress_titles_desc":"","_seopress_robots_index":""},"product_cat":[66,71,20,96],"product_tag":[],"class_list":{"0":"post-23120","1":"product","2":"type-product","3":"status-publish","4":"has-post-thumbnail","6":"product_cat-recambios-fiat-125","7":"product_cat-recambios-fiat-132","8":"product_cat-recambios-fiat","9":"product_cat-recambios-fiat-multipla","11":"first","12":"outofstock","13":"taxable","14":"shipping-taxable","15":"purchasable","16":"product-type-simple"},"_links":{"self":[{"href":"https:\/\/galicianparts.com\/shop\/wp-json\/wp\/v2\/product\/23120"}],"collection":[{"href":"https:\/\/galicianparts.com\/shop\/wp-json\/wp\/v2\/product"}],"about":[{"href":"https:\/\/galicianparts.com\/shop\/wp-json\/wp\/v2\/types\/product"}],"wp:featuredmedia":[{"embeddable":true,"href":"https:\/\/galicianparts.com\/shop\/wp-json\/wp\/v2\/product\/23120"}],"wp:attachment":[{"href":"https:\/\/galicianparts.com\/shop\/wp-json\/wp\/v2\/media?parent=23120"}],"wp:term":[{"taxonomy":"product_cat","embeddable":true,"href":"https:\/\/galicianparts.com\/shop\/wp-json\/wp\/v2\/product_cat?post=23120"},{"taxonomy":"product_tag","embeddable":true,"href":"https:\/\/galicianparts.com\/shop\/wp-json\/wp\/v2\/product_tag?post=23120"}],"curies":[{"name":"wp","href":"https:\/\/api.w.org\/{rel}","templated":true}]}}