{"id":23254,"date":"2021-05-26T12:09:05","date_gmt":"2021-05-26T10:09:05","guid":{"rendered":"https:\/\/galicianparts.com\/shop\/producto\/9947995-filtro-combustible-alfa-romeo-fiat-lancia-original-bosch\/"},"modified":"2024-05-14T18:01:23","modified_gmt":"2024-05-14T16:01:23","slug":"9947995-filtro-combustible-alfa-romeo-fiat-lancia-original-bosch","status":"publish","type":"product","link":"https:\/\/galicianparts.com\/shop\/producto\/9947995-filtro-combustible-alfa-romeo-fiat-lancia-original-bosch\/","title":{"rendered":"9947995 Filtro combustible Alfa Romeo \/ Fiat \/ Lancia ORIGINAL BOSCH"},"content":{"rendered":"<p>1457434293 Filtro de gasoil de:<br \/>\nALFA ROMEO 145 (930) (A\u00f1o 02.1999 &#8211; 01.2001, 105 , Gas\u00f3leo)<br \/>\nALFA ROMEO 146 (930) (A\u00f1o 02.1999 &#8211; 01.2001, 105 , Gas\u00f3leo)<br \/>\nALFA ROMEO 156 Berlina (932) (A\u00f1o 09.1997 &#8211; 09.2003, 136 , Gas\u00f3leo)<br \/>\nALFA ROMEO 156 Sportwagon (932) (A\u00f1o 05.2000 &#8211; 09.2003, 136 , Gas\u00f3leo)<br \/>\nALFA ROMEO 166 (936) (A\u00f1o 09.1998 &#8211; 10.2000, 136 , Gas\u00f3leo)<br \/>\nFIAT Brava Hatchback (182) (A\u00f1o 12.1998 &#8211; 10.2001, 105 , Gas\u00f3leo)<br \/>\nFIAT Bravo I Hatchback (182) (A\u00f1o 12.1998 &#8211; 10.2001, 105 , Gas\u00f3leo)<br \/>\nFIAT Marea Berlina (185) (A\u00f1o 04.1999 &#8211; 12.2007, 105 &#8211; 130 , Gas\u00f3leo)<br \/>\nFIAT Marea Weekend (185) (A\u00f1o 04.1999 &#8211; 05.2002, 105 &#8211; 130 , Gas\u00f3leo)<br \/>\nFIAT Multipla (186) (A\u00f1o 04.1999 &#8211; 06.2010, 105 , Gas\u00f3leo)<br \/>\nFIAT Punto II Hatchback (188) (A\u00f1o 09.1999 &#8211; 03.2012, 80 , Gas\u00f3leo)<br \/>\nLANCIA Kappa Berlina (838) (A\u00f1o 06.1998 &#8211; 10.2001, 136 , Gas\u00f3leo)<br \/>\nLANCIA Kappa Familiar (838) (A\u00f1o 06.1998 &#8211; 10.2001, 136 , Gas\u00f3leo)<br \/>\nLANCIA Lybra Berlina (839) (A\u00f1o 07.1999 &#8211; 02.2001, 105 &#8211; 135 , Gas\u00f3leo)<br \/>\nLANCIA Lybra Familiar (839) (A\u00f1o 07.1999 &#8211; 09.2001, 105 &#8211; 135 , Gas\u00f3leo)<\/p>\n<p>LA PIEZA ES NUEVA Y ORIGINAL BOSCH.<\/p>\n","protected":false},"excerpt":{"rendered":"<p>1457434293 Filtro de gasoil de: ALFA ROMEO 145 (930) (A\u00f1o 02.1999 &#8211; 01.2001, 105 , Gas\u00f3leo) ALFA ROMEO 146 (930) (A\u00f1o 02.1999 &#8211; 01.2001, 105 , Gas\u00f3leo) ALFA ROMEO 156 Berlina (932) (A\u00f1o 09.1997 &#8211; 09.2003, 136 , Gas\u00f3leo) ALFA ROMEO 156 Sportwagon (932) (A\u00f1o 05.2000 &#8211; 09.2003, 136 , Gas\u00f3leo) ALFA ROMEO 166 (936) [&hellip;]<\/p>\n","protected":false},"featured_media":23255,"template":"","meta":{"_seopress_robots_primary_cat":"","_seopress_titles_title":"","_seopress_titles_desc":"","_seopress_robots_index":""},"product_cat":[45,46,49,57,16,81,82,20,119,21,120,95,101],"product_tag":[],"class_list":{"0":"post-23254","1":"product","2":"type-product","3":"status-publish","4":"has-post-thumbnail","6":"product_cat-recambios-alfa-romeo-145","7":"product_cat-recambios-alfa-romeo-146","8":"product_cat-recambios-alfa-romeo-156","9":"product_cat-recambios-alfa-romeo-166","10":"product_cat-recambios-alfa-romeo","11":"product_cat-recambios-fiat-brava","12":"product_cat-recambios-fiat-bravo","13":"product_cat-recambios-fiat","14":"product_cat-recambios-lancia-kappa","15":"product_cat-recambios-lancia","16":"product_cat-recambios-lancia-lybra","17":"product_cat-recambios-fiat-marea","18":"product_cat-recambios-fiat-punto","20":"first","21":"outofstock","22":"taxable","23":"shipping-taxable","24":"purchasable","25":"product-type-simple"},"_links":{"self":[{"href":"https:\/\/galicianparts.com\/shop\/wp-json\/wp\/v2\/product\/23254"}],"collection":[{"href":"https:\/\/galicianparts.com\/shop\/wp-json\/wp\/v2\/product"}],"about":[{"href":"https:\/\/galicianparts.com\/shop\/wp-json\/wp\/v2\/types\/product"}],"wp:featuredmedia":[{"embeddable":true,"href":"https:\/\/galicianparts.com\/shop\/wp-json\/wp\/v2\/media\/23255"}],"wp:attachment":[{"href":"https:\/\/galicianparts.com\/shop\/wp-json\/wp\/v2\/media?parent=23254"}],"wp:term":[{"taxonomy":"product_cat","embeddable":true,"href":"https:\/\/galicianparts.com\/shop\/wp-json\/wp\/v2\/product_cat?post=23254"},{"taxonomy":"product_tag","embeddable":true,"href":"https:\/\/galicianparts.com\/shop\/wp-json\/wp\/v2\/product_tag?post=23254"}],"curies":[{"name":"wp","href":"https:\/\/api.w.org\/{rel}","templated":true}]}}