{"id":23362,"date":"2021-05-26T19:57:15","date_gmt":"2021-05-26T17:57:15","guid":{"rendered":"https:\/\/galicianparts.com\/shop\/producto\/4056233-pinon-34-dientes-marcha-atras-fiat-124-131-125-nuevo-original\/"},"modified":"2022-12-08T13:43:16","modified_gmt":"2022-12-08T11:43:16","slug":"4056233-pinon-34-dientes-marcha-atras-fiat-124-131-125-nuevo-original","status":"publish","type":"product","link":"https:\/\/galicianparts.com\/shop\/producto\/4056233-pinon-34-dientes-marcha-atras-fiat-124-131-125-nuevo-original\/","title":{"rendered":"4056233 Pi\u00f1\u00f3n 34 dientes marcha atr\u00e1s Fiat 124 \/ 131 \/ 125 NUEVO ORIGINAL"},"content":{"rendered":"<p>Engranaje de 34 dientes de la marcha atr\u00e1s del cambio de:<br \/>\nFIAT 124<br \/>\nFIAT 131 1.3 \/ 1.6<br \/>\nFIAT 125<\/p>\n<p>LA PIEZA ES NUEVA Y ORIGINAL.<\/p>\n","protected":false},"excerpt":{"rendered":"<p>Engranaje de 34 dientes de la marcha atr\u00e1s del cambio de: FIAT 124 FIAT 131 1.3 \/ 1.6 FIAT 125 LA PIEZA ES NUEVA Y ORIGINAL.<\/p>\n","protected":false},"featured_media":23363,"template":"","meta":{"_seopress_robots_primary_cat":"","_seopress_titles_title":"","_seopress_titles_desc":"","_seopress_robots_index":""},"product_cat":[65,66,70,20],"product_tag":[],"class_list":{"0":"post-23362","1":"product","2":"type-product","3":"status-publish","4":"has-post-thumbnail","6":"product_cat-recambios-fiat-124","7":"product_cat-recambios-fiat-125","8":"product_cat-recambios-fiat-131","9":"product_cat-recambios-fiat","11":"first","12":"outofstock","13":"taxable","14":"shipping-taxable","15":"purchasable","16":"product-type-simple"},"_links":{"self":[{"href":"https:\/\/galicianparts.com\/shop\/wp-json\/wp\/v2\/product\/23362"}],"collection":[{"href":"https:\/\/galicianparts.com\/shop\/wp-json\/wp\/v2\/product"}],"about":[{"href":"https:\/\/galicianparts.com\/shop\/wp-json\/wp\/v2\/types\/product"}],"wp:featuredmedia":[{"embeddable":true,"href":"https:\/\/galicianparts.com\/shop\/wp-json\/wp\/v2\/media\/23363"}],"wp:attachment":[{"href":"https:\/\/galicianparts.com\/shop\/wp-json\/wp\/v2\/media?parent=23362"}],"wp:term":[{"taxonomy":"product_cat","embeddable":true,"href":"https:\/\/galicianparts.com\/shop\/wp-json\/wp\/v2\/product_cat?post=23362"},{"taxonomy":"product_tag","embeddable":true,"href":"https:\/\/galicianparts.com\/shop\/wp-json\/wp\/v2\/product_tag?post=23362"}],"curies":[{"name":"wp","href":"https:\/\/api.w.org\/{rel}","templated":true}]}}