{"id":24066,"date":"2021-06-02T13:35:38","date_gmt":"2021-06-02T11:35:38","guid":{"rendered":"https:\/\/galicianparts.com\/shop\/producto\/71739921-correa-auxiliar-dayco-6pk-1660-citroen-fiat-peugeot-lancia\/"},"modified":"2025-09-10T14:48:32","modified_gmt":"2025-09-10T12:48:32","slug":"71739921-correa-auxiliar-dayco-6pk-1660-citroen-fiat-peugeot-lancia","status":"publish","type":"product","link":"https:\/\/galicianparts.com\/shop\/producto\/71739921-correa-auxiliar-dayco-6pk-1660-citroen-fiat-peugeot-lancia\/","title":{"rendered":"71739921 Correa auxiliar Dayco 6PK 1660 Citroen \/ Fiat \/ Peugeot \/ Lancia"},"content":{"rendered":"<p>Correa trapecial Dayco 6PK 1660 de instrumentos de:<br \/>\nCITRO\u00cbN Berlingo \/ Berlingo First I (MF, GJK, GFK) (A\u00f1o 04.1997 &#8211; 10.2002, 90 , Gasolina)<br \/>\nCITRO\u00cbN Berlingo \/ Berlingo First I Furg\u00f3n (M) (A\u00f1o 08.1999 &#8211; 10.2002, 90 , Gasolina)<br \/>\nCITRO\u00cbN Evasion (22, U6) (A\u00f1o 06.1994 &#8211; 07.2002, 99 &#8211; 147 , Gasolina)<br \/>\nCITRO\u00cbN Xantia Familiar (X1, X2) (A\u00f1o 06.1995 &#8211; 01.1998, 90 &#8211; 121 , Gasolina)<br \/>\nCITRO\u00cbN Xantia Hatchback (X1, X2) (A\u00f1o 03.1993 &#8211; 01.1998, 88 &#8211; 152 , Gasolina)<br \/>\nCITRO\u00cbN XM II Hatchback (Y4) (A\u00f1o 05.1994 &#8211; 10.2000, 132 , Gasolina)<br \/>\nCITRO\u00cbN XM II Familiar (Y4) (A\u00f1o 05.1994 &#8211; 10.2000, 132 , Gasolina)<br \/>\nCITRO\u00cbN Xsara Hatchback (N1) (A\u00f1o 04.1997 &#8211; 09.2000, 90 &#8211; 132 , Gasolina)<br \/>\nCITRO\u00cbN Xsara Familiar (N2) (A\u00f1o 10.1997 &#8211; 09.2000, 90 &#8211; 132 , Gasolina,Gasolina\/Gas (LPG))<br \/>\nCITRO\u00cbN Xsara Coup\u00e9 (N0) (A\u00f1o 02.1998 &#8211; 03.2005, 90 &#8211; 163 , Gasolina)<br \/>\nCITRO\u00cbN ZX Hatchback (N2) (A\u00f1o 03.1991 &#8211; 10.1997, 88 &#8211; 152 , Gasolina)<br \/>\nCITRO\u00cbN ZX Familiar (N2) (A\u00f1o 10.1993 &#8211; 02.1998, 88 &#8211; 110 , Gasolina)<br \/>\nFIAT Ulysse I (220) (A\u00f1o 06.1994 &#8211; 08.2002, 121 &#8211; 147 , Gasolina)<br \/>\nLANCIA Zeta (220) (A\u00f1o 05.1995 &#8211; 09.2002, 147 , Gasolina)<br \/>\nPEUGEOT 306 Berlina (A\u00f1o 06.1994 &#8211; 05.2001, 101 &#8211; 152 , Gasolina)<br \/>\nPEUGEOT 306 Familiar (A\u00f1o 03.1997 &#8211; 04.2002, 101 &#8211; 110 , Gasolina)<br \/>\nPEUGEOT 306 Cabrio (A\u00f1o 01.1994 &#8211; 04.2002, 101 &#8211; 125 , Gasolina)<br \/>\nPEUGEOT 306 Hatchback (A\u00f1o 05.1993 &#8211; 05.2001, 101 &#8211; 152 , Gasolina)<br \/>\nPEUGEOT 405 II Berlina (4B) (A\u00f1o 08.1992 &#8211; 05.1997, 88 &#8211; 196 , Gasolina)<br \/>\nPEUGEOT 405 II Familiar (4E) (A\u00f1o 08.1992 &#8211; 05.1997, 88 &#8211; 121 , Gasolina)<br \/>\nPEUGEOT 406 Berlina (A\u00f1o 11.1995 &#8211; 05.2004, 88 &#8211; 110 , Gasolina,Gasolina\/Etanol)<br \/>\nPEUGEOT 406 Familiar (A\u00f1o 10.1996 &#8211; 10.2004, 90 &#8211; 110 , Gasolina)<br \/>\nPEUGEOT 605 Berlina (A\u00f1o 07.1994 &#8211; 09.1999, 132 , Gasolina)<br \/>\nPEUGEOT 806 (A\u00f1o 06.1994 &#8211; 08.2002, 99 &#8211; 147 , Gasolina)<br \/>\nPEUGEOT Expert I (224) (A\u00f1o 10.1996 &#8211; 09.2000, 101 , Gasolina)<br \/>\nPEUGEOT Expert I Furg\u00f3n (A\u00f1o 10.1996 &#8211; 09.2000, 101 , Gasolina)<br \/>\nPEUGEOT Partner I Combispace (A\u00f1o 05.1997 &#8211; 12.2003, 90 , Gasolina)<br \/>\nPEUGEOT Partner I Furg\u00f3n (A\u00f1o 03.1997 &#8211; 08.2000, 90 , Gasolina)<br \/>\nSEAT C\u00f3rdoba I Berlina (6K1, 6K2) (A\u00f1o 06.1999 &#8211; 10.2002, 68 , Gas\u00f3leo)<br \/>\nSEAT Cordoba I Vario Furg\u00f3n \/ Familiar (6K5) (A\u00f1o 08.2000 &#8211; 12.2002, 110 , Gas\u00f3leo)<br \/>\nSEAT C\u00f3rdoba I Vario (6K5) (A\u00f1o 06.1999 &#8211; 12.2002, 68 , Gas\u00f3leo)<br \/>\nSEAT Ibiza II (6K1) (A\u00f1o 08.1996 &#8211; 02.2002, 68 &#8211; 90 , Gas\u00f3leo)<br \/>\nSEAT Inca (6K9) (A\u00f1o 11.1995 &#8211; 06.2003, 64 &#8211; 90 , Gas\u00f3leo)<br \/>\nSEAT Leon I Hatchback (1M1) (A\u00f1o 11.1999 &#8211; 06.2006, 68 &#8211; 110 , Gas\u00f3leo)<br \/>\nSEAT Toledo II Berlina (1M2) (A\u00f1o 10.1998 &#8211; 07.2004, 90 &#8211; 110 , Gas\u00f3leo)<\/p>\n","protected":false},"excerpt":{"rendered":"<p>Correa trapecial Dayco 6PK 1660 de instrumentos de: CITRO\u00cbN Berlingo \/ Berlingo First I (MF, GJK, GFK) (A\u00f1o 04.1997 &#8211; 10.2002, 90 , Gasolina) CITRO\u00cbN Berlingo \/ Berlingo First I Furg\u00f3n (M) (A\u00f1o 08.1999 &#8211; 10.2002, 90 , Gasolina) CITRO\u00cbN Evasion (22, U6) (A\u00f1o 06.1994 &#8211; 07.2002, 99 &#8211; 147 , Gasolina) CITRO\u00cbN Xantia Familiar [&hellip;]<\/p>\n","protected":false},"featured_media":99941,"template":"","meta":{"_seopress_robots_primary_cat":"","_seopress_titles_title":"","_seopress_titles_desc":"","_seopress_robots_index":""},"product_cat":[147,150,151,203,189,129,23,210,188,156,20,162,211,21,163,158,24,26,166,113,141,142,143,128,144],"product_tag":[],"class_list":{"0":"post-24066","1":"product","2":"type-product","3":"status-publish","4":"has-post-thumbnail","6":"product_cat-recambios-peugeot-306","7":"product_cat-recambios-peugeot-405","8":"product_cat-recambios-peugeot-406","9":"product_cat-recambios-peugeot-605","10":"product_cat-recambios-peugeot-806","11":"product_cat-recambios-citroen-berlingo","12":"product_cat-recambios-citroen","13":"product_cat-recambios-seat-cordoba","14":"product_cat-recambios-citroen-evasion","15":"product_cat-recambios-peugeot-expert","16":"product_cat-recambios-fiat","17":"product_cat-recambios-seat-ibiza","18":"product_cat-recambios-seat-inca","19":"product_cat-recambios-lancia","20":"product_cat-recambios-seat-leon","21":"product_cat-recambios-peugeot-partner","22":"product_cat-recambios-peugeot","23":"product_cat-recambios-seat","24":"product_cat-recambios-seat-toledo","25":"product_cat-recambios-fiat-ulysse","26":"product_cat-recambios-citroen-xantia","27":"product_cat-recambios-citroen-xm","28":"product_cat-recambios-citroen-xsara","29":"product_cat-recambios-lancia-z","30":"product_cat-recambios-citroen-zx","32":"first","33":"instock","34":"taxable","35":"shipping-taxable","36":"purchasable","37":"product-type-simple"},"_links":{"self":[{"href":"https:\/\/galicianparts.com\/shop\/wp-json\/wp\/v2\/product\/24066"}],"collection":[{"href":"https:\/\/galicianparts.com\/shop\/wp-json\/wp\/v2\/product"}],"about":[{"href":"https:\/\/galicianparts.com\/shop\/wp-json\/wp\/v2\/types\/product"}],"wp:featuredmedia":[{"embeddable":true,"href":"https:\/\/galicianparts.com\/shop\/wp-json\/wp\/v2\/media\/99941"}],"wp:attachment":[{"href":"https:\/\/galicianparts.com\/shop\/wp-json\/wp\/v2\/media?parent=24066"}],"wp:term":[{"taxonomy":"product_cat","embeddable":true,"href":"https:\/\/galicianparts.com\/shop\/wp-json\/wp\/v2\/product_cat?post=24066"},{"taxonomy":"product_tag","embeddable":true,"href":"https:\/\/galicianparts.com\/shop\/wp-json\/wp\/v2\/product_tag?post=24066"}],"curies":[{"name":"wp","href":"https:\/\/api.w.org\/{rel}","templated":true}]}}