{"id":26429,"date":"2021-06-24T12:45:58","date_gmt":"2021-06-24T10:45:58","guid":{"rendered":"https:\/\/galicianparts.com\/shop\/producto\/9467562789-soporte-amortiguador-izq-fiat-ulysse-scudo-lancia-z-phedra-citroen-peugeot-nuevo-original\/"},"modified":"2021-06-24T12:53:18","modified_gmt":"2021-06-24T10:53:18","slug":"9467562789-soporte-amortiguador-izq-fiat-ulysse-scudo-lancia-z-phedra-citroen-peugeot-nuevo-original","status":"publish","type":"product","link":"https:\/\/galicianparts.com\/shop\/producto\/9467562789-soporte-amortiguador-izq-fiat-ulysse-scudo-lancia-z-phedra-citroen-peugeot-nuevo-original\/","title":{"rendered":"9467562789 Soporte amortiguador IZQ. Fiat Ulysse \/ Scudo \/ Lancia \/ Z \/ Phedra \/ Citroen \/ Peugeot NUEVO ORIGINAL"},"content":{"rendered":"<p>9405038689 Copela, silentblock, soporte del amortiguador delantero izquierdo de:<br \/>\nFIAT Scudo II (270, 272) (A\u00f1o 01.2007 &#8211; &#8230;, 90 &#8211; 163 , Gas\u00f3leo)<br \/>\nFIAT Scudo I Cami\u00f3n de plataforma\/Chasis (220) (A\u00f1o 09.1996 &#8211; 12.2006, 69 &#8211; 109 , Gas\u00f3leo,Gasolina)<br \/>\nFIAT Scudo II Cami\u00f3n de plataforma \/ Chasis (270, 272) (A\u00f1o 01.2007 &#8211; &#8230;, 90 &#8211; 163 , Gas\u00f3leo)<br \/>\nFIAT Scudo I Familiar (220) (A\u00f1o 02.1996 &#8211; 12.2006, 69 &#8211; 136 , Gas\u00f3leo,Gasolina)<br \/>\nFIAT Scudo I Furg\u00f3n (220) (A\u00f1o 02.1996 &#8211; 12.2006, 69 &#8211; 136 , Gas\u00f3leo,Gasolina)<br \/>\nFIAT Scudo II Furg\u00f3n (270, 272) (A\u00f1o 01.2007 &#8211; &#8230;, 90 &#8211; 163 , Gas\u00f3leo)<br \/>\nFIAT Ulysse II (179) (A\u00f1o 08.2002 &#8211; 06.2011, 107 &#8211; 204 , Gas\u00f3leo,Gasolina)<br \/>\nFIAT Ulysse I (220) (A\u00f1o 06.1994 &#8211; 08.2002, 90 &#8211; 147 , Gas\u00f3leo,Gasolina)<br \/>\nLANCIA Phedra (179) (A\u00f1o 09.2002 &#8211; 11.2010, 107 &#8211; 204 , Gas\u00f3leo,Gasolina)<br \/>\nLANCIA Zeta (220) (A\u00f1o 05.1995 &#8211; 10.2003, 109 &#8211; 147 , Gas\u00f3leo,Gasolina)<br \/>\nCITRO\u00cbN C8 (A\u00f1o 07.2002 &#8211; &#8230;, 107 &#8211; 204 , Gas\u00f3leo,Gasolina)<br \/>\nCITRO\u00cbN Evasion (22, U6) (A\u00f1o 06.1994 &#8211; 07.2002, 90 &#8211; 147 , Gas\u00f3leo,Gasolina)<br \/>\nCITRO\u00cbN Jumpy I MPV (A\u00f1o 10.1995 &#8211; 12.2006, 69 &#8211; 138 , Gas\u00f3leo,Gasolina)<br \/>\nCITRO\u00cbN Jumpy II Cami\u00f3n de plataforma\/Chasis (A\u00f1o 06.2007 &#8211; 03.2016, 90 &#8211; 128 , Gas\u00f3leo)<br \/>\nCITRO\u00cbN Jumpy I Cami\u00f3n de plataforma\/Chasis (A\u00f1o 10.1999 &#8211; 10.2006, 69 &#8211; 136 , Gas\u00f3leo,Gasolina)<br \/>\nCITRO\u00cbN Jumpy II Furg\u00f3n (A\u00f1o 01.2007 &#8211; &#8230;, 90 &#8211; 163 , Gas\u00f3leo,Gasolina)<br \/>\nCITRO\u00cbN Jumpy I Furg\u00f3n (A\u00f1o 10.1995 &#8211; 10.2006, 69 &#8211; 138 , Gas\u00f3leo,Gasolina)<br \/>\nCITRO\u00cbN Jumpy II MPV (VF7) (A\u00f1o 01.2007 &#8211; &#8230;, 90 &#8211; 163 , Gas\u00f3leo,Gasolina)<br \/>\nPEUGEOT 806 (A\u00f1o 06.1994 &#8211; 08.2002, 90 &#8211; 147 , Gas\u00f3leo,Gasolina)<br \/>\nPEUGEOT 807 (A\u00f1o 06.2002 &#8211; 05.2006, 107 &#8211; 204 , Gas\u00f3leo,Gasolina)<br \/>\nPEUGEOT Expert I (224) (A\u00f1o 02.1996 &#8211; 12.2006, 69 &#8211; 136 , Gas\u00f3leo,Gasolina)<br \/>\nPEUGEOT Expert II Cami\u00f3n de plataforma\/Chasis (A\u00f1o 01.2007 &#8211; &#8230;, 90 &#8211; 163 , Gas\u00f3leo)<br \/>\nPEUGEOT Expert I Cami\u00f3n de plataforma\/Chasis (A\u00f1o 02.1996 &#8211; 10.2006, 69 &#8211; 109 , Gas\u00f3leo,Gasolina)<br \/>\nPEUGEOT Expert I Furg\u00f3n (A\u00f1o 02.1996 &#8211; 12.2006, 69 &#8211; 136 , Gas\u00f3leo,Gasolina)<br \/>\nPEUGEOT Expert II Furg\u00f3n (A\u00f1o 01.2007 &#8211; &#8230;, 90 &#8211; 163 , Gas\u00f3leo,Gasolina)<br \/>\nPEUGEOT Expert II Tepee (VF3X) (A\u00f1o 01.2007 &#8211; 03.2016, 90 &#8211; 163 , Gas\u00f3leo,Gasolina)<\/p>\n<p>LA PIEZA ES NUEVA Y ORIGINAL.<\/p>\n","protected":false},"excerpt":{"rendered":"<p>9405038689 Copela, silentblock, soporte del amortiguador delantero izquierdo de: FIAT Scudo II (270, 272) (A\u00f1o 01.2007 &#8211; &#8230;, 90 &#8211; 163 , Gas\u00f3leo) FIAT Scudo I Cami\u00f3n de plataforma\/Chasis (220) (A\u00f1o 09.1996 &#8211; 12.2006, 69 &#8211; 109 , Gas\u00f3leo,Gasolina) FIAT Scudo II Cami\u00f3n de plataforma \/ Chasis (270, 272) (A\u00f1o 01.2007 &#8211; &#8230;, 90 &#8211; [&hellip;]<\/p>\n","protected":false},"featured_media":26430,"template":"","meta":{"_seopress_robots_primary_cat":"","_seopress_titles_title":"","_seopress_titles_desc":"","_seopress_robots_index":""},"product_cat":[189,182,181,23,188,156,20,138,21,24,122,104,113,128],"product_tag":[],"class_list":{"0":"post-26429","1":"product","2":"type-product","3":"status-publish","4":"has-post-thumbnail","6":"product_cat-recambios-peugeot-806","7":"product_cat-recambios-peugeot-807","8":"product_cat-recambios-citroen-c8","9":"product_cat-recambios-citroen","10":"product_cat-recambios-citroen-evasion","11":"product_cat-recambios-peugeot-expert","12":"product_cat-recambios-fiat","13":"product_cat-recambios-citroen-jumpy","14":"product_cat-recambios-lancia","15":"product_cat-recambios-peugeot","16":"product_cat-recambios-lancia-phedra","17":"product_cat-recambios-fiat-scudo","18":"product_cat-recambios-fiat-ulysse","19":"product_cat-recambios-lancia-z","21":"first","22":"instock","23":"taxable","24":"shipping-taxable","25":"purchasable","26":"product-type-simple"},"_links":{"self":[{"href":"https:\/\/galicianparts.com\/shop\/wp-json\/wp\/v2\/product\/26429"}],"collection":[{"href":"https:\/\/galicianparts.com\/shop\/wp-json\/wp\/v2\/product"}],"about":[{"href":"https:\/\/galicianparts.com\/shop\/wp-json\/wp\/v2\/types\/product"}],"wp:featuredmedia":[{"embeddable":true,"href":"https:\/\/galicianparts.com\/shop\/wp-json\/wp\/v2\/media\/26430"}],"wp:attachment":[{"href":"https:\/\/galicianparts.com\/shop\/wp-json\/wp\/v2\/media?parent=26429"}],"wp:term":[{"taxonomy":"product_cat","embeddable":true,"href":"https:\/\/galicianparts.com\/shop\/wp-json\/wp\/v2\/product_cat?post=26429"},{"taxonomy":"product_tag","embeddable":true,"href":"https:\/\/galicianparts.com\/shop\/wp-json\/wp\/v2\/product_tag?post=26429"}],"curies":[{"name":"wp","href":"https:\/\/api.w.org\/{rel}","templated":true}]}}