{"id":26843,"date":"2021-06-28T19:36:00","date_gmt":"2021-06-28T17:36:00","guid":{"rendered":"https:\/\/galicianparts.com\/shop\/producto\/9916751-valvula-vacio-weber-31800-006-carburador-fiat-124-special-nueva-original\/"},"modified":"2023-01-18T10:56:41","modified_gmt":"2023-01-18T08:56:41","slug":"9916751-valvula-vacio-weber-31800-006-carburador-fiat-124-special-nueva-original","status":"publish","type":"product","link":"https:\/\/galicianparts.com\/shop\/producto\/9916751-valvula-vacio-weber-31800-006-carburador-fiat-124-special-nueva-original\/","title":{"rendered":"9916751 V\u00e1lvula vac\u00edo Weber 31800.006 carburador Fiat 124 Special NUEVA ORIGINAL"},"content":{"rendered":"<p>V\u00e1lvula de vac\u00edo Weber 31800.006 del carburador de Fiat 124 Special<\/p>\n<p>LA PIEZA ES NUEVA Y ORIGINAL.<\/p>\n","protected":false},"excerpt":{"rendered":"<p>V\u00e1lvula de vac\u00edo Weber 31800.006 del carburador de Fiat 124 Special LA PIEZA ES NUEVA Y ORIGINAL.<\/p>\n","protected":false},"featured_media":26844,"template":"","meta":{"_seopress_robots_primary_cat":"","_seopress_titles_title":"","_seopress_titles_desc":"","_seopress_robots_index":""},"product_cat":[65,20],"product_tag":[],"class_list":{"0":"post-26843","1":"product","2":"type-product","3":"status-publish","4":"has-post-thumbnail","6":"product_cat-recambios-fiat-124","7":"product_cat-recambios-fiat","9":"first","10":"outofstock","11":"taxable","12":"shipping-taxable","13":"purchasable","14":"product-type-simple"},"_links":{"self":[{"href":"https:\/\/galicianparts.com\/shop\/wp-json\/wp\/v2\/product\/26843"}],"collection":[{"href":"https:\/\/galicianparts.com\/shop\/wp-json\/wp\/v2\/product"}],"about":[{"href":"https:\/\/galicianparts.com\/shop\/wp-json\/wp\/v2\/types\/product"}],"wp:featuredmedia":[{"embeddable":true,"href":"https:\/\/galicianparts.com\/shop\/wp-json\/wp\/v2\/media\/26844"}],"wp:attachment":[{"href":"https:\/\/galicianparts.com\/shop\/wp-json\/wp\/v2\/media?parent=26843"}],"wp:term":[{"taxonomy":"product_cat","embeddable":true,"href":"https:\/\/galicianparts.com\/shop\/wp-json\/wp\/v2\/product_cat?post=26843"},{"taxonomy":"product_tag","embeddable":true,"href":"https:\/\/galicianparts.com\/shop\/wp-json\/wp\/v2\/product_tag?post=26843"}],"curies":[{"name":"wp","href":"https:\/\/api.w.org\/{rel}","templated":true}]}}