{"id":27156,"date":"2021-06-30T10:58:52","date_gmt":"2021-06-30T08:58:52","guid":{"rendered":"https:\/\/galicianparts.com\/shop\/producto\/0k2fa33251-disco-freno-delantero-kia-carens-2002-nuevo-original\/"},"modified":"2025-12-15T19:03:02","modified_gmt":"2025-12-15T17:03:02","slug":"0k2fa33251-disco-freno-delantero-kia-carens-2002-nuevo-original","status":"publish","type":"product","link":"https:\/\/galicianparts.com\/shop\/producto\/0k2fa33251-disco-freno-delantero-kia-carens-2002-nuevo-original\/","title":{"rendered":"0K2FA33251 Disco freno delantero KIA Carens (2002-&#8230;) NUEVO ORIGINAL"},"content":{"rendered":"<p>Disco de freno ventilado delantero de 280mm de di\u00e1metro de:<br \/>\nKIA Carens II (FJ) (A\u00f1o 07.2002 &#8211; &#8230;, 105 &#8211; 140 , Gas\u00f3leo,Gasolina)<br \/>\n1.6, A\u00f1o 07.2002 &#8211; &#8230;, 1594 , 105<br \/>\n1.8, A\u00f1o 07.2002 &#8211; &#8230;, 1793 , 126<br \/>\n2.0 CRDi, A\u00f1o 07.2002 &#8211; &#8230;, 1991 , 113<br \/>\n2.0 CRDi, A\u00f1o 11.2005 &#8211; &#8230;, 1991 , 140<br \/>\n2.0 CVVT, A\u00f1o 08.2004 &#8211; &#8230;, 1975 , 139<\/p>\n<p>LA PIEZA ES NUEVA Y ORIGINAL.<\/p>\n","protected":false},"excerpt":{"rendered":"<p>Disco de freno ventilado delantero de 280mm de di\u00e1metro de: KIA Carens II (FJ) (A\u00f1o 07.2002 &#8211; &#8230;, 105 &#8211; 140 , Gas\u00f3leo,Gasolina) 1.6, A\u00f1o 07.2002 &#8211; &#8230;, 1594 , 105 1.8, A\u00f1o 07.2002 &#8211; &#8230;, 1793 , 126 2.0 CRDi, A\u00f1o 07.2002 &#8211; &#8230;, 1991 , 113 2.0 CRDi, A\u00f1o 11.2005 &#8211; &#8230;, 1991 [&hellip;]<\/p>\n","protected":false},"featured_media":27158,"template":"","meta":{"_seopress_robots_primary_cat":"","_seopress_titles_title":"","_seopress_titles_desc":"","_seopress_robots_index":""},"product_cat":[212,22],"product_tag":[],"class_list":{"0":"post-27156","1":"product","2":"type-product","3":"status-publish","4":"has-post-thumbnail","6":"product_cat-recambios-kia-carens","7":"product_cat-recambios-kia","9":"first","10":"outofstock","11":"taxable","12":"shipping-taxable","13":"purchasable","14":"product-type-simple"},"_links":{"self":[{"href":"https:\/\/galicianparts.com\/shop\/wp-json\/wp\/v2\/product\/27156"}],"collection":[{"href":"https:\/\/galicianparts.com\/shop\/wp-json\/wp\/v2\/product"}],"about":[{"href":"https:\/\/galicianparts.com\/shop\/wp-json\/wp\/v2\/types\/product"}],"wp:featuredmedia":[{"embeddable":true,"href":"https:\/\/galicianparts.com\/shop\/wp-json\/wp\/v2\/media\/27158"}],"wp:attachment":[{"href":"https:\/\/galicianparts.com\/shop\/wp-json\/wp\/v2\/media?parent=27156"}],"wp:term":[{"taxonomy":"product_cat","embeddable":true,"href":"https:\/\/galicianparts.com\/shop\/wp-json\/wp\/v2\/product_cat?post=27156"},{"taxonomy":"product_tag","embeddable":true,"href":"https:\/\/galicianparts.com\/shop\/wp-json\/wp\/v2\/product_tag?post=27156"}],"curies":[{"name":"wp","href":"https:\/\/api.w.org\/{rel}","templated":true}]}}