{"id":27540,"date":"2021-07-02T10:16:09","date_gmt":"2021-07-02T08:16:09","guid":{"rendered":"https:\/\/galicianparts.com\/shop\/producto\/98474776-junta-culata-esp-180-m-2-5d-fiat-ducato-1989-1994-nuevo-original\/"},"modified":"2025-02-06T14:24:18","modified_gmt":"2025-02-06T12:24:18","slug":"98474776-junta-culata-esp-180-m-2-5d-fiat-ducato-1989-1994-nuevo-original","status":"publish","type":"product","link":"https:\/\/galicianparts.com\/shop\/producto\/98474776-junta-culata-esp-180-m-2-5d-fiat-ducato-1989-1994-nuevo-original\/","title":{"rendered":"98474776 Junta culata esp. 1,80 M 2.5D Fiat Ducato (1989-1994) NUEVO ORIGINAL"},"content":{"rendered":"<p>Junta de 1,80 de espesor de la culata del motor 2500cc Diesel de:<br \/>\nFIAT Ducato I Cami\u00f3n de plataforma\/Chasis (290) (A\u00f1o 03.1989 &#8211; 03.1994, 75 , Gas\u00f3leo)<br \/>\n2.5 D, A\u00f1o 03.1989 &#8211; 03.1994, 2500 , 75<br \/>\n2.5 D 4&#215;4, A\u00f1o 07.1990 &#8211; 03.1994, 2500 , 75<br \/>\nFIAT Ducato I Furg\u00f3n (290) (A\u00f1o 06.1990 &#8211; 05.1994, 75 , Gas\u00f3leo)<br \/>\n2.5 D, A\u00f1o 06.1990 &#8211; 05.1994, 2499 , 75<br \/>\n2.5 D 4&#215;4, A\u00f1o 07.1990 &#8211; 03.1994, 2500 , 75<br \/>\nFIAT Ducato I Panorama (290) (A\u00f1o 07.1990 &#8211; 03.1994, 75 , Gas\u00f3leo)<br \/>\n2.5 D, A\u00f1o 07.1990 &#8211; 03.1994, 2500 , 75<br \/>\n2.5 D 4&#215;4, A\u00f1o 07.1990 &#8211; 03.1994, 2500 , 75<\/p>\n<p>LA PIEZA ES NUEVA Y ORIGINAL.<\/p>\n","protected":false},"excerpt":{"rendered":"<p>Junta de 1,80 de espesor de la culata del motor 2500cc Diesel de: FIAT Ducato I Cami\u00f3n de plataforma\/Chasis (290) (A\u00f1o 03.1989 &#8211; 03.1994, 75 , Gas\u00f3leo) 2.5 D, A\u00f1o 03.1989 &#8211; 03.1994, 2500 , 75 2.5 D 4&#215;4, A\u00f1o 07.1990 &#8211; 03.1994, 2500 , 75 FIAT Ducato I Furg\u00f3n (290) (A\u00f1o 06.1990 &#8211; 05.1994, [&hellip;]<\/p>\n","protected":false},"featured_media":94103,"template":"","meta":{"_seopress_robots_primary_cat":"","_seopress_titles_title":"","_seopress_titles_desc":"","_seopress_robots_index":""},"product_cat":[88,20],"product_tag":[],"class_list":{"0":"post-27540","1":"product","2":"type-product","3":"status-publish","4":"has-post-thumbnail","6":"product_cat-recambios-fiat-ducato","7":"product_cat-recambios-fiat","9":"first","10":"instock","11":"taxable","12":"shipping-taxable","13":"purchasable","14":"product-type-simple"},"_links":{"self":[{"href":"https:\/\/galicianparts.com\/shop\/wp-json\/wp\/v2\/product\/27540"}],"collection":[{"href":"https:\/\/galicianparts.com\/shop\/wp-json\/wp\/v2\/product"}],"about":[{"href":"https:\/\/galicianparts.com\/shop\/wp-json\/wp\/v2\/types\/product"}],"wp:featuredmedia":[{"embeddable":true,"href":"https:\/\/galicianparts.com\/shop\/wp-json\/wp\/v2\/media\/94103"}],"wp:attachment":[{"href":"https:\/\/galicianparts.com\/shop\/wp-json\/wp\/v2\/media?parent=27540"}],"wp:term":[{"taxonomy":"product_cat","embeddable":true,"href":"https:\/\/galicianparts.com\/shop\/wp-json\/wp\/v2\/product_cat?post=27540"},{"taxonomy":"product_tag","embeddable":true,"href":"https:\/\/galicianparts.com\/shop\/wp-json\/wp\/v2\/product_tag?post=27540"}],"curies":[{"name":"wp","href":"https:\/\/api.w.org\/{rel}","templated":true}]}}