{"id":28515,"date":"2021-07-13T13:49:28","date_gmt":"2021-07-13T11:49:28","guid":{"rendered":"https:\/\/galicianparts.com\/shop\/producto\/9633513780-intermitente-lateral-fiat-lancia-citroen-peugeot-nuevo-original\/"},"modified":"2022-05-13T15:48:59","modified_gmt":"2022-05-13T13:48:59","slug":"9633513780-intermitente-lateral-fiat-lancia-citroen-peugeot-nuevo-original","status":"publish","type":"product","link":"https:\/\/galicianparts.com\/shop\/producto\/9633513780-intermitente-lateral-fiat-lancia-citroen-peugeot-nuevo-original\/","title":{"rendered":"9633513780 Intermitente lateral Fiat \/ Lancia \/ Citroen \/ Peugeot NUEVO ORIGINAL"},"content":{"rendered":"<p>Faro, intermitente lateral de:<br \/>\nCITRO\u00cbN Berlingo \/ Berlingo First I (MF, GJK, GFK) (A\u00f1o 07.1996 &#8211; 10.2008, 38 &#8211; 90 , El\u00e9ctrico,Gas\u00f3leo,Gasolina)<br \/>\nCITRO\u00cbN Berlingo \/ Berlingo First I Furg\u00f3n (M) (A\u00f1o 07.1996 &#8211; 12.2011, 59 &#8211; 75 , Gas\u00f3leo,Gasolina)<br \/>\nCITRO\u00cbN Jumpy I MPV (A\u00f1o 10.1995 &#8211; 12.2006, 69 &#8211; 138 , Gas\u00f3leo,Gasolina)<br \/>\nCITRO\u00cbN Jumpy I Cami\u00f3n de plataforma\/Chasis (A\u00f1o 10.1999 &#8211; 10.2006, 92 &#8211; 136 , Gas\u00f3leo,Gasolina)<br \/>\nCITRO\u00cbN Jumpy II Furg\u00f3n (A\u00f1o 01.2007 &#8211; &#8230;, 90 &#8211; 140 , Gas\u00f3leo,Gasolina)<br \/>\nCITRO\u00cbN Jumpy I Furg\u00f3n (A\u00f1o 10.1995 &#8211; 10.2006, 69 &#8211; 138 , Gas\u00f3leo,Gasolina)<br \/>\nCITRO\u00cbN Jumpy II MPV (VF7) (A\u00f1o 01.2007 &#8211; &#8230;, 90 &#8211; 140 , Gas\u00f3leo,Gasolina)<br \/>\nCITRO\u00cbN Saxo Hatchback (A\u00f1o 05.1996 &#8211; 09.2003, 45 &#8211; 118 , Gas\u00f3leo,Gasolina)<br \/>\nCITRO\u00cbN Xantia Familiar (X1, X2) (A\u00f1o 06.1995 &#8211; 01.1998, 75 &#8211; 147 , Gas\u00f3leo,Gasolina)<br \/>\nCITRO\u00cbN Xantia Hatchback (X1, X2) (A\u00f1o 03.1993 &#8211; 01.1998, 68 &#8211; 190 , Gas\u00f3leo,Gasolina)<br \/>\nCITRO\u00cbN XM II Hatchback (Y4) (A\u00f1o 05.1994 &#8211; 10.2000, 82 &#8211; 200 , Gas\u00f3leo,Gasolina)<br \/>\nCITRO\u00cbN XM II Familiar (Y4) (A\u00f1o 05.1994 &#8211; 10.2000, 82 &#8211; 190 , Gas\u00f3leo,Gasolina)<br \/>\nCITRO\u00cbN Xsara Hatchback (N1) (A\u00f1o 04.1997 &#8211; 03.2005, 57 &#8211; 132 , Gas\u00f3leo,Gasolina)<br \/>\nCITRO\u00cbN Xsara Familiar (N2) (A\u00f1o 10.1997 &#8211; 08.2005, 58 &#8211; 132 , Gas\u00f3leo,Gasolina)<br \/>\nCITRO\u00cbN Xsara Coup\u00e9 (N0) (A\u00f1o 02.1998 &#8211; 03.2005, 68 &#8211; 163 , Gas\u00f3leo,Gasolina)<br \/>\nCITRO\u00cbN ZX Hatchback (N2) (A\u00f1o 03.1991 &#8211; 06.1997, 60 &#8211; 163 , Gas\u00f3leo,Gasolina)<br \/>\nCITRO\u00cbN ZX Familiar (N2) (A\u00f1o 10.1993 &#8211; 02.1998, 60 &#8211; 110 , Gas\u00f3leo,Gasolina)<br \/>\nFIAT Scudo I Familiar (220) (A\u00f1o 02.1996 &#8211; 12.2006, 69 &#8211; 136 , Gas\u00f3leo,Gasolina)<br \/>\nFIAT Scudo I Furg\u00f3n (220) (A\u00f1o 02.1996 &#8211; 12.2006, 69 &#8211; 136 , Gas\u00f3leo,Gasolina)<br \/>\nFIAT Ulysse I (220) (A\u00f1o 06.1994 &#8211; 08.2002, 90 &#8211; 147 , Gas\u00f3leo,Gasolina)<br \/>\nLANCIA &#8211; SK \u00abZ\u00bb (1994-2002)<br \/>\nPEUGEOT 106 II Hatchback (1A, 1C) (A\u00f1o 04.1996 &#8211; 07.2004, 27 &#8211; 118 , El\u00e9ctrico,Gas\u00f3leo,Gasolina)<br \/>\nPEUGEOT 306 Berlina (A\u00f1o 06.1994 &#8211; 05.2001, 60 &#8211; 152 , Gas\u00f3leo,Gasolina)<br \/>\nPEUGEOT 306 Familiar (A\u00f1o 02.1997 &#8211; 04.2002, 68 &#8211; 132 , Gas\u00f3leo,Gasolina)<br \/>\nPEUGEOT 306 Cabrio (A\u00f1o 03.1994 &#8211; 04.2002, 89 &#8211; 132 , Gasolina)<br \/>\nPEUGEOT 306 Hatchback (A\u00f1o 05.1993 &#8211; 05.2001, 58 &#8211; 163 , Gas\u00f3leo,Gasolina)<br \/>\nPEUGEOT 406 Berlina (A\u00f1o 11.1995 &#8211; 06.2004, 75 &#8211; 207 , Gas\u00f3leo,Gasolina)<br \/>\nPEUGEOT 406 Familiar (A\u00f1o 10.1996 &#8211; 10.2004, 75 &#8211; 207 , Gas\u00f3leo,Gasolina)<br \/>\nPEUGEOT 406 Coup\u00e9 (A\u00f1o 03.1997 &#8211; 12.2004, 132 &#8211; 194 , Gasolina)<br \/>\nPEUGEOT 806 (A\u00f1o 06.1994 &#8211; 08.2002, 90 &#8211; 147 , Gas\u00f3leo,Gasolina)<br \/>\nPEUGEOT Expert I (224) (A\u00f1o 07.2000 &#8211; 12.2006, 69 &#8211; 136 , Gas\u00f3leo,Gasolina)<br \/>\nPEUGEOT Expert I Furg\u00f3n (A\u00f1o 12.1998 &#8211; 12.2006, 69 &#8211; 136 , Gas\u00f3leo,Gasolina)<br \/>\nPEUGEOT Partner I Combispace (A\u00f1o 06.1996 &#8211; 12.2015, 38 &#8211; 90 , El\u00e9ctrico,Gas\u00f3leo,Gasolina)<br \/>\nPEUGEOT Partner I Furg\u00f3n (A\u00f1o 04.1996 &#8211; 12.2015, 34 &#8211; 90 , El\u00e9ctrico,Gas\u00f3leo,Gasolina)<\/p>\n<p> LA PIEZA ES NUEVA Y ORIGINAL.<\/p>\n","protected":false},"excerpt":{"rendered":"<p>Faro, intermitente lateral de: CITRO\u00cbN Berlingo \/ Berlingo First I (MF, GJK, GFK) (A\u00f1o 07.1996 &#8211; 10.2008, 38 &#8211; 90 , El\u00e9ctrico,Gas\u00f3leo,Gasolina) CITRO\u00cbN Berlingo \/ Berlingo First I Furg\u00f3n (M) (A\u00f1o 07.1996 &#8211; 12.2011, 59 &#8211; 75 , Gas\u00f3leo,Gasolina) CITRO\u00cbN Jumpy I MPV (A\u00f1o 10.1995 &#8211; 12.2006, 69 &#8211; 138 , Gas\u00f3leo,Gasolina) CITRO\u00cbN Jumpy I [&hellip;]<\/p>\n","protected":false},"featured_media":28516,"template":"","meta":{"_seopress_robots_primary_cat":"","_seopress_titles_title":"","_seopress_titles_desc":"","_seopress_robots_index":""},"product_cat":[145,147,151,189,129,23,156,20,138,21,158,24,200,104,113,141,142,143,128,144],"product_tag":[],"class_list":{"0":"post-28515","1":"product","2":"type-product","3":"status-publish","4":"has-post-thumbnail","6":"product_cat-recambios-peugeot-106","7":"product_cat-recambios-peugeot-306","8":"product_cat-recambios-peugeot-406","9":"product_cat-recambios-peugeot-806","10":"product_cat-recambios-citroen-berlingo","11":"product_cat-recambios-citroen","12":"product_cat-recambios-peugeot-expert","13":"product_cat-recambios-fiat","14":"product_cat-recambios-citroen-jumpy","15":"product_cat-recambios-lancia","16":"product_cat-recambios-peugeot-partner","17":"product_cat-recambios-peugeot","18":"product_cat-recambios-citroen-saxo","19":"product_cat-recambios-fiat-scudo","20":"product_cat-recambios-fiat-ulysse","21":"product_cat-recambios-citroen-xantia","22":"product_cat-recambios-citroen-xm","23":"product_cat-recambios-citroen-xsara","24":"product_cat-recambios-lancia-z","25":"product_cat-recambios-citroen-zx","27":"first","28":"outofstock","29":"taxable","30":"shipping-taxable","31":"purchasable","32":"product-type-simple"},"_links":{"self":[{"href":"https:\/\/galicianparts.com\/shop\/wp-json\/wp\/v2\/product\/28515"}],"collection":[{"href":"https:\/\/galicianparts.com\/shop\/wp-json\/wp\/v2\/product"}],"about":[{"href":"https:\/\/galicianparts.com\/shop\/wp-json\/wp\/v2\/types\/product"}],"wp:featuredmedia":[{"embeddable":true,"href":"https:\/\/galicianparts.com\/shop\/wp-json\/wp\/v2\/media\/28516"}],"wp:attachment":[{"href":"https:\/\/galicianparts.com\/shop\/wp-json\/wp\/v2\/media?parent=28515"}],"wp:term":[{"taxonomy":"product_cat","embeddable":true,"href":"https:\/\/galicianparts.com\/shop\/wp-json\/wp\/v2\/product_cat?post=28515"},{"taxonomy":"product_tag","embeddable":true,"href":"https:\/\/galicianparts.com\/shop\/wp-json\/wp\/v2\/product_tag?post=28515"}],"curies":[{"name":"wp","href":"https:\/\/api.w.org\/{rel}","templated":true}]}}