{"id":28675,"date":"2021-07-14T13:21:19","date_gmt":"2021-07-14T11:21:19","guid":{"rendered":"https:\/\/galicianparts.com\/shop\/producto\/5932890-correa-distribucion-m1-7-d-fiat-ragata-ritmo-seat-ibiza-malaga-ronda-ritmo\/"},"modified":"2026-01-17T22:24:23","modified_gmt":"2026-01-17T20:24:23","slug":"5932890-correa-distribucion-m1-7-d-fiat-ragata-ritmo-seat-ibiza-malaga-ronda-ritmo","status":"publish","type":"product","link":"https:\/\/galicianparts.com\/shop\/producto\/5932890-correa-distribucion-m1-7-d-fiat-ragata-ritmo-seat-ibiza-malaga-ronda-ritmo\/","title":{"rendered":"5932890 Correa distribuci\u00f3n M1.7 D Fiat Ragata \/ Ritmo \/ Seat Ibiza \/ Malaga \/ Ronda \/ Ritmo"},"content":{"rendered":"<p>Correa dentada de 138 dientes y 25.5mm de ancho de los modelos con motor 1700cc Di\u00e9sel de:<br \/>\nFIAT Regata Berlina (138) (A\u00f1o 09.1983 &#8211; 12.1986, 58 , Gas\u00f3leo)<br \/>\nFIAT Ritmo I Hatchback (138) (A\u00f1o 10.1979 &#8211; 09.1982, 55 , Gas\u00f3leo)<br \/>\nSEAT Ibiza I Hatchback (021A) (A\u00f1o 06.1984 &#8211; 05.1993, 54 &#8211; 57 , Gas\u00f3leo)<br \/>\nSEAT Malaga (023A) (A\u00f1o 05.1985 &#8211; 12.1993, 54 &#8211; 57 , Gas\u00f3leo)<br \/>\nSEAT Ritmo (138) (A\u00f1o 10.1979 &#8211; 09.1983, 56 , Gas\u00f3leo)<br \/>\nSEAT Ronda (022A) (A\u00f1o 06.1982 &#8211; 12.1986, 54 &#8211; 56 , Gas\u00f3leo)<\/p>\n<p>LA PIEZA ES NUEVA Y ORIGINAL.<\/p>\n","protected":false},"excerpt":{"rendered":"<p>Correa dentada de 138 dientes y 25.5mm de ancho de los modelos con motor 1700cc Di\u00e9sel de: FIAT Regata Berlina (138) (A\u00f1o 09.1983 &#8211; 12.1986, 58 , Gas\u00f3leo) FIAT Ritmo I Hatchback (138) (A\u00f1o 10.1979 &#8211; 09.1982, 55 , Gas\u00f3leo) SEAT Ibiza I Hatchback (021A) (A\u00f1o 06.1984 &#8211; 05.1993, 54 &#8211; 57 , Gas\u00f3leo) SEAT [&hellip;]<\/p>\n","protected":false},"featured_media":28676,"template":"","meta":{"_seopress_robots_primary_cat":"","_seopress_titles_title":"","_seopress_titles_desc":"","_seopress_robots_index":""},"product_cat":[20,162,164,102,198,103,165,26],"product_tag":[],"class_list":{"0":"post-28675","1":"product","2":"type-product","3":"status-publish","4":"has-post-thumbnail","6":"product_cat-recambios-fiat","7":"product_cat-recambios-seat-ibiza","8":"product_cat-recambios-seat-malaga","9":"product_cat-recambios-fiat-regata","10":"product_cat-recambios-seat-ritmo","11":"product_cat-recambios-fiat-ritmo","12":"product_cat-recambios-seat-ronda","13":"product_cat-recambios-seat","15":"first","16":"outofstock","17":"taxable","18":"shipping-taxable","19":"purchasable","20":"product-type-simple"},"_links":{"self":[{"href":"https:\/\/galicianparts.com\/shop\/wp-json\/wp\/v2\/product\/28675"}],"collection":[{"href":"https:\/\/galicianparts.com\/shop\/wp-json\/wp\/v2\/product"}],"about":[{"href":"https:\/\/galicianparts.com\/shop\/wp-json\/wp\/v2\/types\/product"}],"wp:featuredmedia":[{"embeddable":true,"href":"https:\/\/galicianparts.com\/shop\/wp-json\/wp\/v2\/media\/28676"}],"wp:attachment":[{"href":"https:\/\/galicianparts.com\/shop\/wp-json\/wp\/v2\/media?parent=28675"}],"wp:term":[{"taxonomy":"product_cat","embeddable":true,"href":"https:\/\/galicianparts.com\/shop\/wp-json\/wp\/v2\/product_cat?post=28675"},{"taxonomy":"product_tag","embeddable":true,"href":"https:\/\/galicianparts.com\/shop\/wp-json\/wp\/v2\/product_tag?post=28675"}],"curies":[{"name":"wp","href":"https:\/\/api.w.org\/{rel}","templated":true}]}}