{"id":30379,"date":"2021-09-01T13:06:38","date_gmt":"2021-09-01T11:06:38","guid":{"rendered":"https:\/\/galicianparts.com\/shop\/producto\/46444791-tapon-deposito-combustible-fiat-cinquecento-sporting-1992-1998-nuevo-original\/"},"modified":"2021-11-17T12:28:30","modified_gmt":"2021-11-17T10:28:30","slug":"46444791-tapon-deposito-combustible-fiat-cinquecento-sporting-1992-1998-nuevo-original","status":"publish","type":"product","link":"https:\/\/galicianparts.com\/shop\/producto\/46444791-tapon-deposito-combustible-fiat-cinquecento-sporting-1992-1998-nuevo-original\/","title":{"rendered":"46444791 Tap\u00f3n dep\u00f3sito combustible Fiat Cinquecento Sporting (1992-1998) NUEVO ORIGINAL"},"content":{"rendered":"<p>Tap\u00f3n del tubo de llenado del dep\u00f3sito de gasolina de:<br \/>\nFIAT &#8211; NM CINQUECENTO SPORTING (1992-1998)<br \/>\nFIAT &#8211; NM CINQUECENTO SUITE \/ S \/ SX \/ SOLE (1992-1998)<\/p>\n<p>LA PIEZA ES NUEVA Y ORIGINAL.<\/p>\n","protected":false},"excerpt":{"rendered":"<p>Tap\u00f3n del tubo de llenado del dep\u00f3sito de gasolina de: FIAT &#8211; NM CINQUECENTO SPORTING (1992-1998) FIAT &#8211; NM CINQUECENTO SUITE \/ S \/ SX \/ SOLE (1992-1998) LA PIEZA ES NUEVA Y ORIGINAL.<\/p>\n","protected":false},"featured_media":30386,"template":"","meta":{"_seopress_robots_primary_cat":"","_seopress_titles_title":"","_seopress_titles_desc":"","_seopress_robots_index":""},"product_cat":[84,20],"product_tag":[],"class_list":{"0":"post-30379","1":"product","2":"type-product","3":"status-publish","4":"has-post-thumbnail","6":"product_cat-recambios-fiat-cinquecento","7":"product_cat-recambios-fiat","9":"first","10":"outofstock","11":"taxable","12":"shipping-taxable","13":"purchasable","14":"product-type-simple"},"_links":{"self":[{"href":"https:\/\/galicianparts.com\/shop\/wp-json\/wp\/v2\/product\/30379"}],"collection":[{"href":"https:\/\/galicianparts.com\/shop\/wp-json\/wp\/v2\/product"}],"about":[{"href":"https:\/\/galicianparts.com\/shop\/wp-json\/wp\/v2\/types\/product"}],"wp:featuredmedia":[{"embeddable":true,"href":"https:\/\/galicianparts.com\/shop\/wp-json\/wp\/v2\/media\/30386"}],"wp:attachment":[{"href":"https:\/\/galicianparts.com\/shop\/wp-json\/wp\/v2\/media?parent=30379"}],"wp:term":[{"taxonomy":"product_cat","embeddable":true,"href":"https:\/\/galicianparts.com\/shop\/wp-json\/wp\/v2\/product_cat?post=30379"},{"taxonomy":"product_tag","embeddable":true,"href":"https:\/\/galicianparts.com\/shop\/wp-json\/wp\/v2\/product_tag?post=30379"}],"curies":[{"name":"wp","href":"https:\/\/api.w.org\/{rel}","templated":true}]}}