{"id":30735,"date":"2021-09-06T09:10:30","date_gmt":"2021-09-06T07:10:30","guid":{"rendered":"https:\/\/galicianparts.com\/shop\/producto\/9649829380-pack-4-jutas-toricas-admision-m1-6-jtd-fiat-scudo-citroen-peugeot-nuevo-original\/"},"modified":"2021-09-06T09:15:15","modified_gmt":"2021-09-06T07:15:15","slug":"9649829380-pack-4-jutas-toricas-admision-m1-6-jtd-fiat-scudo-citroen-peugeot-nuevo-original","status":"publish","type":"product","link":"https:\/\/galicianparts.com\/shop\/producto\/9649829380-pack-4-jutas-toricas-admision-m1-6-jtd-fiat-scudo-citroen-peugeot-nuevo-original\/","title":{"rendered":"9649829380 Pack 4 jutas t\u00f3ricas admisi\u00f3n M1.6 JTD Fiat Scudo \/ Citroen \/ Peugeot NUEVO ORIGINAL"},"content":{"rendered":"<p>Set, juego de cuatro juntas t\u00f3ricas del colector de admisi\u00f3n de 6mm de espesor por 30mm de di\u00e1metro interior de los motores 1600CC JTD de:<br \/>\nFIAT PROFESSIONAL &#8211; 3H NUOVO SCUDO (2007-&#8230;.)<br \/>\nCITROEN &#8211; JUMPY<br \/>\nPEUGEOT &#8211; EXPERT<\/p>\n<p>LA PIEZA ES NUEVA Y ORIGINAL.<\/p>\n","protected":false},"excerpt":{"rendered":"<p>Set, juego de cuatro juntas t\u00f3ricas del colector de admisi\u00f3n de 6mm de espesor por 30mm de di\u00e1metro interior de los motores 1600CC JTD de: FIAT PROFESSIONAL &#8211; 3H NUOVO SCUDO (2007-&#8230;.) CITROEN &#8211; JUMPY PEUGEOT &#8211; EXPERT LA PIEZA ES NUEVA Y ORIGINAL.<\/p>\n","protected":false},"featured_media":30736,"template":"","meta":{"_seopress_robots_primary_cat":"","_seopress_titles_title":"","_seopress_titles_desc":"","_seopress_robots_index":""},"product_cat":[23,156,20,138,24,104],"product_tag":[],"class_list":{"0":"post-30735","1":"product","2":"type-product","3":"status-publish","4":"has-post-thumbnail","6":"product_cat-recambios-citroen","7":"product_cat-recambios-peugeot-expert","8":"product_cat-recambios-fiat","9":"product_cat-recambios-citroen-jumpy","10":"product_cat-recambios-peugeot","11":"product_cat-recambios-fiat-scudo","13":"first","14":"instock","15":"taxable","16":"shipping-taxable","17":"purchasable","18":"product-type-simple"},"_links":{"self":[{"href":"https:\/\/galicianparts.com\/shop\/wp-json\/wp\/v2\/product\/30735"}],"collection":[{"href":"https:\/\/galicianparts.com\/shop\/wp-json\/wp\/v2\/product"}],"about":[{"href":"https:\/\/galicianparts.com\/shop\/wp-json\/wp\/v2\/types\/product"}],"wp:featuredmedia":[{"embeddable":true,"href":"https:\/\/galicianparts.com\/shop\/wp-json\/wp\/v2\/media\/30736"}],"wp:attachment":[{"href":"https:\/\/galicianparts.com\/shop\/wp-json\/wp\/v2\/media?parent=30735"}],"wp:term":[{"taxonomy":"product_cat","embeddable":true,"href":"https:\/\/galicianparts.com\/shop\/wp-json\/wp\/v2\/product_cat?post=30735"},{"taxonomy":"product_tag","embeddable":true,"href":"https:\/\/galicianparts.com\/shop\/wp-json\/wp\/v2\/product_tag?post=30735"}],"curies":[{"name":"wp","href":"https:\/\/api.w.org\/{rel}","templated":true}]}}