{"id":31457,"date":"2021-09-13T14:09:46","date_gmt":"2021-09-13T12:09:46","guid":{"rendered":"https:\/\/galicianparts.com\/shop\/producto\/77363467-regulador-alternador-fiat-scudo-ducato-ulysse-lancia-phedra-citroen-peugeot-nuevo-original\/"},"modified":"2022-03-15T12:06:47","modified_gmt":"2022-03-15T10:06:47","slug":"77363467-regulador-alternador-fiat-scudo-ducato-ulysse-lancia-phedra-citroen-peugeot-nuevo-original","status":"publish","type":"product","link":"https:\/\/galicianparts.com\/shop\/producto\/77363467-regulador-alternador-fiat-scudo-ducato-ulysse-lancia-phedra-citroen-peugeot-nuevo-original\/","title":{"rendered":"77363467 Regulador alternador Fiat Scudo \/ Ducato \/ Ulysse \/ Lancia Phedra \/ Citroen \/ Peugeot NUEVO ORIGINAL"},"content":{"rendered":"<p>Regulador de intensidad Valeo del alterador de los modelos di\u00e9sel de:<br \/>\nCITRO\u00cbN Jumpy I MPV (A\u00f1o 06.1994 &#8211; 12.2006)<br \/>\nCITRO\u00cbN Berlingo \/ Berlingo First I Furg\u00f3n (M) (A\u00f1o 07.1996 &#8211; 12.2011)<br \/>\nCITRO\u00cbN Berlingo \/ Berlingo First I (MF, GJK, GFK) (A\u00f1o 07.1996 &#8211; 12.2011)<br \/>\nCITRO\u00cbN Xsara Hatchback (N1) (A\u00f1o 04.1997 &#8211; 12.2005)<br \/>\nCITRO\u00cbN Xsara Familiar (N2) (A\u00f1o 10.1997 &#8211; 03.2010)<br \/>\nCITRO\u00cbN Jumper I Furg\u00f3n (230) (A\u00f1o 02.1994 &#8211; 04.2002)<br \/>\nCITRO\u00cbN Xsara Coup\u00e9 (N0) (A\u00f1o 01.1998 &#8211; 04.2005)<br \/>\nCITRO\u00cbN Xsara Picasso (N68) (A\u00f1o 12.1999 &#8211; 06.2012)<br \/>\nCITRO\u00cbN Jumpy I Furg\u00f3n (A\u00f1o 06.1994 &#8211; 10.2006)<br \/>\nCITRO\u00cbN Jumpy I Cami\u00f3n de plataforma\/Chasis (A\u00f1o 10.1999 &#8211; 10.2006)<br \/>\nCITRO\u00cbN C5 I Hatchback (A\u00f1o 03.2001 &#8211; 03.2005)<br \/>\nCITRO\u00cbN C5 I Familiar (A\u00f1o 06.2001 &#8211; 08.2004)<br \/>\nCITRO\u00cbN C3 I Hatchback (FC, FN) (A\u00f1o 02.2002 &#8211; &#8230;)<br \/>\nCITRO\u00cbN Jumper I Bus (244) (A\u00f1o 04.2002 &#8211; &#8230;)<br \/>\nCITRO\u00cbN Jumper I Furg\u00f3n (244) (A\u00f1o 04.2002 &#8211; &#8230;)<br \/>\nCITRO\u00cbN C8 (A\u00f1o 07.2002 &#8211; &#8230;)<br \/>\nCITRO\u00cbN Jumper I Cami\u00f3n de plataforma\/Chasis (244) (A\u00f1o 02.2002 &#8211; &#8230;)<br \/>\nCITRO\u00cbN C3 Pluriel (A\u00f1o 05.2003 &#8211; &#8230;)<br \/>\nCITRO\u00cbN C2 Hatchback (JM) (A\u00f1o 09.2003 &#8211; 09.2017)<br \/>\nCITRO\u00cbN C4 Coup\u00e9 (A\u00f1o 11.2004 &#8211; 07.2011)<br \/>\nCITRO\u00cbN C4 I Hatchback (A\u00f1o 11.2004 &#8211; 07.2011)<br \/>\nCITRO\u00cbN C5 II Hatchback (A\u00f1o 08.2004 &#8211; &#8230;)<br \/>\nCITRO\u00cbN C5 II Familiar (A\u00f1o 09.2004 &#8211; &#8230;)<br \/>\nCITRO\u00cbN C1 I (A\u00f1o 06.2005 &#8211; 09.2014)<br \/>\nCITRO\u00cbN C4 I Picasso (UD) (A\u00f1o 10.2006 &#8211; 10.2013)<br \/>\nCITRO\u00cbN Jumpy II MPV (VF7) (A\u00f1o 01.2007 &#8211; &#8230;)<br \/>\nCITRO\u00cbN Jumpy II Furg\u00f3n (A\u00f1o 01.2007 &#8211; &#8230;)<br \/>\nCITRO\u00cbN C4 I Grand Picasso (A\u00f1o 10.2006 &#8211; 12.2013)<br \/>\nCITRO\u00cbN C5 III Berlina (A\u00f1o 02.2008 &#8211; &#8230;)<br \/>\nCITRO\u00cbN C5 III Familiar (RW) (A\u00f1o 02.2008 &#8211; &#8230;)<br \/>\nCITRO\u00cbN Berlingo II (B9) (A\u00f1o 04.2008 &#8211; &#8230;)<br \/>\nCITRO\u00cbN Berlingo II Furg\u00f3n (B9) (A\u00f1o 04.2008 &#8211; &#8230;)<br \/>\nCITRO\u00cbN C3 Picasso (A\u00f1o 02.2009 &#8211; &#8230;)<br \/>\nCITRO\u00cbN C3 II (SC) (A\u00f1o 11.2009 &#8211; &#8230;)<br \/>\nCITRO\u00cbN C4 I Berlina (A\u00f1o 07.2006 &#8211; &#8230;)<br \/>\nCITRO\u00cbN C2 Enterprise (JG) (A\u00f1o 04.2009 &#8211; 12.2009)<br \/>\nCITRO\u00cbN C4 II Hatchback (A\u00f1o 11.2009 &#8211; &#8230;)<br \/>\nCITRO\u00cbN Xsara Furg\u00f3n \/ Familiar (A\u00f1o 05.1998 &#8211; 08.2005)<br \/>\nFIAT Ducato II Furg\u00f3n (230L) (A\u00f1o 03.1994 &#8211; 05.2005)<br \/>\nFIAT Scudo I Familiar (220) (A\u00f1o 02.1996 &#8211; 12.2006)<br \/>\nFIAT Ducato II Bus (230) (A\u00f1o 03.1994 &#8211; 04.2002)<br \/>\nFIAT Scudo I Furg\u00f3n (220) (A\u00f1o 02.1996 &#8211; 12.2006)<br \/>\nFIAT Ducato II Cami\u00f3n de plataforma\/Chasis (230) (A\u00f1o 03.1994 &#8211; 04.2002)<br \/>\nFIAT Ducato II Bus (244) (A\u00f1o 04.2002 &#8211; &#8230;)<br \/>\nFIAT Ducato II Furg\u00f3n (244) (A\u00f1o 04.2002 &#8211; &#8230;)<br \/>\nFIAT Ducato II Cami\u00f3n de plataforma\/Chasis (244) (A\u00f1o 04.2002 &#8211; &#8230;)<br \/>\nFIAT Ulysse II (179) (A\u00f1o 08.2002 &#8211; 06.2011)<br \/>\nFIAT Scudo II (270, 272) (A\u00f1o 01.2007 &#8211; &#8230;)<br \/>\nFIAT Scudo II Furg\u00f3n (270, 272) (A\u00f1o 01.2007 &#8211; &#8230;)<br \/>\nFIAT Scudo II Cami\u00f3n de plataforma \/ Chasis (270, 272) (A\u00f1o 01.2007 &#8211; &#8230;)<br \/>\nFIAT Scudo I Cami\u00f3n de plataforma\/Chasis (220) (A\u00f1o 09.1996 &#8211; 12.2006)<br \/>\nLANCIA Phedra (179) (A\u00f1o 09.2002 &#8211; 11.2010)<br \/>\nPEUGEOT 406 Berlina (A\u00f1o 10.1995 &#8211; 01.2005)<br \/>\nPEUGEOT Expert I (224) (A\u00f1o 10.1995 &#8211; 12.2006)<br \/>\nPEUGEOT 406 Familiar (A\u00f1o 10.1996 &#8211; 10.2004)<br \/>\nPEUGEOT Partner I Furg\u00f3n (A\u00f1o 04.1996 &#8211; 12.2015)<br \/>\nPEUGEOT Partner I Combispace (A\u00f1o 05.1996 &#8211; 12.2015)<br \/>\nPEUGEOT Expert I Furg\u00f3n (A\u00f1o 07.1995 &#8211; 12.2006)<br \/>\nPEUGEOT Expert I Cami\u00f3n de plataforma\/Chasis (A\u00f1o 12.1995 &#8211; 12.2006)<br \/>\nPEUGEOT 406 Coup\u00e9 (A\u00f1o 03.1997 &#8211; 02.2005)<br \/>\nPEUGEOT 206 Hatchback (2A\/C) (A\u00f1o 08.1998 &#8211; 12.2012)<br \/>\nPEUGEOT 607 Berlina (A\u00f1o 01.2000 &#8211; &#8230;)<br \/>\nPEUGEOT 206 CC (2D) (A\u00f1o 09.2000 &#8211; 12.2008)<br \/>\nPEUGEOT 307 Hatchback (3A\/C) (A\u00f1o 08.2000 &#8211; 12.2012)<br \/>\nPEUGEOT 307 SW (3H) (A\u00f1o 03.2002 &#8211; 12.2009)<br \/>\nPEUGEOT 807 (A\u00f1o 06.2002 &#8211; &#8230;)<br \/>\nPEUGEOT 206 SW (2E\/K) (A\u00f1o 07.2002 &#8211; &#8230;)<br \/>\nPEUGEOT 307 CC (3B) (A\u00f1o 10.2003 &#8211; 06.2009)<br \/>\nPEUGEOT 407 Berlina (A\u00f1o 05.2004 &#8211; 12.2011)<br \/>\nPEUGEOT 307 Familiar (3E) (A\u00f1o 03.2002 &#8211; 12.2009)<br \/>\nPEUGEOT 407 SW (A\u00f1o 05.2004 &#8211; 12.2011)<br \/>\nPEUGEOT 1007 Hatchback (A\u00f1o 04.2005 &#8211; &#8230;)<br \/>\nPEUGEOT 107 Hatchback (PM, PN) (A\u00f1o 06.2005 &#8211; 05.2014)<br \/>\nPEUGEOT 407 Coup\u00e9 (A\u00f1o 10.2005 &#8211; &#8230;)<br \/>\nPEUGEOT 207 Hatchback (A\u00f1o 02.2006 &#8211; 12.2015)<br \/>\nPEUGEOT 206 Berlina (A\u00f1o 03.2007 &#8211; &#8230;)<br \/>\nPEUGEOT 207 CC (A\u00f1o 02.2007 &#8211; 01.2015)<br \/>\nPEUGEOT Expert II Tepee (VF3X) (A\u00f1o 01.2007 &#8211; &#8230;)<br \/>\nPEUGEOT Expert II Furg\u00f3n (A\u00f1o 01.2007 &#8211; &#8230;)<br \/>\nPEUGEOT Expert II Cami\u00f3n de plataforma\/Chasis (A\u00f1o 01.2007 &#8211; &#8230;)<br \/>\nPEUGEOT 308 I Hatchback (4A, 4C) (A\u00f1o 09.2007 &#8211; 12.2016)<br \/>\nPEUGEOT 207 SW (A\u00f1o 02.2007 &#8211; 12.2013)<br \/>\nPEUGEOT Partner II Tepee (A\u00f1o 04.2008 &#8211; &#8230;)<br \/>\nPEUGEOT Partner II Furg\u00f3n (A\u00f1o 04.2008 &#8211; &#8230;)<br \/>\nPEUGEOT 308 I SW (4E, 4H) (A\u00f1o 09.2007 &#8211; 10.2014)<br \/>\nPEUGEOT 308 I CC (4B) (A\u00f1o 04.2009 &#8211; 12.2015)<br \/>\nPEUGEOT 3008 I (0U_) (A\u00f1o 06.2009 &#8211; 12.2017)<br \/>\nPEUGEOT Bipper Tepee (A\u00f1o 04.2008 &#8211; &#8230;)<br \/>\nPEUGEOT 5008 I (0U_, 0E_) (A\u00f1o 06.2009 &#8211; 03.2017)<br \/>\nPEUGEOT 207 Van (WA, WC) (A\u00f1o 04.2007 &#8211; &#8230;)<br \/>\nPEUGEOT 206+ Hatchback (2L, 2M) (A\u00f1o 01.2009 &#8211; 08.2013)<\/p>\n<p>LA PIEZA ES NUEVA Y ORIGINAL VALEO.<\/p>\n","protected":false},"excerpt":{"rendered":"<p>Regulador de intensidad Valeo del alterador de los modelos di\u00e9sel de: CITRO\u00cbN Jumpy I MPV (A\u00f1o 06.1994 &#8211; 12.2006) CITRO\u00cbN Berlingo \/ Berlingo First I Furg\u00f3n (M) (A\u00f1o 07.1996 &#8211; 12.2011) CITRO\u00cbN Berlingo \/ Berlingo First I (MF, GJK, GFK) (A\u00f1o 07.1996 &#8211; 12.2011) CITRO\u00cbN Xsara Hatchback (N1) (A\u00f1o 04.1997 &#8211; 12.2005) CITRO\u00cbN Xsara Familiar [&hellip;]<\/p>\n","protected":false},"featured_media":31458,"template":"","meta":{"_seopress_robots_primary_cat":"","_seopress_titles_title":"","_seopress_titles_desc":"","_seopress_robots_index":""},"product_cat":[146,328,336,148,251,151,152,337,183,182,129,154,246,174,175,134,135,181,23,88,156,20,137,138,21,158,24,122,104,113,143],"product_tag":[],"class_list":{"0":"post-31457","1":"product","2":"type-product","3":"status-publish","4":"has-post-thumbnail","6":"product_cat-recambios-peugeot-206","7":"product_cat-recambios-peugeot-207","8":"product_cat-recambios-peugeot-3008","9":"product_cat-recambios-peugeot-307","10":"product_cat-recambios-peugeot-308","11":"product_cat-recambios-peugeot-406","12":"product_cat-recambios-peugeot-407","13":"product_cat-recambios-peugeot-5008","14":"product_cat-recambios-peugeot-607","15":"product_cat-recambios-peugeot-807","16":"product_cat-recambios-citroen-berlingo","17":"product_cat-recambios-peugeot-bipper","18":"product_cat-recambios-citroen-c1","19":"product_cat-recambios-citroen-c2","20":"product_cat-recambios-citroen-c3","21":"product_cat-recambios-citroen-c4","22":"product_cat-recambios-citroen-c5","23":"product_cat-recambios-citroen-c8","24":"product_cat-recambios-citroen","25":"product_cat-recambios-fiat-ducato","26":"product_cat-recambios-peugeot-expert","27":"product_cat-recambios-fiat","28":"product_cat-recambios-citroen-jumper","29":"product_cat-recambios-citroen-jumpy","30":"product_cat-recambios-lancia","31":"product_cat-recambios-peugeot-partner","32":"product_cat-recambios-peugeot","33":"product_cat-recambios-lancia-phedra","34":"product_cat-recambios-fiat-scudo","35":"product_cat-recambios-fiat-ulysse","36":"product_cat-recambios-citroen-xsara","38":"first","39":"outofstock","40":"taxable","41":"shipping-taxable","42":"purchasable","43":"product-type-simple"},"_links":{"self":[{"href":"https:\/\/galicianparts.com\/shop\/wp-json\/wp\/v2\/product\/31457"}],"collection":[{"href":"https:\/\/galicianparts.com\/shop\/wp-json\/wp\/v2\/product"}],"about":[{"href":"https:\/\/galicianparts.com\/shop\/wp-json\/wp\/v2\/types\/product"}],"wp:featuredmedia":[{"embeddable":true,"href":"https:\/\/galicianparts.com\/shop\/wp-json\/wp\/v2\/media\/31458"}],"wp:attachment":[{"href":"https:\/\/galicianparts.com\/shop\/wp-json\/wp\/v2\/media?parent=31457"}],"wp:term":[{"taxonomy":"product_cat","embeddable":true,"href":"https:\/\/galicianparts.com\/shop\/wp-json\/wp\/v2\/product_cat?post=31457"},{"taxonomy":"product_tag","embeddable":true,"href":"https:\/\/galicianparts.com\/shop\/wp-json\/wp\/v2\/product_tag?post=31457"}],"curies":[{"name":"wp","href":"https:\/\/api.w.org\/{rel}","templated":true}]}}