{"id":31824,"date":"2021-09-16T11:49:20","date_gmt":"2021-09-16T09:49:20","guid":{"rendered":"https:\/\/galicianparts.com\/shop\/producto\/46468192-tapacubo-central-llanta-lancia-kappa-1998-2001-nuevo-original\/"},"modified":"2021-11-09T12:38:56","modified_gmt":"2021-11-09T10:38:56","slug":"46468192-tapacubo-central-llanta-lancia-kappa-1998-2001-nuevo-original","status":"publish","type":"product","link":"https:\/\/galicianparts.com\/shop\/producto\/46468192-tapacubo-central-llanta-lancia-kappa-1998-2001-nuevo-original\/","title":{"rendered":"46468192 Tapacubo central llanta Lancia Kappa (1998-2001) NUEVO ORIGINAL"},"content":{"rendered":"<p>Tapacubos de 153mm de di\u00e1metro exterior y 57mm de di\u00e1metro de anclaje, embellecedor central de las llantas de aleaci\u00f3n de:<br \/>\nLANCIA &#8211; SS KAPPA 3.0 V6 ST.W. LS (1998-2001)<br \/>\nLANCIA &#8211; SP KAPPA BZ 2000cc 16v TB ST.W. (1998-2001)<br \/>\nLANCIA &#8211; SR KAPPA 2400cc JTD SW.LS  (1998-2001)<\/p>\n<p>LA PIEZA ES NUEVA Y ORIGINAL.<\/p>\n","protected":false},"excerpt":{"rendered":"<p>Tapacubos de 153mm de di\u00e1metro exterior y 57mm de di\u00e1metro de anclaje, embellecedor central de las llantas de aleaci\u00f3n de: LANCIA &#8211; SS KAPPA 3.0 V6 ST.W. LS (1998-2001) LANCIA &#8211; SP KAPPA BZ 2000cc 16v TB ST.W. (1998-2001) LANCIA &#8211; SR KAPPA 2400cc JTD SW.LS (1998-2001) LA PIEZA ES NUEVA Y ORIGINAL.<\/p>\n","protected":false},"featured_media":31825,"template":"","meta":{"_seopress_robots_primary_cat":"","_seopress_titles_title":"","_seopress_titles_desc":"","_seopress_robots_index":""},"product_cat":[119,21],"product_tag":[],"class_list":{"0":"post-31824","1":"product","2":"type-product","3":"status-publish","4":"has-post-thumbnail","6":"product_cat-recambios-lancia-kappa","7":"product_cat-recambios-lancia","9":"first","10":"outofstock","11":"taxable","12":"shipping-taxable","13":"purchasable","14":"product-type-simple"},"_links":{"self":[{"href":"https:\/\/galicianparts.com\/shop\/wp-json\/wp\/v2\/product\/31824"}],"collection":[{"href":"https:\/\/galicianparts.com\/shop\/wp-json\/wp\/v2\/product"}],"about":[{"href":"https:\/\/galicianparts.com\/shop\/wp-json\/wp\/v2\/types\/product"}],"wp:featuredmedia":[{"embeddable":true,"href":"https:\/\/galicianparts.com\/shop\/wp-json\/wp\/v2\/media\/31825"}],"wp:attachment":[{"href":"https:\/\/galicianparts.com\/shop\/wp-json\/wp\/v2\/media?parent=31824"}],"wp:term":[{"taxonomy":"product_cat","embeddable":true,"href":"https:\/\/galicianparts.com\/shop\/wp-json\/wp\/v2\/product_cat?post=31824"},{"taxonomy":"product_tag","embeddable":true,"href":"https:\/\/galicianparts.com\/shop\/wp-json\/wp\/v2\/product_tag?post=31824"}],"curies":[{"name":"wp","href":"https:\/\/api.w.org\/{rel}","templated":true}]}}