{"id":32041,"date":"2021-09-17T14:21:21","date_gmt":"2021-09-17T12:21:21","guid":{"rendered":"https:\/\/galicianparts.com\/shop\/producto\/4365569-rotula-inferior-suspension-delantera-fiat-124-132-125-argenta-seat-124-nueva-original\/"},"modified":"2023-08-10T14:19:18","modified_gmt":"2023-08-10T12:19:18","slug":"4365569-rotula-inferior-suspension-delantera-fiat-124-132-125-argenta-seat-124-nueva-original","status":"publish","type":"product","link":"https:\/\/galicianparts.com\/shop\/producto\/4365569-rotula-inferior-suspension-delantera-fiat-124-132-125-argenta-seat-124-nueva-original\/","title":{"rendered":"4365569 R\u00f3tula inferior suspensi\u00f3n delantera Fiat 124 \/ 132 \/ 125 \/Argenta \/Seat 124 NUEVA ORIGINAL"},"content":{"rendered":"<p>R\u00f3tula M14 del brazo oscilante inferior de la suspensi\u00f3n delantera de:<br \/>\nFIAT 124 Sport Spider (124) (A\u00f1o 01.1966 &#8211; 11.1985)<br \/>\nFIAT Argenta (132) (A\u00f1o 05.1977 &#8211; 03.1987)<br \/>\nFIAT 124 Berlina (124) (A\u00f1o 07.1966 &#8211; 07.1975)<br \/>\nFIAT 124 Familiare (124) (A\u00f1o 04.1967 &#8211; 03.1975)<br \/>\nFIAT 124 Coup\u00e9 (124) (A\u00f1o 06.1967 &#8211; 02.1976)<br \/>\nFIAT 125 Berlina (125) (A\u00f1o 07.1967 &#8211; 03.1974)<br \/>\nFIAT 132 (132_) (A\u00f1o 04.1972 &#8211; 12.1982)<br \/>\nSEAT 124 Berlina (A\u00f1o 01.1968 &#8211; 10.1980)<br \/>\nSEAT 124 Familiar (A\u00f1o 01.1970 &#8211; 12.1976)<\/p>\n<p>LA PIEZA ES NUEVA Y ORIGINAL.<\/p>\n","protected":false},"excerpt":{"rendered":"<p>R\u00f3tula M14 del brazo oscilante inferior de la suspensi\u00f3n delantera de: FIAT 124 Sport Spider (124) (A\u00f1o 01.1966 &#8211; 11.1985) FIAT Argenta (132) (A\u00f1o 05.1977 &#8211; 03.1987) FIAT 124 Berlina (124) (A\u00f1o 07.1966 &#8211; 07.1975) FIAT 124 Familiare (124) (A\u00f1o 04.1967 &#8211; 03.1975) FIAT 124 Coup\u00e9 (124) (A\u00f1o 06.1967 &#8211; 02.1976) FIAT 125 Berlina (125) [&hellip;]<\/p>\n","protected":false},"featured_media":32042,"template":"","meta":{"_seopress_robots_primary_cat":"","_seopress_titles_title":"","_seopress_titles_desc":"","_seopress_robots_index":""},"product_cat":[159,65,66,71,79,20,26],"product_tag":[],"class_list":{"0":"post-32041","1":"product","2":"type-product","3":"status-publish","4":"has-post-thumbnail","6":"product_cat-recambios-seat-124","7":"product_cat-recambios-fiat-124","8":"product_cat-recambios-fiat-125","9":"product_cat-recambios-fiat-132","10":"product_cat-recambios-fiat-argenta","11":"product_cat-recambios-fiat","12":"product_cat-recambios-seat","14":"first","15":"outofstock","16":"taxable","17":"shipping-taxable","18":"purchasable","19":"product-type-simple"},"_links":{"self":[{"href":"https:\/\/galicianparts.com\/shop\/wp-json\/wp\/v2\/product\/32041"}],"collection":[{"href":"https:\/\/galicianparts.com\/shop\/wp-json\/wp\/v2\/product"}],"about":[{"href":"https:\/\/galicianparts.com\/shop\/wp-json\/wp\/v2\/types\/product"}],"wp:featuredmedia":[{"embeddable":true,"href":"https:\/\/galicianparts.com\/shop\/wp-json\/wp\/v2\/media\/32042"}],"wp:attachment":[{"href":"https:\/\/galicianparts.com\/shop\/wp-json\/wp\/v2\/media?parent=32041"}],"wp:term":[{"taxonomy":"product_cat","embeddable":true,"href":"https:\/\/galicianparts.com\/shop\/wp-json\/wp\/v2\/product_cat?post=32041"},{"taxonomy":"product_tag","embeddable":true,"href":"https:\/\/galicianparts.com\/shop\/wp-json\/wp\/v2\/product_tag?post=32041"}],"curies":[{"name":"wp","href":"https:\/\/api.w.org\/{rel}","templated":true}]}}