{"id":32277,"date":"2021-09-21T12:10:58","date_gmt":"2021-09-21T10:10:58","guid":{"rendered":"https:\/\/galicianparts.com\/shop\/producto\/7758816-pinon-inferior-distribucion-lancia-delta-integrale-dedra-thema-fiat-nuevo-original\/"},"modified":"2021-11-22T12:24:53","modified_gmt":"2021-11-22T10:24:53","slug":"7758816-pinon-inferior-distribucion-lancia-delta-integrale-dedra-thema-fiat-nuevo-original","status":"publish","type":"product","link":"https:\/\/galicianparts.com\/shop\/producto\/7758816-pinon-inferior-distribucion-lancia-delta-integrale-dedra-thema-fiat-nuevo-original\/","title":{"rendered":"7758816 Pi\u00f1\u00f3n inferior distribuci\u00f3n Lancia Delta Integrale \/ Dedra \/ Thema \/ Fiat NUEVO ORIGINAL"},"content":{"rendered":"<p>Engranaje del cig\u00fce\u00f1al de la correa dentada de:<br \/>\nDi\u00e1metro: 62mm<br \/>\nAncho: 30mm<br \/>\nN\u00ba Dientes: 21<\/p>\n<p>FIAT &#8211; MY CROMA IE-IE TB. FL.90 2000cc 8V 2000cc 8V TB (1990-1996)<br \/>\nFIAT &#8211; MW TEMPRA 1750cc 2000cc (1993)<br \/>\nFIAT &#8211; NZ TEMPRA MAQ.93 1750cc 2000cc (&#8217;93-&#8217;96)<br \/>\nFIAT &#8211; NG TIPO 1750cc 2000cc (1993-1993)<br \/>\nFIAT &#8211; NU TIPO MQ.93 1750cc 2000cc (1993-1995)<br \/>\nLANCIA &#8211; RY DEDRA BENZINA 1800cc 2000cc (1993-1994)<br \/>\nLANCIA &#8211; SL DEDRA FL.94 1750cc 2000cc (1994-1999)<br \/>\nLANCIA &#8211; RJ DEDRA IE.TB.INTEGRALE (1990-1994)<br \/>\nLANCIA &#8211; RT DELTA 4WD 2000cc 8v (1986-1991)<br \/>\nLANCIA &#8211; SA DELTA EVO I 2000cc 8v (1991-1994)<br \/>\nLANCIA &#8211; SF N.DELTA 1750cc (1993-1999)<br \/>\nLANCIA &#8211; SZ THEMA 2000cc 8V 2000cc 8V TB R.88 (1988-1992)<br \/>\nLANCIA &#8211; SE THEMA I.E. 8V FL.92 (1992-1994)<\/p>\n<p>LA PIEZA ES NUEVA Y ORIGINAL.<\/p>\n","protected":false},"excerpt":{"rendered":"<p>Engranaje del cig\u00fce\u00f1al de la correa dentada de: Di\u00e1metro: 62mm Ancho: 30mm N\u00ba Dientes: 21 FIAT &#8211; MY CROMA IE-IE TB. FL.90 2000cc 8V 2000cc 8V TB (1990-1996) FIAT &#8211; MW TEMPRA 1750cc 2000cc (1993) FIAT &#8211; NZ TEMPRA MAQ.93 1750cc 2000cc (&#8217;93-&#8217;96) FIAT &#8211; NG TIPO 1750cc 2000cc (1993-1993) FIAT &#8211; NU TIPO MQ.93 [&hellip;]<\/p>\n","protected":false},"featured_media":32278,"template":"","meta":{"_seopress_robots_primary_cat":"","_seopress_titles_title":"","_seopress_titles_desc":"","_seopress_robots_index":""},"product_cat":[86,117,118,20,21,111,124,112],"product_tag":[],"class_list":{"0":"post-32277","1":"product","2":"type-product","3":"status-publish","4":"has-post-thumbnail","6":"product_cat-recambios-fiat-croma","7":"product_cat-recambios-lancia-dedra","8":"product_cat-recambios-lancia-delta","9":"product_cat-recambios-fiat","10":"product_cat-recambios-lancia","11":"product_cat-recambios-fiat-tempra","12":"product_cat-recambios-lancia-thema","13":"product_cat-recambios-fiat-tipo","15":"first","16":"outofstock","17":"taxable","18":"shipping-taxable","19":"purchasable","20":"product-type-simple"},"_links":{"self":[{"href":"https:\/\/galicianparts.com\/shop\/wp-json\/wp\/v2\/product\/32277"}],"collection":[{"href":"https:\/\/galicianparts.com\/shop\/wp-json\/wp\/v2\/product"}],"about":[{"href":"https:\/\/galicianparts.com\/shop\/wp-json\/wp\/v2\/types\/product"}],"wp:featuredmedia":[{"embeddable":true,"href":"https:\/\/galicianparts.com\/shop\/wp-json\/wp\/v2\/media\/32278"}],"wp:attachment":[{"href":"https:\/\/galicianparts.com\/shop\/wp-json\/wp\/v2\/media?parent=32277"}],"wp:term":[{"taxonomy":"product_cat","embeddable":true,"href":"https:\/\/galicianparts.com\/shop\/wp-json\/wp\/v2\/product_cat?post=32277"},{"taxonomy":"product_tag","embeddable":true,"href":"https:\/\/galicianparts.com\/shop\/wp-json\/wp\/v2\/product_tag?post=32277"}],"curies":[{"name":"wp","href":"https:\/\/api.w.org\/{rel}","templated":true}]}}