{"id":32825,"date":"2021-09-29T13:05:01","date_gmt":"2021-09-29T11:05:01","guid":{"rendered":"https:\/\/galicianparts.com\/shop\/producto\/46531688-filtro-combustible-m1-9-d-fiat-punto-doblo-plaio-strada-siena-nuevo-orginal\/"},"modified":"2021-09-29T13:08:58","modified_gmt":"2021-09-29T11:08:58","slug":"46531688-filtro-combustible-m1-9-d-fiat-punto-doblo-plaio-strada-siena-nuevo-orginal","status":"publish","type":"product","link":"https:\/\/galicianparts.com\/shop\/producto\/46531688-filtro-combustible-m1-9-d-fiat-punto-doblo-plaio-strada-siena-nuevo-orginal\/","title":{"rendered":"46531688 Filtro combustible M1.9 D Fiat Punto \/ Doblo \/ Plaio \/ Strada \/ Siena NUEVO ORGINAL"},"content":{"rendered":"<p>46737091 Filtro de di\u00e9sel de los modelos con motor 1900cc DS de:<br \/>\nFIAT Palio I Weekend (178) (A\u00f1o 04.1996 &#8211; &#8230;)<br \/>\n1.9 D, A\u00f1o 03.2001 &#8211; &#8230;, 1910 , 63<br \/>\nFIAT Strada Pick-up (178) (A\u00f1o 03.1998 &#8211; &#8230;)<br \/>\n1.9 D, A\u00f1o 12.2000 &#8211; &#8230;, 1910 , 63<br \/>\nFIAT Punto II Hatchback (188) (A\u00f1o 09.1999 &#8211; 07.2012)<br \/>\n1.9 DS 60, A\u00f1o 09.1999 &#8211; 03.2012, 1910 , 60<br \/>\nFIAT Doblo I Familiar (119, 223) (A\u00f1o 03.2001 &#8211; &#8230;)<br \/>\n1.9 D, A\u00f1o 03.2001 &#8211; &#8230;, 1910 , 63<br \/>\nFIAT Doblo I Cargo (223) (A\u00f1o 11.2000 &#8211; &#8230;)<br \/>\n1.9 D, A\u00f1o 03.2001 &#8211; &#8230;, 1910 , 63<br \/>\nFIAT Punto II Van (188) (A\u00f1o 02.2000 &#8211; 10.2009)<br \/>\n1.9 D 60, A\u00f1o 02.2000 &#8211; 10.2009, 1910 , 60<\/p>\n<p>LA PIEZA ES NUEVA Y ORIGINAL.<\/p>\n","protected":false},"excerpt":{"rendered":"<p>46737091 Filtro de di\u00e9sel de los modelos con motor 1900cc DS de: FIAT Palio I Weekend (178) (A\u00f1o 04.1996 &#8211; &#8230;) 1.9 D, A\u00f1o 03.2001 &#8211; &#8230;, 1910 , 63 FIAT Strada Pick-up (178) (A\u00f1o 03.1998 &#8211; &#8230;) 1.9 D, A\u00f1o 12.2000 &#8211; &#8230;, 1910 , 63 FIAT Punto II Hatchback (188) (A\u00f1o 09.1999 &#8211; [&hellip;]<\/p>\n","protected":false},"featured_media":32826,"template":"","meta":{"_seopress_robots_primary_cat":"","_seopress_titles_title":"","_seopress_titles_desc":"","_seopress_robots_index":""},"product_cat":[87,20,98,101,107,109],"product_tag":[],"class_list":{"0":"post-32825","1":"product","2":"type-product","3":"status-publish","4":"has-post-thumbnail","6":"product_cat-recambios-fiat-doblo","7":"product_cat-recambios-fiat","8":"product_cat-recambios-fiat-palio","9":"product_cat-recambios-fiat-punto","10":"product_cat-recambios-fiat-siena","11":"product_cat-recambios-fiat-strada","13":"first","14":"instock","15":"taxable","16":"shipping-taxable","17":"purchasable","18":"product-type-simple"},"_links":{"self":[{"href":"https:\/\/galicianparts.com\/shop\/wp-json\/wp\/v2\/product\/32825"}],"collection":[{"href":"https:\/\/galicianparts.com\/shop\/wp-json\/wp\/v2\/product"}],"about":[{"href":"https:\/\/galicianparts.com\/shop\/wp-json\/wp\/v2\/types\/product"}],"wp:featuredmedia":[{"embeddable":true,"href":"https:\/\/galicianparts.com\/shop\/wp-json\/wp\/v2\/media\/32826"}],"wp:attachment":[{"href":"https:\/\/galicianparts.com\/shop\/wp-json\/wp\/v2\/media?parent=32825"}],"wp:term":[{"taxonomy":"product_cat","embeddable":true,"href":"https:\/\/galicianparts.com\/shop\/wp-json\/wp\/v2\/product_cat?post=32825"},{"taxonomy":"product_tag","embeddable":true,"href":"https:\/\/galicianparts.com\/shop\/wp-json\/wp\/v2\/product_tag?post=32825"}],"curies":[{"name":"wp","href":"https:\/\/api.w.org\/{rel}","templated":true}]}}