{"id":33357,"date":"2021-10-05T09:40:25","date_gmt":"2021-10-05T07:40:25","guid":{"rendered":"https:\/\/galicianparts.com\/shop\/producto\/7597565-pack-4-valvulas-escape-fiat-croma-1-9-td-1990-1996-nuevo-original\/"},"modified":"2025-12-01T15:21:28","modified_gmt":"2025-12-01T13:21:28","slug":"7597565-pack-4-valvulas-escape-fiat-croma-1-9-td-1990-1996-nuevo-original","status":"publish","type":"product","link":"https:\/\/galicianparts.com\/shop\/producto\/7597565-pack-4-valvulas-escape-fiat-croma-1-9-td-1990-1996-nuevo-original\/","title":{"rendered":"7597565 Pack 4 V\u00e1lvulas escape Fiat Croma 1.9 TD (1990-1996) NUEVO ORIGINAL"},"content":{"rendered":"<p>Set, juego de cuatro v\u00e1lvulas de escape del motor de:<br \/>\nDi\u00e1metro plato v\u00e1lvula: 33.5mm<br \/>\nDi\u00e1metro v\u00e1stago v\u00e1lvula: 8mm<br \/>\nLongitud: 114.3mm<br \/>\n\u00c1ngulo asiento v\u00e1lvula: 45\u00ba<\/p>\n<p>FIAT &#8211; MJ CROMA TURBO DIESEL FL.90 (1990-1996) 1930 (154C6.000) \/ 1930 (154D1.000)<\/p>\n<p>LA PIEZA ES NUEVA Y ORIGINAL.<\/p>\n","protected":false},"excerpt":{"rendered":"<p>Set, juego de cuatro v\u00e1lvulas de escape del motor de: Di\u00e1metro plato v\u00e1lvula: 33.5mm Di\u00e1metro v\u00e1stago v\u00e1lvula: 8mm Longitud: 114.3mm \u00c1ngulo asiento v\u00e1lvula: 45\u00ba FIAT &#8211; MJ CROMA TURBO DIESEL FL.90 (1990-1996) 1930 (154C6.000) \/ 1930 (154D1.000) LA PIEZA ES NUEVA Y ORIGINAL.<\/p>\n","protected":false},"featured_media":76382,"template":"","meta":{"_seopress_robots_primary_cat":"","_seopress_titles_title":"","_seopress_titles_desc":"","_seopress_robots_index":""},"product_cat":[86,20],"product_tag":[],"class_list":{"0":"post-33357","1":"product","2":"type-product","3":"status-publish","4":"has-post-thumbnail","6":"product_cat-recambios-fiat-croma","7":"product_cat-recambios-fiat","9":"first","10":"outofstock","11":"taxable","12":"shipping-taxable","13":"purchasable","14":"product-type-simple"},"_links":{"self":[{"href":"https:\/\/galicianparts.com\/shop\/wp-json\/wp\/v2\/product\/33357"}],"collection":[{"href":"https:\/\/galicianparts.com\/shop\/wp-json\/wp\/v2\/product"}],"about":[{"href":"https:\/\/galicianparts.com\/shop\/wp-json\/wp\/v2\/types\/product"}],"wp:featuredmedia":[{"embeddable":true,"href":"https:\/\/galicianparts.com\/shop\/wp-json\/wp\/v2\/media\/76382"}],"wp:attachment":[{"href":"https:\/\/galicianparts.com\/shop\/wp-json\/wp\/v2\/media?parent=33357"}],"wp:term":[{"taxonomy":"product_cat","embeddable":true,"href":"https:\/\/galicianparts.com\/shop\/wp-json\/wp\/v2\/product_cat?post=33357"},{"taxonomy":"product_tag","embeddable":true,"href":"https:\/\/galicianparts.com\/shop\/wp-json\/wp\/v2\/product_tag?post=33357"}],"curies":[{"name":"wp","href":"https:\/\/api.w.org\/{rel}","templated":true}]}}