{"id":33365,"date":"2021-10-05T10:07:01","date_gmt":"2021-10-05T08:07:01","guid":{"rendered":"https:\/\/galicianparts.com\/shop\/producto\/4335428-tapa-ciguenal-lancia-delta-evo-integrale-fiat-alfa-citroen-peugeot-nuevo-original\/"},"modified":"2021-11-17T22:16:03","modified_gmt":"2021-11-17T20:16:03","slug":"4335428-tapa-ciguenal-lancia-delta-evo-integrale-fiat-alfa-citroen-peugeot-nuevo-original","status":"publish","type":"product","link":"https:\/\/galicianparts.com\/shop\/producto\/4335428-tapa-ciguenal-lancia-delta-evo-integrale-fiat-alfa-citroen-peugeot-nuevo-original\/","title":{"rendered":"4335428 Tapa cig\u00fce\u00f1al Lancia Delta EVO \/ Integrale \/ Fiat \/ Alfa \/ Citroen \/ Peugeot NUEVO ORIGINAL"},"content":{"rendered":"<p>Tapa del c\u00e1rter, apoyo del ret\u00e9n del cig\u00fce\u00f1al del lado de la correa de distribuci\u00f3n de:<br \/>\nFIAT &#8211; 1V BRAVA DS (1995-1998)<br \/>\nFIAT &#8211; 1U BRAVO DS (1995-1998)<br \/>\nFIAT &#8211; PC COUPE&#8217; (1994-1996)<br \/>\nFIAT &#8211; MZ CROMA CHT FL.90 (1990-1992)<br \/>\nFIAT &#8211; MY CROMA IE-IE TB. FL.90 (1990-1996)<br \/>\nFIAT &#8211; MJ CROMA TURBO DS FL.90 (1990-1996)<br \/>\nFIAT &#8211; 2B DUNA DIESEL (1986-1990)<br \/>\nFIAT &#8211; XP ELBA CSL (1991-1996)<br \/>\nFIAT &#8211; XR MILLE (1994-1995)<br \/>\nFIAT &#8211; XS MILLE CLIP (1995-1997)<br \/>\nFIAT &#8211; 1X PALIO 2V EXTRA EUROPA (1997-2002)<br \/>\nFIAT &#8211; 2H PALIO 2V EXTRA EUROPA REST. 2002 (2002-2011)<br \/>\nFIAT &#8211; 3D PALIO 2V REST.2 (2005-2011)<br \/>\nFIAT &#8211; 1Y PALIO WE EXTRA EUROPA (1997-2002)<br \/>\nFIAT &#8211; 2K PALIO WE EXTRA EUROPA REST. 2002 (2002-2008)<br \/>\nFIAT &#8211; 3F PALIO WEEKEND REST.2 (2005-2009)<br \/>\nFIAT &#8211; PY PALIO\/WEEKEND EUROPA (1997-2002)<br \/>\nFIAT &#8211; NX PUNTO D-TD (1993-1997)<br \/>\nFIAT &#8211; 1B PUNTO TB.DS. GAMMA&#8217;97 (1997-1999)<br \/>\nFIAT &#8211; 2A SIENA EXTRA EUROPA (1997-2002)<br \/>\nFIAT &#8211; 2L SIENA EXTRA EUROPA REST.(2002-2012)<br \/>\nFIAT &#8211; 3E SIENA REST.2 (2005-2011)<br \/>\nFIAT &#8211; MW TEMPRA 1750-2000 (1989-1993)<br \/>\nFIAT &#8211; MX TEMPRA DIESEL-TURBO D.(1989-1993)<br \/>\nFIAT &#8211; NZ TEMPRA MAQ.93 1750-2000 (&#8217;93-&#8217;96)<br \/>\nFIAT &#8211; NJ TEMPRA MQ.93 D-TD (1993-1996)<br \/>\nFIAT &#8211; NG TIPO 1750-2000 (1990-1993)<br \/>\nFIAT &#8211; MF TIPO DIESEL-T.DS. (1987-1993)<br \/>\nFIAT &#8211; NT TIPO MAQ.93 D-TD (1993-1995)<br \/>\nFIAT &#8211; NU TIPO MQ.93 1750-2000 (1993-1995)<br \/>\nFIAT &#8211; MP TIPO SPORT 16V IE. (1988-1993)<br \/>\nFIAT &#8211; ML UNO CS (1988-1990)<br \/>\nFIAT &#8211; MU UNO DIESEL R\/89 (1989-1995)<br \/>\nFIAT &#8211; 1D UNO MONDO (1995-2010)<br \/>\nALFA ROMEO &#8211; U1 145 DS (1994-1996)<br \/>\nALFA ROMEO &#8211; T5 145 GAMMA 97 (1997-1999)<br \/>\nALFA ROMEO &#8211; U2 146 DS (1995-1996)<br \/>\nALFA ROMEO &#8211; T6 146 GAMMA 97 (1997-1999)<br \/>\nALFA ROMEO &#8211; T4 155 GAMMA 96 DS (1996-1997)<br \/>\nALFA ROMEO &#8211; U6 155 TURBO BZ-DS (1992-1996)<br \/>\nALFA ROMEO &#8211; K2 164 TURBO BZ.(1987-1992)<br \/>\nLANCIA &#8211; RY DEDRA BENZINA (1989-1994)<br \/>\nLANCIA &#8211; SL DEDRA FL.94 1750 8\/16V 2000 (1994-1999)<br \/>\nLANCIA &#8211; SM DEDRA FL.94 2.0 16v (1994-1999)<br \/>\nLANCIA &#8211; SN DEDRA FL.94 T.DS (1994-1999)<br \/>\nLANCIA &#8211; RJ DEDRA IE.TB.INTEGRALE (1990-1994)<br \/>\nLANCIA &#8211; RZ DEDRA TURBO DIESEL (1989-1994)<br \/>\nLANCIA &#8211; RT DELTA 4WD (1986-1991)<br \/>\nLANCIA &#8211; SA DELTA EVOLUZIONE (1991-1994)<br \/>\nLANCIA &#8211; TB DELTA R.86 HF TURBO (1986-1992)<br \/>\nLANCIA &#8211; TB DELTA R.86 BZ\/DS (1986-1992)<br \/>\nLANCIA &#8211; SV KAPPA COUPE&#8217; (1997-2001)<br \/>\nLANCIA &#8211; SP KAPPA BZ 2000 16v TB (1994-2001)<br \/>\nLANCIA &#8211; SF N.DELTA 1800cc (1993-1999)<br \/>\nLANCIA &#8211; SG N.DELTA 2000cc 16v \/ HPE (&#8217;93-&#8217;99)<br \/>\nLANCIA &#8211; SQ N.DELTA TB\/DS (1994-1999)<br \/>\nLANCIA &#8211; SZ THEMA R.88 2000cc 8\/16v TB (1988-1992)<br \/>\nLANCIA &#8211; SE THEMA I.E. 8V FL.92 (1992-1994)<br \/>\nLANCIA &#8211; SB THEMA IE. 16V FL.92 (1992-1994)<br \/>\nFIAT PROFESSIONAL &#8211; PE DUCATO&#8217;94 DIESEL (1994-2002)<br \/>\nFIAT PROFESSIONAL &#8211; 2M FIORINO (1991-1993)<br \/>\nFIAT PROFESSIONAL &#8211; 3A FIORINO EXPORT (2004-2008)<br \/>\nFIAT PROFESSIONAL &#8211; 2N FIORINO RL (1993-2000)<br \/>\nFIAT PROFESSIONAL &#8211; NA NUOVO DUCATO DS.R.90 (1990-1994)<br \/>\nFIAT PROFESSIONAL &#8211; 1G STRADA (1999-2005)<br \/>\nFIAT PROFESSIONAL &#8211; 3G STRADA REST. 2 (2005-2011)<br \/>\nFIAT PROFESSIONAL &#8211; NC TALENTO R.90 (1990-1994)<br \/>\nCITROEN &#8211; JUMPER<br \/>\nPEUGEOT &#8211; BOXER<\/p>\n<p>LA PIEZA ES NUEVA Y ORIGINAL.<\/p>\n","protected":false},"excerpt":{"rendered":"<p>Tapa del c\u00e1rter, apoyo del ret\u00e9n del cig\u00fce\u00f1al del lado de la correa de distribuci\u00f3n de: FIAT &#8211; 1V BRAVA DS (1995-1998) FIAT &#8211; 1U BRAVO DS (1995-1998) FIAT &#8211; PC COUPE&#8217; (1994-1996) FIAT &#8211; MZ CROMA CHT FL.90 (1990-1992) FIAT &#8211; MY CROMA IE-IE TB. FL.90 (1990-1996) FIAT &#8211; MJ CROMA TURBO DS FL.90 [&hellip;]<\/p>\n","protected":false},"featured_media":33366,"template":"","meta":{"_seopress_robots_primary_cat":"","_seopress_titles_title":"","_seopress_titles_desc":"","_seopress_robots_index":""},"product_cat":[45,46,48,54,16,155,81,82,23,85,86,117,118,88,89,90,20,91,137,119,21,98,24,101,107,109,110,111,124,112,114],"product_tag":[],"class_list":{"0":"post-33365","1":"product","2":"type-product","3":"status-publish","4":"has-post-thumbnail","6":"product_cat-recambios-alfa-romeo-145","7":"product_cat-recambios-alfa-romeo-146","8":"product_cat-recambios-alfa-romeo-155","9":"product_cat-recambios-alfa-romeo-164","10":"product_cat-recambios-alfa-romeo","11":"product_cat-recambios-peugeot-boxer","12":"product_cat-recambios-fiat-brava","13":"product_cat-recambios-fiat-bravo","14":"product_cat-recambios-citroen","15":"product_cat-recambios-fiat-coupe","16":"product_cat-recambios-fiat-croma","17":"product_cat-recambios-lancia-dedra","18":"product_cat-recambios-lancia-delta","19":"product_cat-recambios-fiat-ducato","20":"product_cat-recambios-fiat-duna","21":"product_cat-recambios-fiat-elba","22":"product_cat-recambios-fiat","23":"product_cat-recambios-fiat-fiorino","24":"product_cat-recambios-citroen-jumper","25":"product_cat-recambios-lancia-kappa","26":"product_cat-recambios-lancia","27":"product_cat-recambios-fiat-palio","28":"product_cat-recambios-peugeot","29":"product_cat-recambios-fiat-punto","30":"product_cat-recambios-fiat-siena","31":"product_cat-recambios-fiat-strada","32":"product_cat-recambios-fiat-talento","33":"product_cat-recambios-fiat-tempra","34":"product_cat-recambios-lancia-thema","35":"product_cat-recambios-fiat-tipo","36":"product_cat-recambios-fiat-uno","38":"first","39":"outofstock","40":"taxable","41":"shipping-taxable","42":"purchasable","43":"product-type-simple"},"_links":{"self":[{"href":"https:\/\/galicianparts.com\/shop\/wp-json\/wp\/v2\/product\/33365"}],"collection":[{"href":"https:\/\/galicianparts.com\/shop\/wp-json\/wp\/v2\/product"}],"about":[{"href":"https:\/\/galicianparts.com\/shop\/wp-json\/wp\/v2\/types\/product"}],"wp:featuredmedia":[{"embeddable":true,"href":"https:\/\/galicianparts.com\/shop\/wp-json\/wp\/v2\/media\/33366"}],"wp:attachment":[{"href":"https:\/\/galicianparts.com\/shop\/wp-json\/wp\/v2\/media?parent=33365"}],"wp:term":[{"taxonomy":"product_cat","embeddable":true,"href":"https:\/\/galicianparts.com\/shop\/wp-json\/wp\/v2\/product_cat?post=33365"},{"taxonomy":"product_tag","embeddable":true,"href":"https:\/\/galicianparts.com\/shop\/wp-json\/wp\/v2\/product_tag?post=33365"}],"curies":[{"name":"wp","href":"https:\/\/api.w.org\/{rel}","templated":true}]}}