{"id":33393,"date":"2021-10-05T12:00:08","date_gmt":"2021-10-05T10:00:08","guid":{"rendered":"https:\/\/galicianparts.com\/shop\/producto\/4129763-junta-tapa-distribucion-lancia-delta-evo-fiat-alfa-citroen-peugeot-nuevo-original\/"},"modified":"2023-06-12T18:50:33","modified_gmt":"2023-06-12T16:50:33","slug":"4129763-junta-tapa-distribucion-lancia-delta-evo-fiat-alfa-citroen-peugeot-nuevo-original","status":"publish","type":"product","link":"https:\/\/galicianparts.com\/shop\/producto\/4129763-junta-tapa-distribucion-lancia-delta-evo-fiat-alfa-citroen-peugeot-nuevo-original\/","title":{"rendered":"4129763 Junta tapa cig\u00fce\u00f1al Lancia Delta Evo \/ Fiat \/ Alfa \/ Citroen \/ Peugeot  NUEVO ORIGINAL"},"content":{"rendered":"<p>Junta de la tapa del c\u00e1rter del motor del lado de la correa de distribuc\u00f3n de:<br \/>\nFIAT Regata Berlina (1983-1995) 1.7 Di\u00e9sel 60, 1714 , 58 1.7 Di\u00e9sel 60, 1698 , 60 1.9 Di\u00e9sel 65, 1929 , 65 1.9 Turbodi\u00e9sel 80, 1929 , 80<br \/>\nFIAT Regata Weekend (1983-1995) 1.7 Di\u00e9sel 60, 1698 , 60 1.9 Di\u00e9sel 65, 1929 , 65<br \/>\nFIAT Ritmo I Cabrio (1979-1989) 1.6 100, 1585 , 105<br \/>\nFIAT Ritmo I Hatchback (1978-1988) 1.6 Sport 105, 1585 , 105 1.7 Di\u00e9sel 60, 1698 , 60 1.9 Turbodi\u00e9sel 80, 1929 , 80<br \/>\nFIAT 131 Berlina (1974-1987) 1.6, 1585 , 85 1.6, 1585 , 75 1.6 Super, 1585 , 97<br \/>\n1.6 Super Mirafiori, 1585 , 98<br \/>\nFIAT 131 Familiare \/ Panorama (1975-1984) 1.6, 1585 , 85 1.6 CL, 1585 , 75<br \/>\nFIAT Croma I Hatchback (1985-1996) 1.6, 1585 , 83 2.0 i.e. Turbo, 1995 , 155<br \/>\nFIAT Argenta (1977-1987) 1.6, 1585 , 98 1.6 i.e, 1585 , 90<br \/>\nFIAT Tempra Berlina (1990-1998) 1.8 i.e. 1756 , 105 1.9 D, 1929 , 65<br \/>\nFIAT Tempra S.W. (1990-1997) 1.8 i.e., 1756 , 105 1.9 D, 1929 , 65<br \/>\nFIAT Tipo Hatchback (1987-1997) 1.8 i.e., 1756 , 105 1.9 D, 1929 , 65 2.0 i.e. 16V Sport, 1995 , 139<br \/>\nFIAT Fiorino II Furg\u00f3n (1988-&#8230;) 60 1.7 D, 1698 , 60<br \/>\nFIAT Uno Hatchback (1983-2006) 1.7 Di\u00e9sel 60, 1698 , 60<br \/>\nFIAT 242-Serie Furg\u00f3n (1975-1982) 1.6, 1585 , 63<br \/>\nFIAT Brava Hatchback (1995-2003) 1.9 D, 1929 , 65<br \/>\nFIAT Bravo I Hatchback (1995-2001) 1.9 D, 1929 , 65<br \/>\nFIAT Duna Berlina (1987-1991) 1.7 DS, 1698 , 60<br \/>\nFIAT Duna Weekend (1987-2001) 1.7 DS, 1698 , 60<br \/>\nFIAT Coupe (1993-2000) 2.0 16V, 1995 , 139<br \/>\nFIAT 132 (1972-1982) 1.6, 1585 , 88 1.6, 1585 , 98 1.6, 1592 , 98<br \/>\nFIAT 242 Bus (1975-1982) 1.6, 1585 , 63<br \/>\nFIAT Fiorino II Pick-up (1988-2001) 1.7 D, 1698 , 60<br \/>\nFIAT Campagnola (1974-1989) 2.0, 1995 , 80<br \/>\nFIAT &#8211; XP ELBA CSL (1991-1996)<br \/>\nFIAT &#8211; XR MILLE 1697cc DS (1994-1995)<br \/>\nFIAT &#8211; XS MILLE CLIP 1697cc DS (1995-1997)<br \/>\nFIAT &#8211; 1X PALIO 2V EXTRA EUROPA 1697cc DS (1997-2002)<br \/>\nFIAT &#8211; 2H PALIO 2V EXTRA EUROPA REST. 2002 1697cc TB\/DS (2002-2011)<br \/>\nFIAT &#8211; 3D PALIO 2V REST.2 1697cc TB\/DS (2005-2011)<br \/>\nFIAT &#8211; 1Y PALIO WE EXTRA EUROPA 1697cc TB\/DS (1997-2002)<br \/>\nFIAT &#8211; 2K PALIO WE EXTRA EUROPA REST. 2002 1697cc TB\/DS (2002-2008)<br \/>\nFIAT &#8211; 3F PALIO WEEKEND REST.2 1697cc TB\/DS (2005-2009)<br \/>\nFIAT &#8211; PY PALIO\/WEEKEND EUROPA 1697cc TB\/DS (1997-2002)<br \/>\nFIAT &#8211; NX PUNTO D-TD (1993-1997)<br \/>\nFIAT &#8211; 1B PUNTO TB.DS. GAMMA&#8217;97 1697cc DS TB\/DS (1997-1999)<br \/>\nFIAT &#8211; 2A SIENA EXTRA EUROPA 1697cc DS TB\/DS (1997-2002)<br \/>\nFIAT &#8211; 2L SIENA EXTRA EUROPA REST. 1697cc TB\/DS (2002-2012)<br \/>\nFIAT &#8211; 3E SIENA REST.2 1697cc TB\/DS (2005-2011)<br \/>\nALFA ROMEO &#8211; U1 145 1930cc TB\/DS (1994-1996)<br \/>\nALFA ROMEO &#8211; T5 145 GAMMA 97 1930cc TB\/DS  (1997-1999)<br \/>\nALFA ROMEO &#8211; U2 146 1930cc TB\/DS  (1995-1996)<br \/>\nALFA ROMEO &#8211; T6 146 GAMMA 97 1930cc TB\/DS  (1997-1999)<br \/>\nALFA ROMEO &#8211; T4 155 GAMMA 96 1930cc TB\/DS  (1996-1997)<br \/>\nALFA ROMEO &#8211; U6 155 2000cc TB 4&#215;4 1930cc TB\/DS  (1992-1996)<br \/>\nALFA ROMEO &#8211; K2 164 2000cc 4Cil. TB (1987-1992)<br \/>\nLANCIA &#8211; RY DEDRA 1800cc 2000cc (1989-1994)<br \/>\nLANCIA &#8211; SL DEDRA FL.94 1750 8\/16V 2000 (1994-1999)<br \/>\nLANCIA &#8211; SM DEDRA FL.94 2000 16v (1994-1999)<br \/>\nLANCIA &#8211; SN DEDRA FL.94 T.DS (1994-1999)<br \/>\nLANCIA &#8211; RJ DEDRA IE.TB.INTEGRALE (1990-1994)<br \/>\nLANCIA &#8211; RZ DEDRA TURBO DIESEL (1989-1994)<br \/>\nLANCIA &#8211; RT DELTA 4WD (1986-1991)<br \/>\nLANCIA &#8211; SA DELTA EVOLUZIONE (1991-1994)<br \/>\nLANCIA &#8211; TB DELTA R.86 HF TURBO (1986-1992)<br \/>\nLANCIA &#8211; TB DELTA R.86 1600cc 1930cc TB\/DS (1986-1992)<br \/>\nLANCIA &#8211; SV KAPPA COUPE&#8217; 2000cc 16v TB (1997-2001)<br \/>\nLANCIA &#8211; SP KAPPA BZ 2000cc 16v TB (1994-2001)<br \/>\nLANCIA &#8211; SF N.DELTA 1800cc (1993-1999)<br \/>\nLANCIA &#8211; SG N.DELTA 2000cc 16v TB  (&#8217;93-&#8217;99)<br \/>\nLANCIA &#8211; SQ N.DELTA TB\/DS (1994-1999)<br \/>\nLANCIA &#8211; SZ THEMA 2000cc 8\/16v TB R.88 (1988-1992)<br \/>\nLANCIA &#8211; SE THEMA I.E. 8V FL.92 (1992-1994)<br \/>\nLANCIA &#8211; SB THEMA IE. 16V FL.92 (1992-1994)<br \/>\nFIAT PROFESSIONAL &#8211; PE DUCATO&#8217;94 1930cc DS TB\/DS (1994-2002)<br \/>\nFIAT PROFESSIONAL &#8211; 2M FIORINO 1697cc DS (1991-1993)<br \/>\nFIAT PROFESSIONAL &#8211; 3A FIORINO EXPORT 1697cc DS (2004-2008)<br \/>\nFIAT PROFESSIONAL &#8211; 2N FIORINO RL 1697cc DS TB\/DS (1993-2000)<br \/>\nFIAT PROFESSIONAL &#8211; NA NUOVO DUCATO DS.R.90 1930cc DS TB\/DS (1990-1994)<br \/>\nFIAT PROFESSIONAL &#8211; 1G STRADA 1697cc TB\/DS (1999-2005)<br \/>\nFIAT PROFESSIONAL &#8211; 3G STRADA REST. 2 1697cc TB\/DS (2005-2011)<br \/>\nFIAT PROFESSIONAL &#8211; NC TALENTO DS R.90 (1990-1994)<br \/>\nCITROEN &#8211; C25<br \/>\nCITROEN &#8211; JUMPER<br \/>\nPEUGEOT &#8211; EXPERT<br \/>\nPEUGEOT &#8211; J5<\/p>\n<p>LA PIEZA ES NUEVA Y ORIGINAL.<\/p>\n","protected":false},"excerpt":{"rendered":"<p>Junta de la tapa del c\u00e1rter del motor del lado de la correa de distribuc\u00f3n de: FIAT Regata Berlina (1983-1995) 1.7 Di\u00e9sel 60, 1714 , 58 1.7 Di\u00e9sel 60, 1698 , 60 1.9 Di\u00e9sel 65, 1929 , 65 1.9 Turbodi\u00e9sel 80, 1929 , 80 FIAT Regata Weekend (1983-1995) 1.7 Di\u00e9sel 60, 1698 , 60 1.9 [&hellip;]<\/p>\n","protected":false},"featured_media":74927,"template":"","meta":{"_seopress_robots_primary_cat":"","_seopress_titles_title":"","_seopress_titles_desc":"","_seopress_robots_index":""},"product_cat":[70,71,45,46,48,54,73,16,79,155,81,82,132,83,23,86,117,118,88,89,90,20,91,157,137,119,21,98,24,101,102,103,107,109,110,111,124,112,114],"product_tag":[],"class_list":{"0":"post-33393","1":"product","2":"type-product","3":"status-publish","4":"has-post-thumbnail","6":"product_cat-recambios-fiat-131","7":"product_cat-recambios-fiat-132","8":"product_cat-recambios-alfa-romeo-145","9":"product_cat-recambios-alfa-romeo-146","10":"product_cat-recambios-alfa-romeo-155","11":"product_cat-recambios-alfa-romeo-164","12":"product_cat-recambios-fiat-242","13":"product_cat-recambios-alfa-romeo","14":"product_cat-recambios-fiat-argenta","15":"product_cat-recambios-peugeot-boxer","16":"product_cat-recambios-fiat-brava","17":"product_cat-recambios-fiat-bravo","18":"product_cat-recambios-citroen-c25","19":"product_cat-recambios-fiat-campagnola","20":"product_cat-recambios-citroen","21":"product_cat-recambios-fiat-croma","22":"product_cat-recambios-lancia-dedra","23":"product_cat-recambios-lancia-delta","24":"product_cat-recambios-fiat-ducato","25":"product_cat-recambios-fiat-duna","26":"product_cat-recambios-fiat-elba","27":"product_cat-recambios-fiat","28":"product_cat-recambios-fiat-fiorino","29":"product_cat-recambios-peugeot-j5","30":"product_cat-recambios-citroen-jumper","31":"product_cat-recambios-lancia-kappa","32":"product_cat-recambios-lancia","33":"product_cat-recambios-fiat-palio","34":"product_cat-recambios-peugeot","35":"product_cat-recambios-fiat-punto","36":"product_cat-recambios-fiat-regata","37":"product_cat-recambios-fiat-ritmo","38":"product_cat-recambios-fiat-siena","39":"product_cat-recambios-fiat-strada","40":"product_cat-recambios-fiat-talento","41":"product_cat-recambios-fiat-tempra","42":"product_cat-recambios-lancia-thema","43":"product_cat-recambios-fiat-tipo","44":"product_cat-recambios-fiat-uno","46":"first","47":"outofstock","48":"taxable","49":"shipping-taxable","50":"purchasable","51":"product-type-simple"},"_links":{"self":[{"href":"https:\/\/galicianparts.com\/shop\/wp-json\/wp\/v2\/product\/33393"}],"collection":[{"href":"https:\/\/galicianparts.com\/shop\/wp-json\/wp\/v2\/product"}],"about":[{"href":"https:\/\/galicianparts.com\/shop\/wp-json\/wp\/v2\/types\/product"}],"wp:featuredmedia":[{"embeddable":true,"href":"https:\/\/galicianparts.com\/shop\/wp-json\/wp\/v2\/media\/74927"}],"wp:attachment":[{"href":"https:\/\/galicianparts.com\/shop\/wp-json\/wp\/v2\/media?parent=33393"}],"wp:term":[{"taxonomy":"product_cat","embeddable":true,"href":"https:\/\/galicianparts.com\/shop\/wp-json\/wp\/v2\/product_cat?post=33393"},{"taxonomy":"product_tag","embeddable":true,"href":"https:\/\/galicianparts.com\/shop\/wp-json\/wp\/v2\/product_tag?post=33393"}],"curies":[{"name":"wp","href":"https:\/\/api.w.org\/{rel}","templated":true}]}}