{"id":33416,"date":"2021-10-05T13:28:49","date_gmt":"2021-10-05T11:28:49","guid":{"rendered":"https:\/\/galicianparts.com\/shop\/producto\/46769142-manguito-electrovalvula-egr-fiat-bravo-marea-alfa-145-146-156-nuevo-original\/"},"modified":"2021-10-05T13:30:21","modified_gmt":"2021-10-05T11:30:21","slug":"46769142-manguito-electrovalvula-egr-fiat-bravo-marea-alfa-145-146-156-nuevo-original","status":"publish","type":"product","link":"https:\/\/galicianparts.com\/shop\/producto\/46769142-manguito-electrovalvula-egr-fiat-bravo-marea-alfa-145-146-156-nuevo-original\/","title":{"rendered":"46769142 Manguito electrov\u00e1lvula EGR Fiat Bravo \/ Marea \/ Alfa 145 \/ 146 \/ 156 NUEVO ORIGINAL"},"content":{"rendered":"<p>Tubo, manguito de la electrov\u00e1lvula de la EGR de de los modelos con motor 1910cc JTD:<br \/>\nLargo: 157mm<br \/>\nDi\u00e1metro interior: 4mm<br \/>\nDi\u00e1metro exterior: 9mm <\/p>\n<p>FIAT &#8211; 1M BRAVA G.98 (1998-2001)<br \/>\nFIAT &#8211; 1L BRAVO G.98 (1998-2001)<br \/>\nFIAT &#8211; 1R MAREA DS GAMMA&#8217;99 (1999-2002)<br \/>\nALFA ROMEO &#8211; W3 145 M.Y. &#8217;99 (1999-2000)<br \/>\nALFA ROMEO &#8211; W4 146 M.Y. &#8217;99 (1999-2000)<br \/>\nALFA ROMEO &#8211; T8 156 (1997-2002)<\/p>\n<p>LA PIEZA ES NUEVA Y ORIGINAL.<\/p>\n","protected":false},"excerpt":{"rendered":"<p>Tubo, manguito de la electrov\u00e1lvula de la EGR de de los modelos con motor 1910cc JTD: Largo: 157mm Di\u00e1metro interior: 4mm Di\u00e1metro exterior: 9mm FIAT &#8211; 1M BRAVA G.98 (1998-2001) FIAT &#8211; 1L BRAVO G.98 (1998-2001) FIAT &#8211; 1R MAREA DS GAMMA&#8217;99 (1999-2002) ALFA ROMEO &#8211; W3 145 M.Y. &#8217;99 (1999-2000) ALFA ROMEO &#8211; W4 [&hellip;]<\/p>\n","protected":false},"featured_media":33417,"template":"","meta":{"_seopress_robots_primary_cat":"","_seopress_titles_title":"","_seopress_titles_desc":"","_seopress_robots_index":""},"product_cat":[45,46,49,16,81,82,20,95],"product_tag":[],"class_list":{"0":"post-33416","1":"product","2":"type-product","3":"status-publish","4":"has-post-thumbnail","6":"product_cat-recambios-alfa-romeo-145","7":"product_cat-recambios-alfa-romeo-146","8":"product_cat-recambios-alfa-romeo-156","9":"product_cat-recambios-alfa-romeo","10":"product_cat-recambios-fiat-brava","11":"product_cat-recambios-fiat-bravo","12":"product_cat-recambios-fiat","13":"product_cat-recambios-fiat-marea","15":"first","16":"instock","17":"taxable","18":"shipping-taxable","19":"purchasable","20":"product-type-simple"},"_links":{"self":[{"href":"https:\/\/galicianparts.com\/shop\/wp-json\/wp\/v2\/product\/33416"}],"collection":[{"href":"https:\/\/galicianparts.com\/shop\/wp-json\/wp\/v2\/product"}],"about":[{"href":"https:\/\/galicianparts.com\/shop\/wp-json\/wp\/v2\/types\/product"}],"wp:featuredmedia":[{"embeddable":true,"href":"https:\/\/galicianparts.com\/shop\/wp-json\/wp\/v2\/media\/33417"}],"wp:attachment":[{"href":"https:\/\/galicianparts.com\/shop\/wp-json\/wp\/v2\/media?parent=33416"}],"wp:term":[{"taxonomy":"product_cat","embeddable":true,"href":"https:\/\/galicianparts.com\/shop\/wp-json\/wp\/v2\/product_cat?post=33416"},{"taxonomy":"product_tag","embeddable":true,"href":"https:\/\/galicianparts.com\/shop\/wp-json\/wp\/v2\/product_tag?post=33416"}],"curies":[{"name":"wp","href":"https:\/\/api.w.org\/{rel}","templated":true}]}}