{"id":33789,"date":"2021-10-13T12:29:45","date_gmt":"2021-10-13T10:29:45","guid":{"rendered":"https:\/\/galicianparts.com\/shop\/producto\/77362717-polea-alternador-m1-3-jtd-fiat-lancia-alfa-romeo-nuevo-original\/"},"modified":"2021-10-19T12:34:23","modified_gmt":"2021-10-19T10:34:23","slug":"77362717-polea-alternador-m1-3-jtd-fiat-lancia-alfa-romeo-nuevo-original","status":"publish","type":"product","link":"https:\/\/galicianparts.com\/shop\/producto\/77362717-polea-alternador-m1-3-jtd-fiat-lancia-alfa-romeo-nuevo-original\/","title":{"rendered":"77362717 Polea alternador M1.3 JTD Fiat \/ Lancia \/ Alfa Romeo NUEVO ORIGINAL"},"content":{"rendered":"<p>Polea del alternador de:<br \/>\nFIAT &#8211; 73 500L 1300CC JTD (2012-&#8230;.)<br \/>\nFIAT &#8211; 3P NUOVA 500 (2007-2012)<br \/>\nFIAT Strada Pick-up (178) (A\u00f1o 02.1998 &#8211; &#8230;)<br \/>\n1.3 D Multijet, A\u00f1o 05.2006 &#8211; &#8230;, 1248 , 85<br \/>\nFIAT Punto II Hatchback (188) (A\u00f1o 09.1999 &#8211; 07.2012)<br \/>\n1.3 JTD 16V, A\u00f1o 06.2003 &#8211; 03.2012, 1248 , 70<br \/>\nFIAT Doblo I Familiar (119, 223) (A\u00f1o 03.2001 &#8211; &#8230;)<br \/>\n1.4, A\u00f1o 10.2005 &#8211; &#8230;, 1368 , 77<br \/>\nFIAT Doblo I Cargo (223) (A\u00f1o 11.2000 &#8211; &#8230;)<br \/>\n1.3 D Multijet, A\u00f1o 10.2005 &#8211; 01.2010, 1248 , 75<br \/>\n1.3 JTD 16V, A\u00f1o 05.2004 &#8211; 12.2006, 1248 , 70<br \/>\n1.3 JTD 16V Multijet, A\u00f1o 08.2006 &#8211; &#8230;, 1248 , 84<br \/>\nFIAT Panda II Hatchback (169) (A\u00f1o 09.2003 &#8211; &#8230;)<br \/>\n1.3 D Multijet, A\u00f1o 06.2006 &#8211; 08.2013, 1248 , 75<br \/>\nFIAT Idea (350) (A\u00f1o 12.2003 &#8211; &#8230;)<br \/>\n1.3 D Multijet, A\u00f1o 01.2004 &#8211; &#8230;, 1248 , 70<br \/>\n1.3 D Multijet, A\u00f1o 10.2005 &#8211; &#8230;, 1248 , 90<br \/>\nFIAT Grande Punto Hatchback (199) (A\u00f1o 10.2005 &#8211; &#8230;)<br \/>\n1.3 D Multijet, A\u00f1o 10.2005 &#8211; &#8230;, 1248 , 75<br \/>\nFIAT Linea (323, 110) (A\u00f1o 06.2007 &#8211; &#8230;)<br \/>\n1.3 D Multijet, A\u00f1o 06.2007 &#8211; &#8230;, 1248 , 90<br \/>\nFIAT Fiorino III Furg\u00f3n \/ Familiar (225) (A\u00f1o 01.2007 &#8211; &#8230;)<br \/>\n1.3 D Multijet, A\u00f1o 11.2007 &#8211; &#8230;, 1248 , 75<br \/>\nALFA ROMEO &#8211; X6 ALFA MITO 1300cc JTD (2008-2011)<br \/>\nALFA ROMEO &#8211; QZ MITO MY2011 (2011-2013)<br \/>\nLANCIA Ypsilon II (843) (A\u00f1o 10.2003 &#8211; 12.2011)<br \/>\n1.3 D Multijet, A\u00f1o 09.2006 &#8211; 12.2011, 1248 , 75<br \/>\n1.3 D Multijet, A\u00f1o 09.2006 &#8211; 12.2011, 1248 , 90<br \/>\n1.3 D Multijet, A\u00f1o 05.2007 &#8211; 12.2011, 1248 , 105<br \/>\n1.3 JTD, A\u00f1o 10.2003 &#8211; 12.2011, 1248 , 70<br \/>\nLANCIA Musa (350) (A\u00f1o 10.2004 &#8211; 09.2012)<br \/>\n1.3 D Multijet, A\u00f1o 10.2004 &#8211; 09.2012, 1248 , 70<br \/>\n1.3 D Multijet, A\u00f1o 09.2006 &#8211; 09.2012, 1248 , 90<\/p>\n<p> LA PIEZA ES NUEVA Y ORIGINAL.<\/p>\n","protected":false},"excerpt":{"rendered":"<p>Polea del alternador de: FIAT &#8211; 73 500L 1300CC JTD (2012-&#8230;.) FIAT &#8211; 3P NUOVA 500 (2007-2012) FIAT Strada Pick-up (178) (A\u00f1o 02.1998 &#8211; &#8230;) 1.3 D Multijet, A\u00f1o 05.2006 &#8211; &#8230;, 1248 , 85 FIAT Punto II Hatchback (188) (A\u00f1o 09.1999 &#8211; 07.2012) 1.3 JTD 16V, A\u00f1o 06.2003 &#8211; 03.2012, 1248 , 70 FIAT [&hellip;]<\/p>\n","protected":false},"featured_media":33790,"template":"","meta":{"_seopress_robots_primary_cat":"","_seopress_titles_title":"","_seopress_titles_desc":"","_seopress_robots_index":""},"product_cat":[74,16,87,20,91,92,93,21,94,47,121,99,101,109,127],"product_tag":[],"class_list":{"0":"post-33789","1":"product","2":"type-product","3":"status-publish","4":"has-post-thumbnail","6":"product_cat-recambios-fiat-500","7":"product_cat-recambios-alfa-romeo","8":"product_cat-recambios-fiat-doblo","9":"product_cat-recambios-fiat","10":"product_cat-recambios-fiat-fiorino","11":"product_cat-recambios-fiat-grande-punto","12":"product_cat-recambios-fiat-idea","13":"product_cat-recambios-lancia","14":"product_cat-recambios-fiat-linea","15":"product_cat-recambios-alfa-romeo-mito","16":"product_cat-recambios-lancia-musa","17":"product_cat-recambios-fiat-panda","18":"product_cat-recambios-fiat-punto","19":"product_cat-recambios-fiat-strada","20":"product_cat-recambios-lancia-ypsilon","22":"first","23":"instock","24":"taxable","25":"shipping-taxable","26":"purchasable","27":"product-type-simple"},"_links":{"self":[{"href":"https:\/\/galicianparts.com\/shop\/wp-json\/wp\/v2\/product\/33789"}],"collection":[{"href":"https:\/\/galicianparts.com\/shop\/wp-json\/wp\/v2\/product"}],"about":[{"href":"https:\/\/galicianparts.com\/shop\/wp-json\/wp\/v2\/types\/product"}],"wp:featuredmedia":[{"embeddable":true,"href":"https:\/\/galicianparts.com\/shop\/wp-json\/wp\/v2\/media\/33790"}],"wp:attachment":[{"href":"https:\/\/galicianparts.com\/shop\/wp-json\/wp\/v2\/media?parent=33789"}],"wp:term":[{"taxonomy":"product_cat","embeddable":true,"href":"https:\/\/galicianparts.com\/shop\/wp-json\/wp\/v2\/product_cat?post=33789"},{"taxonomy":"product_tag","embeddable":true,"href":"https:\/\/galicianparts.com\/shop\/wp-json\/wp\/v2\/product_tag?post=33789"}],"curies":[{"name":"wp","href":"https:\/\/api.w.org\/{rel}","templated":true}]}}